{"id":714208,"date":"2025-08-27T17:16:04","date_gmt":"2025-08-27T14:16:04","guid":{"rendered":"https:\/\/roveyayinevi.com.tr\/index.php\/urun\/dil-irkciligi\/"},"modified":"2026-04-16T02:22:44","modified_gmt":"2026-04-15T23:22:44","slug":"dil-irkciligi","status":"publish","type":"product","link":"https:\/\/roveyayinevi.com.tr\/index.php\/urun\/dil-irkciligi\/","title":{"rendered":"Dil Irk\u00e7\u0131l\u0131\u011f\u0131"},"content":{"rendered":"<p>Bu antoloji, 2013 ve 2014 y\u0131llar\u0131nda ilk uygulamada be\u015f ve ikinci uygulamada d\u00f6rt \u00fclkeden gelen \u00f6\u011fretim g\u00f6revlisi ve \u00f6\u011frencilerin kat\u0131ld\u0131\u011f\u0131 iki ERASMUS projesininin sonucu olan analizleri ve yans\u0131malar\u0131 i\u00e7ermektedir. Katk\u0131lar, \u015fimdiye dek ele al\u0131nmam\u0131\u015f konular da dahil olmak \u00fczere dil(ler), e\u011fitim ve g\u00fc\u04ab konular\u0131na odaklanmaktad\u0131r. Metinler Almanca, \u0130ngilizce ve T\u00fcrk\u04abe yaz\u0131lm\u0131\u015ft\u0131r, ancak her metnin her \u00fc\u04ab dilde versiyonu bulunmamaktad\u0131r. <\/p>\n","protected":false},"excerpt":{"rendered":"<p>Bu antoloji, 2013 ve 2014 y\u0131llar\u0131nda ilk uygulamada be\u015f ve ikinci uygulamada d\u00f6rt \u00fclkeden gelen \u00f6\u011fretim g\u00f6revlisi ve \u00f6\u011frencilerin kat\u0131ld\u0131\u011f\u0131 iki ERASMUS projesininin sonucu olan analizleri<span class=\"excerpt-hellip\"> [\u2026]<\/span><\/p>\n","protected":false},"featured_media":0,"template":"","meta":{"_monsterinsights_skip_tracking":false,"_monsterinsights_sitenote_active":false,"_monsterinsights_sitenote_note":"","_monsterinsights_sitenote_category":0},"product_brand":[],"product_cat":[14597,12566],"product_tag":[],"class_list":{"0":"post-714208","1":"product","2":"type-product","3":"status-publish","5":"product_cat-dil-ogrenimi","6":"product_cat-egitim","7":"pa_cilt-ciltsiz","8":"pa_tur-kitap","9":"pa_yayinevi-yeni-insan-yayinlari","10":"pa_yazar-kollektif","12":"first","13":"instock","14":"sale","15":"shipping-taxable","16":"purchasable","17":"product-type-simple"},"_links":{"self":[{"href":"https:\/\/roveyayinevi.com.tr\/index.php\/wp-json\/wp\/v2\/product\/714208","targetHints":{"allow":["GET"]}}],"collection":[{"href":"https:\/\/roveyayinevi.com.tr\/index.php\/wp-json\/wp\/v2\/product"}],"about":[{"href":"https:\/\/roveyayinevi.com.tr\/index.php\/wp-json\/wp\/v2\/types\/product"}],"wp:attachment":[{"href":"https:\/\/roveyayinevi.com.tr\/index.php\/wp-json\/wp\/v2\/media?parent=714208"}],"wp:term":[{"taxonomy":"product_brand","embeddable":true,"href":"https:\/\/roveyayinevi.com.tr\/index.php\/wp-json\/wp\/v2\/product_brand?post=714208"},{"taxonomy":"product_cat","embeddable":true,"href":"https:\/\/roveyayinevi.com.tr\/index.php\/wp-json\/wp\/v2\/product_cat?post=714208"},{"taxonomy":"product_tag","embeddable":true,"href":"https:\/\/roveyayinevi.com.tr\/index.php\/wp-json\/wp\/v2\/product_tag?post=714208"}],"curies":[{"name":"wp","href":"https:\/\/api.w.org\/{rel}","templated":true}]}}