{"id":714205,"date":"2025-08-27T17:16:03","date_gmt":"2025-08-27T14:16:03","guid":{"rendered":"https:\/\/roveyayinevi.com.tr\/index.php\/urun\/fasizm-uzerine-dersler\/"},"modified":"2026-04-16T02:22:44","modified_gmt":"2026-04-15T23:22:44","slug":"fasizm-uzerine-dersler","status":"publish","type":"product","link":"https:\/\/roveyayinevi.com.tr\/index.php\/urun\/fasizm-uzerine-dersler\/","title":{"rendered":"Fa\u015fizm \u00dczerine Dersler"},"content":{"rendered":"<p>Palmiro Togliatti uzun y\u0131llar \u0130talyan Kom\u00fcnist Partisi&#8217;nin Genel Sekreterli\u011fini yapm\u0131\u015ft\u0131r. Kendisinden \u00f6nceki Parti Genel Sekreteri Antonio Garmsci&#8217;nin izleyicisi ve \u00f6\u011frencisi olarak, \u0130talyan Kom\u00fcnist Partisi&#8217;ni Bat\u0131&#8217;n\u0131n en b\u00fcy\u00fck y\u0131\u011f\u0131n kom\u00fcnist partisi yapan politikalar\u0131n bi\u00e7imlendirilmesine herkesten \u00e7ok katk\u0131da bulunmu\u015ftur. Palmiro Togliatti, \u0130talya&#8217;da fa\u015fizmin h\u00fck\u00fcn s\u00fcrd\u00fc\u011f\u00fc y\u0131llarda s\u00fcrg\u00fcnde ya\u015fam\u0131\u015ft\u0131r. &#8220;Ercoli&#8221; takma ad\u0131yla, Kom\u00fcnist Enternasyonel&#8217;in Y\u00fcr\u00fctme Komitesi&#8217;nde \u0130talyan Kom\u00fcnist Partisi&#8217;ni temsil eden Togliatti, bu g\u00f6revini yerine getirirken, 1930&#8217;larda fa\u015fizme kar\u015f\u0131 uluslararas\u0131 birle\u015fik cephe politikas\u0131n\u0131n ba\u015fl\u0131ca mimarlar\u0131ndan biri olmu\u015ftur. \ufffcTan\u0131t\u0131m Metni<\/p>\n","protected":false},"excerpt":{"rendered":"<p>Palmiro Togliatti uzun y\u0131llar \u0130talyan Kom\u00fcnist Partisi&#8217;nin Genel Sekreterli\u011fini yapm\u0131\u015ft\u0131r. Kendisinden \u00f6nceki Parti Genel Sekreteri Antonio Garmsci&#8217;nin izleyicisi ve \u00f6\u011frencisi olarak, \u0130talyan Kom\u00fcnist Partisi&#8217;ni Bat\u0131&#8217;n\u0131n en<span class=\"excerpt-hellip\"> [\u2026]<\/span><\/p>\n","protected":false},"featured_media":0,"template":"","meta":{"_monsterinsights_skip_tracking":false,"_monsterinsights_sitenote_active":false,"_monsterinsights_sitenote_note":"","_monsterinsights_sitenote_category":0},"product_brand":[],"product_cat":[13590,12337],"product_tag":[],"class_list":{"0":"post-714205","1":"product","2":"type-product","3":"status-publish","5":"product_cat-arastirma-inceleme-politika-siyaset","6":"product_cat-politika-siyaset","7":"pa_cilt-ciltsiz","8":"pa_tur-kitap","9":"pa_yayinevi-bilim-ve-sosyalizm-yayinlari","10":"pa_yazar-palmiro-togliatti","12":"first","13":"instock","14":"sale","15":"shipping-taxable","16":"purchasable","17":"product-type-simple"},"_links":{"self":[{"href":"https:\/\/roveyayinevi.com.tr\/index.php\/wp-json\/wp\/v2\/product\/714205","targetHints":{"allow":["GET"]}}],"collection":[{"href":"https:\/\/roveyayinevi.com.tr\/index.php\/wp-json\/wp\/v2\/product"}],"about":[{"href":"https:\/\/roveyayinevi.com.tr\/index.php\/wp-json\/wp\/v2\/types\/product"}],"wp:attachment":[{"href":"https:\/\/roveyayinevi.com.tr\/index.php\/wp-json\/wp\/v2\/media?parent=714205"}],"wp:term":[{"taxonomy":"product_brand","embeddable":true,"href":"https:\/\/roveyayinevi.com.tr\/index.php\/wp-json\/wp\/v2\/product_brand?post=714205"},{"taxonomy":"product_cat","embeddable":true,"href":"https:\/\/roveyayinevi.com.tr\/index.php\/wp-json\/wp\/v2\/product_cat?post=714205"},{"taxonomy":"product_tag","embeddable":true,"href":"https:\/\/roveyayinevi.com.tr\/index.php\/wp-json\/wp\/v2\/product_tag?post=714205"}],"curies":[{"name":"wp","href":"https:\/\/api.w.org\/{rel}","templated":true}]}}