{"id":714204,"date":"2025-08-27T17:16:02","date_gmt":"2025-08-27T14:16:02","guid":{"rendered":"https:\/\/roveyayinevi.com.tr\/index.php\/urun\/butun-ulkelerin-iscileri-birlesiniz\/"},"modified":"2026-04-16T02:22:44","modified_gmt":"2026-04-15T23:22:44","slug":"butun-ulkelerin-iscileri-birlesiniz","status":"publish","type":"product","link":"https:\/\/roveyayinevi.com.tr\/index.php\/urun\/butun-ulkelerin-iscileri-birlesiniz\/","title":{"rendered":"B\u00fct\u00fcn \u00dclkelerin \u0130\u015f\u00e7ileri Birle\u015finiz!"},"content":{"rendered":"<p>D\u00fcnya kom\u00fcnist hareketini olu\u015fturan partiler aras\u0131ndaki enternasyonal dayan\u0131\u015fman\u0131n neden yok olup gitti\u011fini, sosyalist kamp\u0131n nas\u0131l par\u00e7aland\u0131\u011f\u0131n\u0131, Sovyetler Birli\u011fi&#8217;nin ni\u00e7in da\u011f\u0131ld\u0131\u011f\u0131n\u0131, Sovyetler Birli\u011fi&#8217;nde ve Do\u011fu Avrupa \u00fclkelerinde kom\u00fcnist partilerinin ni\u00e7in y\u0131k\u0131ld\u0131\u011f\u0131n\u0131, nas\u0131l bir s\u00fcrecin sonunda bu y\u0131k\u0131l\u0131\u015fa gelindi\u011fini anlamaya \u00e7al\u0131\u015f\u0131rken, y\u00fczy\u0131l\u0131m\u0131z\u0131n bu b\u00fcy\u00fck olgusunun geli\u015fme s\u00fcrecinde \u00f6nemli yer tutan ve olgunun \u00e7\u00f6z\u00fcmlenmesinde bize zengin bir kaynak olu\u015fturan tarihsel belgelere e\u011filmek ka\u00e7\u0131n\u0131lmaz olacakt\u0131r. \ufffcTan\u0131t\u0131m Metni<\/p>\n","protected":false},"excerpt":{"rendered":"<p>D\u00fcnya kom\u00fcnist hareketini olu\u015fturan partiler aras\u0131ndaki enternasyonal dayan\u0131\u015fman\u0131n neden yok olup gitti\u011fini, sosyalist kamp\u0131n nas\u0131l par\u00e7aland\u0131\u011f\u0131n\u0131, Sovyetler Birli\u011fi&#8217;nin ni\u00e7in da\u011f\u0131ld\u0131\u011f\u0131n\u0131, Sovyetler Birli\u011fi&#8217;nde ve Do\u011fu Avrupa \u00fclkelerinde<span class=\"excerpt-hellip\"> [\u2026]<\/span><\/p>\n","protected":false},"featured_media":0,"template":"","meta":{"_monsterinsights_skip_tracking":false,"_monsterinsights_sitenote_active":false,"_monsterinsights_sitenote_note":"","_monsterinsights_sitenote_category":0},"product_brand":[],"product_cat":[13590,12337],"product_tag":[],"class_list":{"0":"post-714204","1":"product","2":"type-product","3":"status-publish","5":"product_cat-arastirma-inceleme-politika-siyaset","6":"product_cat-politika-siyaset","7":"pa_cilt-ciltsiz","8":"pa_tur-kitap","9":"pa_yayinevi-bilim-ve-sosyalizm-yayinlari","10":"pa_yazar-kollektif","12":"first","13":"instock","14":"sale","15":"shipping-taxable","16":"purchasable","17":"product-type-simple"},"_links":{"self":[{"href":"https:\/\/roveyayinevi.com.tr\/index.php\/wp-json\/wp\/v2\/product\/714204","targetHints":{"allow":["GET"]}}],"collection":[{"href":"https:\/\/roveyayinevi.com.tr\/index.php\/wp-json\/wp\/v2\/product"}],"about":[{"href":"https:\/\/roveyayinevi.com.tr\/index.php\/wp-json\/wp\/v2\/types\/product"}],"wp:attachment":[{"href":"https:\/\/roveyayinevi.com.tr\/index.php\/wp-json\/wp\/v2\/media?parent=714204"}],"wp:term":[{"taxonomy":"product_brand","embeddable":true,"href":"https:\/\/roveyayinevi.com.tr\/index.php\/wp-json\/wp\/v2\/product_brand?post=714204"},{"taxonomy":"product_cat","embeddable":true,"href":"https:\/\/roveyayinevi.com.tr\/index.php\/wp-json\/wp\/v2\/product_cat?post=714204"},{"taxonomy":"product_tag","embeddable":true,"href":"https:\/\/roveyayinevi.com.tr\/index.php\/wp-json\/wp\/v2\/product_tag?post=714204"}],"curies":[{"name":"wp","href":"https:\/\/api.w.org\/{rel}","templated":true}]}}