{"id":714201,"date":"2025-08-27T17:16:01","date_gmt":"2025-08-27T14:16:01","guid":{"rendered":"https:\/\/roveyayinevi.com.tr\/index.php\/urun\/komunist-manifesto-ve-turkiyedeki-oykusu\/"},"modified":"2026-04-16T02:22:44","modified_gmt":"2026-04-15T23:22:44","slug":"komunist-manifesto-ve-turkiyedeki-oykusu","status":"publish","type":"product","link":"https:\/\/roveyayinevi.com.tr\/index.php\/urun\/komunist-manifesto-ve-turkiyedeki-oykusu\/","title":{"rendered":"Kom\u00fcnist Manifesto ve T\u00fcrkiye&#8217;deki \u00d6yk\u00fcs\u00fc"},"content":{"rendered":"<p>Kom\u00fcnist Partisi Manifestosu`nun bu 9. bask\u0131s\u0131, ayr\u0131ca tarihe d\u00fc\u015f\u00fclen bir not olarak, &#8220;Kom\u00fcnist Manifesto`nun T\u00fcrkiye`deki \u00d6yk\u00fcs\u00fc&#8221; b\u00f6l\u00fcm\u00fcn\u00fc i\u00e7eriyor. &#8220;Bu yap\u0131t, yeni d\u00fcnya g\u00f6r\u00fc\u015f\u00fcn\u00fc, sosyal ya\u015fam\u0131 ve en kapsaml\u0131 ve derin geli\u015fme doktrini olarak diyalekti\u011fi de i\u00e7eren tutarl\u0131 materyalizmi, s\u0131n\u0131f sava\u015f\u0131m\u0131n\u0131n teorisini ve yeni, kom\u00fcnist bir toplumun yarat\u0131c\u0131s\u0131 proletaryan\u0131n d\u00fcnya tarihi \u00f6l\u00e7\u00fcs\u00fcnde devrimci rol\u00fcn\u00fc dehan\u0131n a\u00e7\u0131kl\u0131\u011f\u0131 ve parlakl\u0131\u011f\u0131yla \u00f6zetlemektedir.&#8221; -Lenin- \ufffcTan\u0131t\u0131m Metni<\/p>\n","protected":false},"excerpt":{"rendered":"<p>Kom\u00fcnist Partisi Manifestosu`nun bu 9. bask\u0131s\u0131, ayr\u0131ca tarihe d\u00fc\u015f\u00fclen bir not olarak, &#8220;Kom\u00fcnist Manifesto`nun T\u00fcrkiye`deki \u00d6yk\u00fcs\u00fc&#8221; b\u00f6l\u00fcm\u00fcn\u00fc i\u00e7eriyor. &#8220;Bu yap\u0131t, yeni d\u00fcnya g\u00f6r\u00fc\u015f\u00fcn\u00fc, sosyal ya\u015fam\u0131 ve<span class=\"excerpt-hellip\"> [\u2026]<\/span><\/p>\n","protected":false},"featured_media":0,"template":"","meta":{"_monsterinsights_skip_tracking":false,"_monsterinsights_sitenote_active":false,"_monsterinsights_sitenote_note":"","_monsterinsights_sitenote_category":0},"product_brand":[],"product_cat":[13590,12337],"product_tag":[],"class_list":{"0":"post-714201","1":"product","2":"type-product","3":"status-publish","5":"product_cat-arastirma-inceleme-politika-siyaset","6":"product_cat-politika-siyaset","7":"pa_cilt-ciltsiz","8":"pa_tur-kitap","9":"pa_yayinevi-bilim-ve-sosyalizm-yayinlari","10":"pa_yazar-friedrich-engels-karl-marx","12":"first","13":"instock","14":"sale","15":"shipping-taxable","16":"purchasable","17":"product-type-simple"},"_links":{"self":[{"href":"https:\/\/roveyayinevi.com.tr\/index.php\/wp-json\/wp\/v2\/product\/714201","targetHints":{"allow":["GET"]}}],"collection":[{"href":"https:\/\/roveyayinevi.com.tr\/index.php\/wp-json\/wp\/v2\/product"}],"about":[{"href":"https:\/\/roveyayinevi.com.tr\/index.php\/wp-json\/wp\/v2\/types\/product"}],"wp:attachment":[{"href":"https:\/\/roveyayinevi.com.tr\/index.php\/wp-json\/wp\/v2\/media?parent=714201"}],"wp:term":[{"taxonomy":"product_brand","embeddable":true,"href":"https:\/\/roveyayinevi.com.tr\/index.php\/wp-json\/wp\/v2\/product_brand?post=714201"},{"taxonomy":"product_cat","embeddable":true,"href":"https:\/\/roveyayinevi.com.tr\/index.php\/wp-json\/wp\/v2\/product_cat?post=714201"},{"taxonomy":"product_tag","embeddable":true,"href":"https:\/\/roveyayinevi.com.tr\/index.php\/wp-json\/wp\/v2\/product_tag?post=714201"}],"curies":[{"name":"wp","href":"https:\/\/api.w.org\/{rel}","templated":true}]}}