{"id":714176,"date":"2025-08-27T17:15:49","date_gmt":"2025-08-27T14:15:49","guid":{"rendered":"https:\/\/roveyayinevi.com.tr\/index.php\/urun\/sosyalizmin-insasinda-sorunlar\/"},"modified":"2026-04-16T02:22:44","modified_gmt":"2026-04-15T23:22:44","slug":"sosyalizmin-insasinda-sorunlar","status":"publish","type":"product","link":"https:\/\/roveyayinevi.com.tr\/index.php\/urun\/sosyalizmin-insasinda-sorunlar\/","title":{"rendered":"Sosyalizmin \u0130n\u015fas\u0131nda Sorunlar"},"content":{"rendered":"<p>Bu kitap, sosyalizm ve kom\u00fcnizmin in\u015fas\u0131n\u0131 i\u00e7eren sorunlara ili\u015fkin Lenin\u2019in t\u00fcm \u00e7al\u0131\u015fmalar\u0131n\u0131 kapsam\u0131yor, ama yaln\u0131zca konu hakk\u0131nda son savlar\u0131yla yarg\u0131lar\u0131n\u0131 toparlad\u0131\u011f\u0131 sosyalizmi in\u015fa etme g\u00f6revinin, se\u00e7ilecek yollar\u0131n ve uygulanmas\u0131 gereken y\u00f6ntemlerin tasla\u011f\u0131n\u0131 \u00e7izdi\u011fi onun son s\u00f6ylevlerini, yaz\u0131lar\u0131n\u0131 ve yazd\u0131rd\u0131\u011f\u0131 notlar\u0131 i\u00e7eriyor.Bu kitapta yer alan \u00e7al\u0131\u015fmalar Lenin\u2019in S.S.C.B.\u2019de sosyalizmi ve kom\u00fcnizmi in\u015fa etme plan\u0131n\u0131n bir sunumunu olu\u015fturmaktad\u0131r. <\/p>\n","protected":false},"excerpt":{"rendered":"<p>Bu kitap, sosyalizm ve kom\u00fcnizmin in\u015fas\u0131n\u0131 i\u00e7eren sorunlara ili\u015fkin Lenin\u2019in t\u00fcm \u00e7al\u0131\u015fmalar\u0131n\u0131 kapsam\u0131yor, ama yaln\u0131zca konu hakk\u0131nda son savlar\u0131yla yarg\u0131lar\u0131n\u0131 toparlad\u0131\u011f\u0131 sosyalizmi in\u015fa etme g\u00f6revinin, se\u00e7ilecek<span class=\"excerpt-hellip\"> [\u2026]<\/span><\/p>\n","protected":false},"featured_media":0,"template":"","meta":{"_monsterinsights_skip_tracking":false,"_monsterinsights_sitenote_active":false,"_monsterinsights_sitenote_note":"","_monsterinsights_sitenote_category":0},"product_brand":[],"product_cat":[16098,12337],"product_tag":[],"class_list":{"0":"post-714176","1":"product","2":"type-product","3":"status-publish","5":"product_cat-politik-akimlar-hareketler","6":"product_cat-politika-siyaset","7":"pa_cilt-ciltsiz","8":"pa_tur-kitap","9":"pa_yayinevi-bilim-ve-sosyalizm-yayinlari","10":"pa_yazar-vladimir-ilyic-lenin","12":"first","13":"instock","14":"sale","15":"shipping-taxable","16":"purchasable","17":"product-type-simple"},"_links":{"self":[{"href":"https:\/\/roveyayinevi.com.tr\/index.php\/wp-json\/wp\/v2\/product\/714176","targetHints":{"allow":["GET"]}}],"collection":[{"href":"https:\/\/roveyayinevi.com.tr\/index.php\/wp-json\/wp\/v2\/product"}],"about":[{"href":"https:\/\/roveyayinevi.com.tr\/index.php\/wp-json\/wp\/v2\/types\/product"}],"wp:attachment":[{"href":"https:\/\/roveyayinevi.com.tr\/index.php\/wp-json\/wp\/v2\/media?parent=714176"}],"wp:term":[{"taxonomy":"product_brand","embeddable":true,"href":"https:\/\/roveyayinevi.com.tr\/index.php\/wp-json\/wp\/v2\/product_brand?post=714176"},{"taxonomy":"product_cat","embeddable":true,"href":"https:\/\/roveyayinevi.com.tr\/index.php\/wp-json\/wp\/v2\/product_cat?post=714176"},{"taxonomy":"product_tag","embeddable":true,"href":"https:\/\/roveyayinevi.com.tr\/index.php\/wp-json\/wp\/v2\/product_tag?post=714176"}],"curies":[{"name":"wp","href":"https:\/\/api.w.org\/{rel}","templated":true}]}}