{"id":714167,"date":"2025-08-27T17:15:44","date_gmt":"2025-08-27T14:15:44","guid":{"rendered":"https:\/\/roveyayinevi.com.tr\/index.php\/urun\/cocuk-haklari-ve-siyaset\/"},"modified":"2026-04-16T02:22:43","modified_gmt":"2026-04-15T23:22:43","slug":"cocuk-haklari-ve-siyaset","status":"publish","type":"product","link":"https:\/\/roveyayinevi.com.tr\/index.php\/urun\/cocuk-haklari-ve-siyaset\/","title":{"rendered":"\u00c7ocuk Haklar\u0131 ve Siyaset"},"content":{"rendered":"<p>\u00c7ocuk ve \u00e7ocuk e\u011fitimi bir proje olamaz. \u00c7\u00fcnk\u00fc \u00e7ocuk farazi bir ki\u015fi de\u011fildir. Kendine \u00f6zg\u00fc bir d\u00fcnyas\u0131 vard\u0131r ve \u00e7ocuk o d\u00fcnyan\u0131n \u00f6znesidir. \u00c7ocuk haklar\u0131, bug\u00fcn d\u00fcnyan\u0131n pek \u00e7ok \u00fclkesinin normlar\u0131ndan biridir. Bu y\u00f6n\u00fcyle, ge\u00e7mi\u015fin romantik felsefe ve edebiyat\u0131n\u0131n soyut y\u00fcceltmesi i\u00e7inde idealize edilen bir \u00e7ocuk, g\u00fcn\u00fcm\u00fczde art\u0131k toplum i\u00e7inde somut bir d\u00fcnyan\u0131n \u00f6znesidir. \u00c7ocu\u011fa \u00f6zel duyarl\u0131 bak\u0131\u015f\u0131n ard\u0131ndan demokratik birikim ve deneyime eklenen bilimsel bilgiler, \u00e7ocukluk d\u00f6nemini bir an ge\u00e7ilmesi gereken bir ara a\u015fama olmak yerine, kendi i\u00e7inde de\u011ferli bir evre olarak yeniden form\u00fcle etmektedir. E\u011fer \u00e7ocuk kendisini ilgilendiren s\u00fcre\u00e7lere kat\u0131labilirse, alternatif \u00e7\u00f6z\u00fcmler bulmak m\u00fcmk\u00fcn olacakt\u0131r. \u00c7ocu\u011fu idealize ve estetize eden yakla\u015f\u0131m g\u00f6r\u00fcyoruz ki i\u015fe yaram\u0131yor; \u201c\u00e7ocuk akl\u0131\u201d ise hareket noktam\u0131zd\u0131r. Zira \u00e7ocuklar\u0131n h\u0131nz\u0131rca ve a\u00e7\u0131k\u00e7a kendini belli eden ger\u00e7ek\u00e7ili\u011fi ile hayali d\u00fcnyas\u0131 birbirine kar\u0131\u015fsa da, \u00e7\u00f6z\u00fcm\u00fcn ger\u00e7ek adresidir. O y\u00fczden, \u00e7ocuk i\u00e7in, \u00e7ocukla birlikte ve \u00e7ocukla \u00e7al\u0131\u015farak yap\u0131lacak i\u015fler son derece de\u011ferlidir. Zaman zaman anne-babalar\u0131n kendi \u00e7ocuklar\u0131n\u0131 \u00f6verken, onlar\u0131n daha \u00e7ok zek\u00e2lar\u0131na g\u00f6ndermede bulunmalar\u0131 b\u00fcy\u00fck bir yanl\u0131\u015ft\u0131r; kendi \u00e7ocu\u011funun \u201ciyi bir insan\u201d, \u201ckolektif d\u00fc\u015f\u00fcnebilen ve eyleyebilen\u201d, \u201c\u00e7evreye duyarl\u0131\u201d oldu\u011fuyla \u00f6v\u00fcnen bir anne-babaya az rastlan\u0131r. Oysa zek\u00e2, ba\u015far\u0131 ve bilgi \u00f6ne \u00e7\u0131kar\u0131ld\u0131\u011f\u0131nda, \u00e7ocuk kendini maddi \u015feylere g\u00f6re \u00f6l\u00e7en birine d\u00f6n\u00fc\u015fmekte, giderek kendine ve topluma yabanc\u0131la\u015fmaktad\u0131r. Bu sorunlar \u00e7\u00f6z\u00fcms\u00fcz de\u011fil. Bunun i\u00e7in \u00e7ocuk haklar\u0131n\u0131n kabul\u00fc ve uygulanmas\u0131 \u00e7ok \u00f6nemli ve gereklidir. Ama daha \u00f6nemlisi, \u00e7ocu\u011fun kendi haklar\u0131n\u0131n gere\u011fini yerine getirmek i\u00e7in her alanda kat\u0131l\u0131mc\u0131 ve karar al\u0131c\u0131 olmas\u0131n\u0131n \u00f6n\u00fc a\u00e7\u0131lmal\u0131d\u0131r. <\/p>\n","protected":false},"excerpt":{"rendered":"<p>\u00c7ocuk ve \u00e7ocuk e\u011fitimi bir proje olamaz. \u00c7\u00fcnk\u00fc \u00e7ocuk farazi bir ki\u015fi de\u011fildir. Kendine \u00f6zg\u00fc bir d\u00fcnyas\u0131 vard\u0131r ve \u00e7ocuk o d\u00fcnyan\u0131n \u00f6znesidir. \u00c7ocuk haklar\u0131, bug\u00fcn<span class=\"excerpt-hellip\"> [\u2026]<\/span><\/p>\n","protected":false},"featured_media":0,"template":"","meta":{"_monsterinsights_skip_tracking":false,"_monsterinsights_sitenote_active":false,"_monsterinsights_sitenote_note":"","_monsterinsights_sitenote_category":0},"product_brand":[],"product_cat":[12567,12566],"product_tag":[],"class_list":{"0":"post-714167","1":"product","2":"type-product","3":"status-publish","5":"product_cat-diger-egitim","6":"product_cat-egitim","7":"pa_cilt-ciltsiz","8":"pa_tur-kitap","9":"pa_yayinevi-yeni-insan-yayinlari","10":"pa_yazar-kemal-inal","12":"first","13":"instock","14":"sale","15":"shipping-taxable","16":"purchasable","17":"product-type-simple"},"_links":{"self":[{"href":"https:\/\/roveyayinevi.com.tr\/index.php\/wp-json\/wp\/v2\/product\/714167","targetHints":{"allow":["GET"]}}],"collection":[{"href":"https:\/\/roveyayinevi.com.tr\/index.php\/wp-json\/wp\/v2\/product"}],"about":[{"href":"https:\/\/roveyayinevi.com.tr\/index.php\/wp-json\/wp\/v2\/types\/product"}],"wp:attachment":[{"href":"https:\/\/roveyayinevi.com.tr\/index.php\/wp-json\/wp\/v2\/media?parent=714167"}],"wp:term":[{"taxonomy":"product_brand","embeddable":true,"href":"https:\/\/roveyayinevi.com.tr\/index.php\/wp-json\/wp\/v2\/product_brand?post=714167"},{"taxonomy":"product_cat","embeddable":true,"href":"https:\/\/roveyayinevi.com.tr\/index.php\/wp-json\/wp\/v2\/product_cat?post=714167"},{"taxonomy":"product_tag","embeddable":true,"href":"https:\/\/roveyayinevi.com.tr\/index.php\/wp-json\/wp\/v2\/product_tag?post=714167"}],"curies":[{"name":"wp","href":"https:\/\/api.w.org\/{rel}","templated":true}]}}

Çocuk Hakları ve Siyaset

<p>Çocuk ve çocuk eğitimi bir proje olamaz. Çünkü çocuk farazi bir kişi değildir. Kendine özgü bir dünyası vardır ve çocuk o dünyanın öznesidir. Çocuk hakları, bugün dünyanın pek çok ülkesinin normlarından biridir. Bu yönüyle, geçmişin romantik felsefe ve edebiyatının soyut yüceltmesi içinde idealize edilen bir çocuk, günümüzde artık toplum içinde somut bir dünyanın öznesidir. Çocuğa özel duyarlı bakışın ardından demokratik birikim ve deneyime eklenen bilimsel bilgiler, çocukluk dönemini bir an geçilmesi gereken bir ara aşama olmak yerine, kendi içinde değerli bir evre olarak yeniden formüle etmektedir. Eğer çocuk kendisini ilgilendiren süreçlere katılabilirse, alternatif çözümler bulmak mümkün olacaktır. Çocuğu idealize ve estetize eden yaklaşım görüyoruz ki işe yaramıyor; “çocuk aklı” ise hareket noktamızdır. Zira çocukların hınzırca ve açıkça kendini belli eden gerçekçiliği ile hayali dünyası birbirine karışsa da, çözümün gerçek adresidir. O yüzden, çocuk için, çocukla birlikte ve çocukla çalışarak yapılacak işler son derece değerlidir. Zaman zaman anne-babaların kendi çocuklarını överken, onların daha çok zekâlarına göndermede bulunmaları büyük bir yanlıştır; kendi çocuğunun “iyi bir insan”, “kolektif düşünebilen ve eyleyebilen”, “çevreye duyarlı” olduğuyla övünen bir anne-babaya az rastlanır. Oysa zekâ, başarı ve bilgi öne çıkarıldığında, çocuk kendini maddi şeylere göre ölçen birine dönüşmekte, giderek kendine ve topluma yabancılaşmaktadır. Bu sorunlar çözümsüz değil. Bunun için çocuk haklarının kabulü ve uygulanması çok önemli ve gereklidir. Ama daha önemlisi, çocuğun kendi haklarının gereğini yerine getirmek için her alanda katılımcı ve karar alıcı olmasının önü açılmalıdır. </p>

<p>Çocuk ve çocuk eğitimi bir proje olamaz. Çünkü çocuk farazi bir kişi değildir. Kendine özgü bir dünyası vardır ve çocuk o dünyanın öznesidir. Çocuk hakları, bugün<span class="excerpt-hellip"> […]</span></p>
