{"id":714164,"date":"2025-08-27T17:15:42","date_gmt":"2025-08-27T14:15:42","guid":{"rendered":"https:\/\/roveyayinevi.com.tr\/index.php\/urun\/psikoterapiler\/"},"modified":"2026-04-16T02:22:43","modified_gmt":"2026-04-15T23:22:43","slug":"psikoterapiler","status":"publish","type":"product","link":"https:\/\/roveyayinevi.com.tr\/index.php\/urun\/psikoterapiler\/","title":{"rendered":"Psikoterapiler"},"content":{"rendered":"<p>B\u00dcT\u00dcNC\u00dcL B\u0130R YAKLA\u015eIM&#8230; \u201cBu kitapta amac\u0131m ruh sa\u011fl\u0131\u011f\u0131 alan\u0131nda \u00e7al\u0131\u015fanlara psikoterapi yakla\u015f\u0131mlar\u0131n\u0131 ku\u015fbak\u0131\u015f\u0131 bir bi\u00e7imde tan\u0131tmak ve b\u00fct\u00fcnc\u00fcl bir yakla\u015f\u0131m sunmakt\u0131r. Uygulama ve kuram a\u00e7\u0131s\u0131ndan sa\u011flam ve tutarl\u0131 bir \u00e7at\u0131ya sahip olan psikanaliz ve psikanalitik psikoterapiler kitapta a\u011f\u0131rl\u0131kl\u0131 bir yer tutmaktad\u0131r. Psikanalizden k\u00f6k alarak ba\u011f\u0131ms\u0131z bir yakla\u015f\u0131m olarak geli\u015fen Ge\u015ftalt terapi, transaksiyonel terapi, varolu\u015f\u00e7u terapi, grup terapileri, aile ve evlilik terapileri, cinsel i\u015flev bozukluklar\u0131ndapsikoterapi, meditasyon ve psikoterapi ili\u015fkisi hakk\u0131nda tan\u0131t\u0131c\u0131 bilgilerin yan\u0131 s\u0131ra, k\u00fclt\u00fcr, ki\u015filik ve psikoterapiler konusunda ele\u015ftirel de\u011ferlendirmelerime de yer verdim&#8230;\u201d &#8211; Prof. Dr. Cengiz G\u00dcLE\u00c7 RUH SA\u011eLI\u011eI PROFESYONELLER\u0130 VE PS\u0130KOTERAP\u0130STLER \u0130\u00c7\u0130N&#8230; Psikiyatr &amp; Psikoterapist Prof. Dr. Cengiz G\u00fcle\u00e7\u2019in engin bilgi da\u011farc\u0131\u011f\u0131 ve deneyimlerinden s\u00fczerek psikoterapinin t\u00fcrleri, uygulama alanlar\u0131, y\u00f6ntemleri ve teknikleri konusunda temel bilgiler verdi\u011fi \u201cPsikoterapiler\u201d t\u00fcm ruh sa\u011fl\u0131\u011f\u0131 profesyonelleri ve psikoterapistler i\u00e7in e\u015fsiz bir k\u0131lavuz kitap niteli\u011fi ta\u015f\u0131maktad\u0131r. &#8211; Psikoterapi ve Psikoterapistler Derne\u011fi (PS\u0130KODER) PS\u0130KOTERAP\u0130LER KONUSUNDA E\u015eS\u0130Z B\u0130R KAYNAK&#8230; Prof. Dr. Cengiz G\u00fcle\u00e7\u2019in \u201cdaha olgun ve uygun bir ruhsal denge sa\u011flamak amac\u0131 do\u011frultusunda zihinsel ve duygusal bozukluk g\u00f6steren ki\u015filerle d\u00fc\u015f\u00fcnce ve duygu al\u0131\u015fveri\u015fi kurularak y\u00fcr\u00fct\u00fclen, duygusal \u00e7at\u0131\u015fmalar\u0131 \u00e7\u00f6z\u00fcmleyen, bu \u00e7at\u0131\u015fmalardan do\u011fan kayg\u0131 ve gerginlikleri, \u00e7\u00f6kk\u00fcnl\u00fckleri azaltan, ruhsal uyum d\u00fczeyini art\u0131ran, ki\u015filer aras\u0131 ili\u015fkileri daha olgunla\u015ft\u0131ran t\u00fcm teknik ve y\u00f6ntemler\u201d olarak tan\u0131mlad\u0131\u011f\u0131 psikoterapileri, ruh sa\u011fl\u0131\u011f\u0131 alan\u0131nda yetkin bir bilim insan\u0131 olarak en \u00f6zl\u00fc \u015fekliyle anlatt\u0131\u011f\u0131 \u201cPsikoterapiler\u201d alan\u0131nda benzersiz ve de\u011ferli bir kaynakt\u0131r. &#8211; PUSULA Yay\u0131nevi <\/p>\n","protected":false},"excerpt":{"rendered":"<p>B\u00dcT\u00dcNC\u00dcL B\u0130R YAKLA\u015eIM&#8230; \u201cBu kitapta amac\u0131m ruh sa\u011fl\u0131\u011f\u0131 alan\u0131nda \u00e7al\u0131\u015fanlara psikoterapi yakla\u015f\u0131mlar\u0131n\u0131 ku\u015fbak\u0131\u015f\u0131 bir bi\u00e7imde tan\u0131tmak ve b\u00fct\u00fcnc\u00fcl bir yakla\u015f\u0131m sunmakt\u0131r. Uygulama ve kuram a\u00e7\u0131s\u0131ndan sa\u011flam<span class=\"excerpt-hellip\"> [\u2026]<\/span><\/p>\n","protected":false},"featured_media":0,"template":"","meta":{"_monsterinsights_skip_tracking":false,"_monsterinsights_sitenote_active":false,"_monsterinsights_sitenote_note":"","_monsterinsights_sitenote_category":0},"product_brand":[],"product_cat":[12358,12357],"product_tag":[],"class_list":{"0":"post-714164","1":"product","2":"type-product","3":"status-publish","5":"product_cat-genel-psikoloji","6":"product_cat-psikoloji","7":"pa_cilt-ciltsiz","8":"pa_tur-kitap","9":"pa_yayinevi-pusula-yayinevi-ankara","10":"pa_yazar-cengiz-gulec","12":"first","13":"instock","14":"sale","15":"shipping-taxable","16":"purchasable","17":"product-type-simple"},"_links":{"self":[{"href":"https:\/\/roveyayinevi.com.tr\/index.php\/wp-json\/wp\/v2\/product\/714164","targetHints":{"allow":["GET"]}}],"collection":[{"href":"https:\/\/roveyayinevi.com.tr\/index.php\/wp-json\/wp\/v2\/product"}],"about":[{"href":"https:\/\/roveyayinevi.com.tr\/index.php\/wp-json\/wp\/v2\/types\/product"}],"wp:attachment":[{"href":"https:\/\/roveyayinevi.com.tr\/index.php\/wp-json\/wp\/v2\/media?parent=714164"}],"wp:term":[{"taxonomy":"product_brand","embeddable":true,"href":"https:\/\/roveyayinevi.com.tr\/index.php\/wp-json\/wp\/v2\/product_brand?post=714164"},{"taxonomy":"product_cat","embeddable":true,"href":"https:\/\/roveyayinevi.com.tr\/index.php\/wp-json\/wp\/v2\/product_cat?post=714164"},{"taxonomy":"product_tag","embeddable":true,"href":"https:\/\/roveyayinevi.com.tr\/index.php\/wp-json\/wp\/v2\/product_tag?post=714164"}],"curies":[{"name":"wp","href":"https:\/\/api.w.org\/{rel}","templated":true}]}}