{"id":714147,"date":"2025-08-27T17:15:32","date_gmt":"2025-08-27T14:15:32","guid":{"rendered":"https:\/\/roveyayinevi.com.tr\/index.php\/urun\/fatihten-bugune-mektuplar\/"},"modified":"2026-04-16T02:22:43","modified_gmt":"2026-04-15T23:22:43","slug":"fatihten-bugune-mektuplar","status":"publish","type":"product","link":"https:\/\/roveyayinevi.com.tr\/index.php\/urun\/fatihten-bugune-mektuplar\/","title":{"rendered":"Fatih&#8217;ten Bug\u00fcne Mektuplar"},"content":{"rendered":"<p>As\u0131rlar \u00f6ncesinden g\u00fcn\u00fcm\u00fcz gen\u00e7lerine Fatih Sultan Mehmed\u2019in sesi ve nefesiyle bir mektup g\u00f6nderiliyor.Bir davan\u0131n heyecan\u0131 ve gayretiyle O\u011fuzhan G\u00fcrhani yeni kitab\u0131n\u0131 kaleme al\u0131yor. Bu kitab\u0131nda gen\u00e7li\u011fe \u015fairane bir \u00fcslupla Fatih Ata\u2019dan mektuplar kaleme al\u0131yor. Kaleme al\u0131nan bu mektuplarla gen\u00e7lere bir fikriyat verilmeye; d\u00fc\u015f\u00fcnce yap\u0131lar\u0131na, fikir ufuklar\u0131na bir nebze de olsa katk\u0131da bulunulmaya \u00e7al\u0131\u015f\u0131l\u0131yor.Gen\u00e7lere;Gelece\u011fe nas\u0131l bak\u0131lmas\u0131 gerekti\u011fini,Ba\u015far\u0131l\u0131 ve \u00f6nde olmak i\u00e7in neler yap\u0131lmas\u0131 gerekti\u011fini,Yeni zaman\u0131n \u015fartlar\u0131nda eski ihti\u015fam\u0131n nas\u0131l yakalanabilece\u011fini,Zorluklar kar\u015f\u0131s\u0131nda nas\u0131l davran\u0131laca\u011f\u0131n\u0131,Gayretin, azmin ve sabr\u0131n ne yaman bir yard\u0131mc\u0131 oldu\u011funu anlatan Fatih\u2019ten Bug\u00fcne Mektuplar kitab\u0131 dikkatleri \u00e7ekecek t\u00fcrden. <\/p>\n","protected":false},"excerpt":{"rendered":"<p>As\u0131rlar \u00f6ncesinden g\u00fcn\u00fcm\u00fcz gen\u00e7lerine Fatih Sultan Mehmed\u2019in sesi ve nefesiyle bir mektup g\u00f6nderiliyor.Bir davan\u0131n heyecan\u0131 ve gayretiyle O\u011fuzhan G\u00fcrhani yeni kitab\u0131n\u0131 kaleme al\u0131yor. Bu kitab\u0131nda gen\u00e7li\u011fe<span class=\"excerpt-hellip\"> [\u2026]<\/span><\/p>\n","protected":false},"featured_media":0,"template":"","meta":{"_monsterinsights_skip_tracking":false,"_monsterinsights_sitenote_active":false,"_monsterinsights_sitenote_note":"","_monsterinsights_sitenote_category":0},"product_brand":[],"product_cat":[12777,12291],"product_tag":[],"class_list":{"0":"post-714147","1":"product","2":"type-product","3":"status-publish","5":"product_cat-deneme","6":"product_cat-edebiyat","7":"pa_cilt-ciltsiz","8":"pa_tur-kitap","9":"pa_yayinevi-nesil-genc","10":"pa_yazar-oguzhan-gurhani","12":"first","13":"instock","14":"sale","15":"shipping-taxable","16":"purchasable","17":"product-type-simple"},"_links":{"self":[{"href":"https:\/\/roveyayinevi.com.tr\/index.php\/wp-json\/wp\/v2\/product\/714147","targetHints":{"allow":["GET"]}}],"collection":[{"href":"https:\/\/roveyayinevi.com.tr\/index.php\/wp-json\/wp\/v2\/product"}],"about":[{"href":"https:\/\/roveyayinevi.com.tr\/index.php\/wp-json\/wp\/v2\/types\/product"}],"wp:attachment":[{"href":"https:\/\/roveyayinevi.com.tr\/index.php\/wp-json\/wp\/v2\/media?parent=714147"}],"wp:term":[{"taxonomy":"product_brand","embeddable":true,"href":"https:\/\/roveyayinevi.com.tr\/index.php\/wp-json\/wp\/v2\/product_brand?post=714147"},{"taxonomy":"product_cat","embeddable":true,"href":"https:\/\/roveyayinevi.com.tr\/index.php\/wp-json\/wp\/v2\/product_cat?post=714147"},{"taxonomy":"product_tag","embeddable":true,"href":"https:\/\/roveyayinevi.com.tr\/index.php\/wp-json\/wp\/v2\/product_tag?post=714147"}],"curies":[{"name":"wp","href":"https:\/\/api.w.org\/{rel}","templated":true}]}}