{"id":714140,"date":"2025-08-27T17:15:29","date_gmt":"2025-08-27T14:15:29","guid":{"rendered":"https:\/\/roveyayinevi.com.tr\/index.php\/urun\/diyalektik-materyalizm-ve-tarihsel-materyalizm\/"},"modified":"2026-04-16T02:22:43","modified_gmt":"2026-04-15T23:22:43","slug":"diyalektik-materyalizm-ve-tarihsel-materyalizm","status":"publish","type":"product","link":"https:\/\/roveyayinevi.com.tr\/index.php\/urun\/diyalektik-materyalizm-ve-tarihsel-materyalizm\/","title":{"rendered":"Diyalektik Materyalizm ve Tarihsel Materyalizm"},"content":{"rendered":"<p>Marksist diyalektik y\u00f6ntemin ve marksist felsefi materyalizmin temel nitelikleri ile tarihsel materyalizm, bu yap\u0131tta Josef Stalin&#8217;in(1879-1953)kaleminden kendine \u00f6zg\u00fc yal\u0131n anlat\u0131m\u0131yla sunuluyor ; k\u0131sa, ama konunun t\u00fcm kapsam\u0131n\u0131n ana \u00e7izgileriyle her ilgi duyan i\u00e7in a\u00e7\u0131kl\u0131kla kavranabilir bir \u00f6zeti. Bu \u00f6zelli\u011fiyle yap\u0131t\u0131n, marksist d\u00fcnya g\u00f6r\u00fc\u015f\u00fcn\u00fc ve bilimsel sosyalizmi \u00f6\u011frenmek isteyenlere en uygun bir ba\u015flang\u0131\u00e7 kitab\u0131 oldu\u011fu s\u00f6ylenebilir. Marksist teorinin b\u00fct\u00fcnl\u00fc\u011f\u00fcn\u00fc, temel niteliklerini ve kapsam\u0131n\u0131 g\u00f6zden ka\u00e7\u0131rmamak i\u00e7in ba\u015fvurulmas\u0131 gereken bir el kitab\u0131d\u0131r bu. \ufffcTan\u0131t\u0131m Metni<\/p>\n","protected":false},"excerpt":{"rendered":"<p>Marksist diyalektik y\u00f6ntemin ve marksist felsefi materyalizmin temel nitelikleri ile tarihsel materyalizm, bu yap\u0131tta Josef Stalin&#8217;in(1879-1953)kaleminden kendine \u00f6zg\u00fc yal\u0131n anlat\u0131m\u0131yla sunuluyor ; k\u0131sa, ama konunun t\u00fcm<span class=\"excerpt-hellip\"> [\u2026]<\/span><\/p>\n","protected":false},"featured_media":0,"template":"","meta":{"_monsterinsights_skip_tracking":false,"_monsterinsights_sitenote_active":false,"_monsterinsights_sitenote_note":"","_monsterinsights_sitenote_category":0},"product_brand":[],"product_cat":[13590,12337],"product_tag":[],"class_list":{"0":"post-714140","1":"product","2":"type-product","3":"status-publish","5":"product_cat-arastirma-inceleme-politika-siyaset","6":"product_cat-politika-siyaset","7":"pa_cilt-ciltsiz","8":"pa_tur-kitap","9":"pa_yayinevi-bilim-ve-sosyalizm-yayinlari","10":"pa_yazar-josef-v-stalin","12":"first","13":"instock","14":"sale","15":"shipping-taxable","16":"purchasable","17":"product-type-simple"},"_links":{"self":[{"href":"https:\/\/roveyayinevi.com.tr\/index.php\/wp-json\/wp\/v2\/product\/714140","targetHints":{"allow":["GET"]}}],"collection":[{"href":"https:\/\/roveyayinevi.com.tr\/index.php\/wp-json\/wp\/v2\/product"}],"about":[{"href":"https:\/\/roveyayinevi.com.tr\/index.php\/wp-json\/wp\/v2\/types\/product"}],"wp:attachment":[{"href":"https:\/\/roveyayinevi.com.tr\/index.php\/wp-json\/wp\/v2\/media?parent=714140"}],"wp:term":[{"taxonomy":"product_brand","embeddable":true,"href":"https:\/\/roveyayinevi.com.tr\/index.php\/wp-json\/wp\/v2\/product_brand?post=714140"},{"taxonomy":"product_cat","embeddable":true,"href":"https:\/\/roveyayinevi.com.tr\/index.php\/wp-json\/wp\/v2\/product_cat?post=714140"},{"taxonomy":"product_tag","embeddable":true,"href":"https:\/\/roveyayinevi.com.tr\/index.php\/wp-json\/wp\/v2\/product_tag?post=714140"}],"curies":[{"name":"wp","href":"https:\/\/api.w.org\/{rel}","templated":true}]}}