{"id":714129,"date":"2025-08-27T17:15:21","date_gmt":"2025-08-27T14:15:21","guid":{"rendered":"https:\/\/roveyayinevi.com.tr\/index.php\/urun\/yasarken-acilan-miras\/"},"modified":"2026-04-16T02:22:43","modified_gmt":"2026-04-15T23:22:43","slug":"yasarken-acilan-miras","status":"publish","type":"product","link":"https:\/\/roveyayinevi.com.tr\/index.php\/urun\/yasarken-acilan-miras\/","title":{"rendered":"Ya\u015farken A\u00e7\u0131lan Miras"},"content":{"rendered":"<p>Sinek K\u00e2\u011f\u0131d\u0131\u2019na, Enflasyon\u2019a, Maymunlar\u2019a, Kara B\u00fcy\u00fc\u2019ye, An\u0131tlar\u2019a, Oidipus Kompleksi\u2019ne, b\u00fct\u00fcn bu tuhaf ve ola\u011fan \u015feylere bakan ola\u011fand\u0131\u015f\u0131 bir g\u00f6z: Robert Musil\u2019in 1936\u2019da, kendi deyi\u015fiyle \u201cN\u0130TEL\u0130KS\u0130Z ADAM\u2019a devam edebilmek i\u00e7in\u201d bir araya getirdi\u011fi, \u00f6lmeden, bu \u015fekliyle a\u00e7\u0131lmas\u0131n\u0131 istedi\u011fi, s\u0131rad\u0131\u015f\u0131 metinler, anlat\u0131lar, g\u00f6zlemler, \u00f6yk\u00fclerden olu\u015fan YA\u015eARKEN A\u00c7ILAN M\u0130RAS, ba\u015fyap\u0131t\u0131n\u0131n tam bir \u00e7ekirde\u011fi olma \u00f6zelli\u011fini ta\u015f\u0131yor.   \u201cG\u00fcmb\u00fcrt\u00fclerle ve g\u0131c\u0131rt\u0131larla sars\u0131lan bir d\u00fcnyada yaln\u0131zca k\u0131sa \u00f6yk\u00fcler ve g\u00f6zlemler yay\u0131mlamak; onca \u00f6nemli konu varken ayr\u0131nt\u0131lardan s\u00f6z etmek\u201d belki de ancak, d\u00fcnya roman tarihinin en \u00f6nde gelen ba\u015fyap\u0131tlar\u0131ndan N\u0130TEL\u0130KS\u0130Z ADAM\u2019\u0131n yazar\u0131 Robert Musil\u2019in prizmas\u0131ndan s\u00fcz\u00fclm\u00fc\u015fse bu \u00e7arp\u0131c\u0131l\u0131\u011fa eri\u015febiliyor.     K\u00fclt\u00fcr tarihinin dehlizlerinde usulca y\u00fcr\u00fcyen, \u201cg\u00f6r\u00fcnmez yazar\u201d Musil\u2019den insan ya\u015fam\u0131 \u00fczerine ayd\u0131nlat\u0131c\u0131, \u00f6zg\u00fcn, zihin a\u00e7\u0131c\u0131, ince mizahl\u0131, zaman\u0131 y\u0131rtan, ustal\u0131kl\u0131 metinler.     Yirminci y\u00fczy\u0131l\u0131n ilk yar\u0131s\u0131nda ya\u015fam\u0131\u015f Almanca yazan romanc\u0131lar\u0131n en \u00f6nemlisi ve ayn\u0131 zamanda \u00e7a\u011f\u0131n\u0131n en az tan\u0131nm\u0131\u015f yazar\u0131. London Times   Musil\u2019in dil yetene\u011fi \u2013ama\u00e7, usul ve sonucun birle\u015fimi\u2013 ustal\u0131kl\u0131. \u00d6ylesine m\u00fckemmelli\u011fe ula\u015fm\u0131\u015f bir \u00fcslup\u00e7u ki ondan sonra Kafka olgunla\u015fmam\u0131\u015f, Mann geveze, Brecht muzip, Rilke erken geli\u015fmi\u015f ve Walter Benjamin hermetik gibi g\u00f6r\u00fcnebilir. New York Times Book Review <\/p>\n","protected":false},"excerpt":{"rendered":"<p>Sinek K\u00e2\u011f\u0131d\u0131\u2019na, Enflasyon\u2019a, Maymunlar\u2019a, Kara B\u00fcy\u00fc\u2019ye, An\u0131tlar\u2019a, Oidipus Kompleksi\u2019ne, b\u00fct\u00fcn bu tuhaf ve ola\u011fan \u015feylere bakan ola\u011fand\u0131\u015f\u0131 bir g\u00f6z: Robert Musil\u2019in 1936\u2019da, kendi deyi\u015fiyle \u201cN\u0130TEL\u0130KS\u0130Z ADAM\u2019a<span class=\"excerpt-hellip\"> [\u2026]<\/span><\/p>\n","protected":false},"featured_media":0,"template":"","meta":{"_monsterinsights_skip_tracking":false,"_monsterinsights_sitenote_active":false,"_monsterinsights_sitenote_note":"","_monsterinsights_sitenote_category":0},"product_brand":[],"product_cat":[18545,12291],"product_tag":[],"class_list":{"0":"post-714129","1":"product","2":"type-product","3":"status-publish","5":"product_cat-anlati","6":"product_cat-edebiyat","7":"pa_cilt-ciltsiz","8":"pa_tur-kitap","9":"pa_yayinevi-yapi-kredi-yayinlari","10":"pa_yazar-robert-musil","12":"first","13":"instock","14":"sale","15":"shipping-taxable","16":"purchasable","17":"product-type-simple"},"_links":{"self":[{"href":"https:\/\/roveyayinevi.com.tr\/index.php\/wp-json\/wp\/v2\/product\/714129","targetHints":{"allow":["GET"]}}],"collection":[{"href":"https:\/\/roveyayinevi.com.tr\/index.php\/wp-json\/wp\/v2\/product"}],"about":[{"href":"https:\/\/roveyayinevi.com.tr\/index.php\/wp-json\/wp\/v2\/types\/product"}],"wp:attachment":[{"href":"https:\/\/roveyayinevi.com.tr\/index.php\/wp-json\/wp\/v2\/media?parent=714129"}],"wp:term":[{"taxonomy":"product_brand","embeddable":true,"href":"https:\/\/roveyayinevi.com.tr\/index.php\/wp-json\/wp\/v2\/product_brand?post=714129"},{"taxonomy":"product_cat","embeddable":true,"href":"https:\/\/roveyayinevi.com.tr\/index.php\/wp-json\/wp\/v2\/product_cat?post=714129"},{"taxonomy":"product_tag","embeddable":true,"href":"https:\/\/roveyayinevi.com.tr\/index.php\/wp-json\/wp\/v2\/product_tag?post=714129"}],"curies":[{"name":"wp","href":"https:\/\/api.w.org\/{rel}","templated":true}]}}