{"id":714119,"date":"2025-08-27T17:15:15","date_gmt":"2025-08-27T14:15:15","guid":{"rendered":"https:\/\/roveyayinevi.com.tr\/index.php\/urun\/tarihi-anekdotlar\/"},"modified":"2026-04-16T02:22:42","modified_gmt":"2026-04-15T23:22:42","slug":"tarihi-anekdotlar","status":"publish","type":"product","link":"https:\/\/roveyayinevi.com.tr\/index.php\/urun\/tarihi-anekdotlar\/","title":{"rendered":"Tarihi Anekdotlar"},"content":{"rendered":"<p>ATAT\u00dcRK\u2019\u00dcN \u0130NG\u0130L\u0130Z ATE\u015eES\u0130NE CEVABI Cumhuriyet\u2019in ilan\u0131ndan sonra, \u0130stanbul\u2019da bir resepsiyon verilir. T\u00fcm d\u00fcnya \u00fclkelerinin el\u00e7ileri ve ate\u015feleri de davet edilir. Davet g\u00fczel bir \u015fekilde devam etmektedir. Fakat \u0130ngiliz ate\u015fesi olan binba\u015f\u0131n\u0131n bak\u0131\u015flar\u0131 Mustafa Kemal\u2019in g\u00f6z\u00fcnden ka\u00e7maz. B\u00fct\u00fcn devlet boyunca kendisine dik dik bakm\u0131\u015flar ve bakmaya devam etmektedirler. Ne oldu\u011funu \u00f6\u011frenmek i\u00e7in yaverini g\u00f6nderir. Yaver Mustafa Kemal\u2019e \u015f\u00f6yle der: -Pa\u015fam kendisine neden ters bir tav\u0131r tak\u0131nd\u0131\u011f\u0131n\u0131 sordum, o da bana \u201cMustafa Kemal\u2019in \u00c7anakkale\u2019de babas\u0131n\u0131 \u00f6ld\u00fcrd\u00fc\u011f\u00fcn\u00fc s\u00f6yledi.\u201d Bunun \u00fczerine Mustafa Kemal \u015f\u00f6yle der: \u201c-Git sor bakal\u0131m, babas\u0131n\u0131n \u00c7anakkale\u2019de ne i\u015fi varm\u0131\u015f? <\/p>\n","protected":false},"excerpt":{"rendered":"<p>ATAT\u00dcRK\u2019\u00dcN \u0130NG\u0130L\u0130Z ATE\u015eES\u0130NE CEVABI Cumhuriyet\u2019in ilan\u0131ndan sonra, \u0130stanbul\u2019da bir resepsiyon verilir. T\u00fcm d\u00fcnya \u00fclkelerinin el\u00e7ileri ve ate\u015feleri de davet edilir. Davet g\u00fczel bir \u015fekilde devam etmektedir.<span class=\"excerpt-hellip\"> [\u2026]<\/span><\/p>\n","protected":false},"featured_media":0,"template":"","meta":{"_monsterinsights_skip_tracking":false,"_monsterinsights_sitenote_active":false,"_monsterinsights_sitenote_note":"","_monsterinsights_sitenote_category":0},"product_brand":[],"product_cat":[12530,12304],"product_tag":[],"class_list":{"0":"post-714119","1":"product","2":"type-product","3":"status-publish","5":"product_cat-mustafa-kemal-ataturk","6":"product_cat-tarih","7":"pa_cilt-ciltsiz","8":"pa_tur-kitap","9":"pa_yayinevi-fark-yayinlari","10":"pa_yazar-murat-ertan","12":"first","13":"instock","14":"sale","15":"shipping-taxable","16":"purchasable","17":"product-type-simple"},"_links":{"self":[{"href":"https:\/\/roveyayinevi.com.tr\/index.php\/wp-json\/wp\/v2\/product\/714119","targetHints":{"allow":["GET"]}}],"collection":[{"href":"https:\/\/roveyayinevi.com.tr\/index.php\/wp-json\/wp\/v2\/product"}],"about":[{"href":"https:\/\/roveyayinevi.com.tr\/index.php\/wp-json\/wp\/v2\/types\/product"}],"wp:attachment":[{"href":"https:\/\/roveyayinevi.com.tr\/index.php\/wp-json\/wp\/v2\/media?parent=714119"}],"wp:term":[{"taxonomy":"product_brand","embeddable":true,"href":"https:\/\/roveyayinevi.com.tr\/index.php\/wp-json\/wp\/v2\/product_brand?post=714119"},{"taxonomy":"product_cat","embeddable":true,"href":"https:\/\/roveyayinevi.com.tr\/index.php\/wp-json\/wp\/v2\/product_cat?post=714119"},{"taxonomy":"product_tag","embeddable":true,"href":"https:\/\/roveyayinevi.com.tr\/index.php\/wp-json\/wp\/v2\/product_tag?post=714119"}],"curies":[{"name":"wp","href":"https:\/\/api.w.org\/{rel}","templated":true}]}}