{"id":714117,"date":"2025-08-27T17:15:14","date_gmt":"2025-08-27T14:15:14","guid":{"rendered":"https:\/\/roveyayinevi.com.tr\/index.php\/urun\/dovus-kulubu-2-sayi-4\/"},"modified":"2026-04-16T02:22:42","modified_gmt":"2026-04-15T23:22:42","slug":"dovus-kulubu-2-sayi-4","status":"publish","type":"product","link":"https:\/\/roveyayinevi.com.tr\/index.php\/urun\/dovus-kulubu-2-sayi-4\/","title":{"rendered":"D\u00f6v\u00fc\u015f Kul\u00fcb\u00fc 2 Say\u0131: 4"},"content":{"rendered":"<p>Palahniuk\u2019un yeralt\u0131 fenomeni D\u00f6v\u00fc\u015f Kul\u00fcb\u00fc 2, sarsmaya, \u015fa\u015f\u0131rtmaya ve bildiklerimizi unutturmaya devam ediyor. D\u00f6v\u00fc\u015f Kul\u00fcb\u00fc 2\u2019nin 4. say\u0131s\u0131nda beklenmedik hik\u00e2yeler ve olaylar beliriyor: Ya\u015fl\u0131 Sebastian yeniden d\u00f6v\u00fc\u015fmeye ba\u015fl\u0131yor, ayr\u0131ca metnin yazar\u0131 Chuck Palahniuk da karakterler aras\u0131ndaki yerini al\u0131yor, birbirinden enteresan kul\u00fcpler (acemi siki\u015f kul\u00fcb\u00fc, film kul\u00fcb\u00fc, bira barda\u011f\u0131 kul\u00fcb\u00fc, diki\u015f kulub\u00fc) D\u00f6v\u00fc\u015f Kul\u00fcb\u00fc 2\u2019nin ak\u0131\u015f\u0131na farkl\u0131 heyecanlar kat\u0131yor. <\/p>\n","protected":false},"excerpt":{"rendered":"<p>Palahniuk\u2019un yeralt\u0131 fenomeni D\u00f6v\u00fc\u015f Kul\u00fcb\u00fc 2, sarsmaya, \u015fa\u015f\u0131rtmaya ve bildiklerimizi unutturmaya devam ediyor. D\u00f6v\u00fc\u015f Kul\u00fcb\u00fc 2\u2019nin 4. say\u0131s\u0131nda beklenmedik hik\u00e2yeler ve olaylar beliriyor: Ya\u015fl\u0131 Sebastian yeniden<span class=\"excerpt-hellip\"> [\u2026]<\/span><\/p>\n","protected":false},"featured_media":0,"template":"","meta":{"_monsterinsights_skip_tracking":false,"_monsterinsights_sitenote_active":false,"_monsterinsights_sitenote_note":"","_monsterinsights_sitenote_category":0},"product_brand":[],"product_cat":[12416,12291],"product_tag":[],"class_list":{"0":"post-714117","1":"product","2":"type-product","3":"status-publish","5":"product_cat-cizgi-roman","6":"product_cat-edebiyat","7":"pa_cilt-ciltsiz","8":"pa_tur-kitap","9":"pa_yayinevi-ayrinti-yayinlari","10":"pa_yazar-chuck-palahniuk","12":"first","13":"instock","14":"sale","15":"shipping-taxable","16":"purchasable","17":"product-type-simple"},"_links":{"self":[{"href":"https:\/\/roveyayinevi.com.tr\/index.php\/wp-json\/wp\/v2\/product\/714117","targetHints":{"allow":["GET"]}}],"collection":[{"href":"https:\/\/roveyayinevi.com.tr\/index.php\/wp-json\/wp\/v2\/product"}],"about":[{"href":"https:\/\/roveyayinevi.com.tr\/index.php\/wp-json\/wp\/v2\/types\/product"}],"wp:attachment":[{"href":"https:\/\/roveyayinevi.com.tr\/index.php\/wp-json\/wp\/v2\/media?parent=714117"}],"wp:term":[{"taxonomy":"product_brand","embeddable":true,"href":"https:\/\/roveyayinevi.com.tr\/index.php\/wp-json\/wp\/v2\/product_brand?post=714117"},{"taxonomy":"product_cat","embeddable":true,"href":"https:\/\/roveyayinevi.com.tr\/index.php\/wp-json\/wp\/v2\/product_cat?post=714117"},{"taxonomy":"product_tag","embeddable":true,"href":"https:\/\/roveyayinevi.com.tr\/index.php\/wp-json\/wp\/v2\/product_tag?post=714117"}],"curies":[{"name":"wp","href":"https:\/\/api.w.org\/{rel}","templated":true}]}}