{"id":714109,"date":"2025-08-27T17:15:10","date_gmt":"2025-08-27T14:15:10","guid":{"rendered":"https:\/\/roveyayinevi.com.tr\/index.php\/urun\/akil-oykuleri\/"},"modified":"2026-04-16T02:22:42","modified_gmt":"2026-04-15T23:22:42","slug":"akil-oykuleri","status":"publish","type":"product","link":"https:\/\/roveyayinevi.com.tr\/index.php\/urun\/akil-oykuleri\/","title":{"rendered":"Ak\u0131l \u00d6yk\u00fcleri"},"content":{"rendered":"<p>Bir zamanlar Amerika\u2019n\u0131n Hawaii adalar\u0131ndaki \u00c7inliler, \u00f6l\u00fclerini ziyaret ettikleri zaman mezara pirin\u00e7 serpiyorlard\u0131. Bir g\u00fcn bir Amerikal\u0131, kendi \u00f6l\u00fcs\u00fcn\u00fcn mezar\u0131na koymak i\u00e7in \u00e7i\u00e7ek g\u00f6t\u00fcr\u00fcrken, \u00c7inli\u2019nin yapt\u0131\u011f\u0131n\u0131 g\u00f6rd\u00fc ve alay edercesine sordu: \u2014Arkada\u015f\u0131n pil\u00e2v\u0131 ne zaman kalk\u0131p yiyecek? \u00c7inli cevap verdi: \u2014Senin arkada\u015f\u0131n kalk\u0131p \u00e7i\u00e7ekleri koklad\u0131\u011f\u0131 zaman yiyecek. <\/p>\n","protected":false},"excerpt":{"rendered":"<p>Bir zamanlar Amerika\u2019n\u0131n Hawaii adalar\u0131ndaki \u00c7inliler, \u00f6l\u00fclerini ziyaret ettikleri zaman mezara pirin\u00e7 serpiyorlard\u0131. Bir g\u00fcn bir Amerikal\u0131, kendi \u00f6l\u00fcs\u00fcn\u00fcn mezar\u0131na koymak i\u00e7in \u00e7i\u00e7ek g\u00f6t\u00fcr\u00fcrken, \u00c7inli\u2019nin yapt\u0131\u011f\u0131n\u0131<span class=\"excerpt-hellip\"> [\u2026]<\/span><\/p>\n","protected":false},"featured_media":0,"template":"","meta":{"_monsterinsights_skip_tracking":false,"_monsterinsights_sitenote_active":false,"_monsterinsights_sitenote_note":"","_monsterinsights_sitenote_category":0},"product_brand":[],"product_cat":[12291,14825],"product_tag":[],"class_list":{"0":"post-714109","1":"product","2":"type-product","3":"status-publish","5":"product_cat-edebiyat","6":"product_cat-mizah","7":"pa_cilt-ciltsiz","8":"pa_tur-kitap","9":"pa_yayinevi-fark-yayinlari","10":"pa_yazar-murat-ertan","12":"first","13":"instock","14":"sale","15":"shipping-taxable","16":"purchasable","17":"product-type-simple"},"_links":{"self":[{"href":"https:\/\/roveyayinevi.com.tr\/index.php\/wp-json\/wp\/v2\/product\/714109","targetHints":{"allow":["GET"]}}],"collection":[{"href":"https:\/\/roveyayinevi.com.tr\/index.php\/wp-json\/wp\/v2\/product"}],"about":[{"href":"https:\/\/roveyayinevi.com.tr\/index.php\/wp-json\/wp\/v2\/types\/product"}],"wp:attachment":[{"href":"https:\/\/roveyayinevi.com.tr\/index.php\/wp-json\/wp\/v2\/media?parent=714109"}],"wp:term":[{"taxonomy":"product_brand","embeddable":true,"href":"https:\/\/roveyayinevi.com.tr\/index.php\/wp-json\/wp\/v2\/product_brand?post=714109"},{"taxonomy":"product_cat","embeddable":true,"href":"https:\/\/roveyayinevi.com.tr\/index.php\/wp-json\/wp\/v2\/product_cat?post=714109"},{"taxonomy":"product_tag","embeddable":true,"href":"https:\/\/roveyayinevi.com.tr\/index.php\/wp-json\/wp\/v2\/product_tag?post=714109"}],"curies":[{"name":"wp","href":"https:\/\/api.w.org\/{rel}","templated":true}]}}