{"id":714031,"date":"2025-08-27T17:14:13","date_gmt":"2025-08-27T14:14:13","guid":{"rendered":"https:\/\/roveyayinevi.com.tr\/index.php\/urun\/ejderha-avcilari-okulu-14-kral-keni-kurtarmak\/"},"modified":"2026-04-16T02:22:25","modified_gmt":"2026-04-15T23:22:25","slug":"ejderha-avcilari-okulu-14-kral-keni-kurtarmak","status":"publish","type":"product","link":"https:\/\/roveyayinevi.com.tr\/index.php\/urun\/ejderha-avcilari-okulu-14-kral-keni-kurtarmak\/","title":{"rendered":"Ejderha Avc\u0131lar\u0131 Okulu 14 Kral Ken&#8217;i Kurtarmak"},"content":{"rendered":"<p>Ejderha Avc\u0131lar\u0131 Okulu k\u0131sa bir s\u00fcreli\u011fine tatile giriyor. Bu f\u0131rsat\u0131 de\u011ferlendiren Wiglaf ve arkada\u015flar\u0131, Erica\u2019n\u0131n daveti \u00fczerine Kraliyet Saray\u0131\u2019na gidiyorlar. Kara Orman\u2019daki maceral\u0131 bir yolculu\u011fun sonunda saraya var\u0131yorlar ama o da ne? Kral Ken \u00e7ok hasta ve bir an \u00f6nce iyile\u015fmezse taht\u0131n\u0131 kaybetme tehlikesiyle kar\u015f\u0131 kar\u015f\u0131ya. Ejderha avc\u0131lar\u0131, kral\u0131 iyile\u015ftirip kraliyeti kurtarabilecekler mi? \ufffcTan\u0131t\u0131m Metni<\/p>\n","protected":false},"excerpt":{"rendered":"<p>Ejderha Avc\u0131lar\u0131 Okulu k\u0131sa bir s\u00fcreli\u011fine tatile giriyor. Bu f\u0131rsat\u0131 de\u011ferlendiren Wiglaf ve arkada\u015flar\u0131, Erica\u2019n\u0131n daveti \u00fczerine Kraliyet Saray\u0131\u2019na gidiyorlar. Kara Orman\u2019daki maceral\u0131 bir yolculu\u011fun sonunda<span class=\"excerpt-hellip\"> [\u2026]<\/span><\/p>\n","protected":false},"featured_media":0,"template":"","meta":{"_monsterinsights_skip_tracking":false,"_monsterinsights_sitenote_active":false,"_monsterinsights_sitenote_note":"","_monsterinsights_sitenote_category":0},"product_brand":[],"product_cat":[12274,12284],"product_tag":[],"class_list":{"0":"post-714031","1":"product","2":"type-product","3":"status-publish","5":"product_cat-cocuk-ve-genclik-kitaplari","6":"product_cat-hikayeler","7":"pa_cilt-ciltsiz","8":"pa_tur-kitap","9":"pa_yayinevi-beyaz-balina-yayinlari","10":"pa_yazar-kate-mcmullan","12":"first","13":"instock","14":"sale","15":"shipping-taxable","16":"purchasable","17":"product-type-simple"},"_links":{"self":[{"href":"https:\/\/roveyayinevi.com.tr\/index.php\/wp-json\/wp\/v2\/product\/714031","targetHints":{"allow":["GET"]}}],"collection":[{"href":"https:\/\/roveyayinevi.com.tr\/index.php\/wp-json\/wp\/v2\/product"}],"about":[{"href":"https:\/\/roveyayinevi.com.tr\/index.php\/wp-json\/wp\/v2\/types\/product"}],"wp:attachment":[{"href":"https:\/\/roveyayinevi.com.tr\/index.php\/wp-json\/wp\/v2\/media?parent=714031"}],"wp:term":[{"taxonomy":"product_brand","embeddable":true,"href":"https:\/\/roveyayinevi.com.tr\/index.php\/wp-json\/wp\/v2\/product_brand?post=714031"},{"taxonomy":"product_cat","embeddable":true,"href":"https:\/\/roveyayinevi.com.tr\/index.php\/wp-json\/wp\/v2\/product_cat?post=714031"},{"taxonomy":"product_tag","embeddable":true,"href":"https:\/\/roveyayinevi.com.tr\/index.php\/wp-json\/wp\/v2\/product_tag?post=714031"}],"curies":[{"name":"wp","href":"https:\/\/api.w.org\/{rel}","templated":true}]}}