{"id":714025,"date":"2025-08-27T17:14:09","date_gmt":"2025-08-27T14:14:09","guid":{"rendered":"https:\/\/roveyayinevi.com.tr\/index.php\/urun\/bir-egitimcinin-oykusu\/"},"modified":"2026-04-16T02:22:25","modified_gmt":"2026-04-15T23:22:25","slug":"bir-egitimcinin-oykusu","status":"publish","type":"product","link":"https:\/\/roveyayinevi.com.tr\/index.php\/urun\/bir-egitimcinin-oykusu\/","title":{"rendered":"Bir E\u011fitimcinin \u00d6yk\u00fcs\u00fc"},"content":{"rendered":"<p>Hesabali Turan, Cumhuriyetle hemen hemen ya\u015f\u0131t bir e\u011fitimci, \u015eav\u015fat&#8217;\u0131n bir k\u00f6y\u00fcnde do\u011fdu, binbir g\u00fc\u00e7l\u00fckle okullar bitirdi, Milli E\u011fitim&#8217;de m\u00fcfetti\u015fli\u011fe kadar y\u00fckseldi: Gen\u00e7 Cumhuriyetle birlikte b\u00fcy\u00fcd\u00fc, olgunla\u015ft\u0131. \u00d6\u011frenme ve \u00f6\u011fretme tutkusunun belirledi\u011fi ya\u015fam\u0131nda, b\u00fct\u00fcn \u00f6nc\u00fclerin kar\u015f\u0131la\u015ft\u0131\u011f\u0131 zorluk ve engellerle kar\u015f\u0131la\u015fan Turan, m\u00fccadelesiyle hem kendi ku\u015fa\u011f\u0131na hem de yeti\u015ftirdi\u011fi insanlara \u00f6rnek oldu. Cumhuriyetin bu ads\u0131z kahraman\u0131n\u0131n ya\u015fam\u00f6yk\u00fcs\u00fcn\u00fc kendi kaleminden, kendi dilinden sunuyoruz. <\/p>\n","protected":false},"excerpt":{"rendered":"<p>Hesabali Turan, Cumhuriyetle hemen hemen ya\u015f\u0131t bir e\u011fitimci, \u015eav\u015fat&#8217;\u0131n bir k\u00f6y\u00fcnde do\u011fdu, binbir g\u00fc\u00e7l\u00fckle okullar bitirdi, Milli E\u011fitim&#8217;de m\u00fcfetti\u015fli\u011fe kadar y\u00fckseldi: Gen\u00e7 Cumhuriyetle birlikte b\u00fcy\u00fcd\u00fc, olgunla\u015ft\u0131.<span class=\"excerpt-hellip\"> [\u2026]<\/span><\/p>\n","protected":false},"featured_media":0,"template":"","meta":{"_monsterinsights_skip_tracking":false,"_monsterinsights_sitenote_active":false,"_monsterinsights_sitenote_note":"","_monsterinsights_sitenote_category":0},"product_brand":[],"product_cat":[13946,12304],"product_tag":[],"class_list":{"0":"post-714025","1":"product","2":"type-product","3":"status-publish","5":"product_cat-biyografi-otobiyografi","6":"product_cat-tarih","7":"pa_cilt-ciltsiz","8":"pa_tur-kitap","9":"pa_yayinevi-yapi-kredi-yayinlari","10":"pa_yazar-hesabali-turan","12":"first","13":"instock","14":"sale","15":"shipping-taxable","16":"purchasable","17":"product-type-simple"},"_links":{"self":[{"href":"https:\/\/roveyayinevi.com.tr\/index.php\/wp-json\/wp\/v2\/product\/714025","targetHints":{"allow":["GET"]}}],"collection":[{"href":"https:\/\/roveyayinevi.com.tr\/index.php\/wp-json\/wp\/v2\/product"}],"about":[{"href":"https:\/\/roveyayinevi.com.tr\/index.php\/wp-json\/wp\/v2\/types\/product"}],"wp:attachment":[{"href":"https:\/\/roveyayinevi.com.tr\/index.php\/wp-json\/wp\/v2\/media?parent=714025"}],"wp:term":[{"taxonomy":"product_brand","embeddable":true,"href":"https:\/\/roveyayinevi.com.tr\/index.php\/wp-json\/wp\/v2\/product_brand?post=714025"},{"taxonomy":"product_cat","embeddable":true,"href":"https:\/\/roveyayinevi.com.tr\/index.php\/wp-json\/wp\/v2\/product_cat?post=714025"},{"taxonomy":"product_tag","embeddable":true,"href":"https:\/\/roveyayinevi.com.tr\/index.php\/wp-json\/wp\/v2\/product_tag?post=714025"}],"curies":[{"name":"wp","href":"https:\/\/api.w.org\/{rel}","templated":true}]}}