{"id":714022,"date":"2025-08-27T17:14:07","date_gmt":"2025-08-27T14:14:07","guid":{"rendered":"https:\/\/roveyayinevi.com.tr\/index.php\/urun\/benim-adim-bale\/"},"modified":"2026-04-13T02:27:44","modified_gmt":"2026-04-12T23:27:44","slug":"benim-adim-bale","status":"publish","type":"product","link":"https:\/\/roveyayinevi.com.tr\/index.php\/urun\/benim-adim-bale\/","title":{"rendered":"Benim Ad\u0131m Bale"},"content":{"rendered":"<p>Southampton\u2019dan Real Madrid\u2019e uzanan, masal gibi bir yolculuk\u2026\u201cSouthampton, benim gibi ufak tefek birine asla burs vermeyecektir anne,\u201d dedi \u00e7ocuk.\u201cBoyumu uzatmak i\u00e7in ne yapabilirim?\u201dBu \u00e7ocuk, Gareth Bale\u2019di. K\u0131sa oldu\u011fu i\u00e7in \u00fcz\u00fcl\u00fcyordu ama boyu on sekiz ayda yirmi santimetre uzay\u0131p 1.80\u2019i ge\u00e7ti. Southampton, Tottenham derken, r\u00fcyas\u0131 ger\u00e7ek oldu: Real Madrid\u2019de oynamaya ba\u015flad\u0131! Bu kitapta Bale\u2019in Galler\u2019den \u0130spanya\u2019ya uzanarak nas\u0131l d\u00fcnyan\u0131n en iyi futbolcular\u0131ndan birine d\u00f6n\u00fc\u015ft\u00fc\u011f\u00fcn\u00fc okuyacaks\u0131n\u0131z. <\/p>\n","protected":false},"excerpt":{"rendered":"<p>Southampton\u2019dan Real Madrid\u2019e uzanan, masal gibi bir yolculuk\u2026\u201cSouthampton, benim gibi ufak tefek birine asla burs vermeyecektir anne,\u201d dedi \u00e7ocuk.\u201cBoyumu uzatmak i\u00e7in ne yapabilirim?\u201dBu \u00e7ocuk, Gareth Bale\u2019di.<span class=\"excerpt-hellip\"> [\u2026]<\/span><\/p>\n","protected":false},"featured_media":0,"template":"","meta":{"_monsterinsights_skip_tracking":false,"_monsterinsights_sitenote_active":false,"_monsterinsights_sitenote_note":"","_monsterinsights_sitenote_category":0},"product_brand":[],"product_cat":[12291],"product_tag":[],"class_list":{"0":"post-714022","1":"product","2":"type-product","3":"status-publish","5":"product_cat-edebiyat","6":"pa_cilt-ciltsiz","7":"pa_tur-kitap","8":"pa_yayinevi-beyaz-balina-yayinlari","9":"pa_yazar-matt-oldfield-tom-oldfield","11":"first","12":"instock","13":"sale","14":"shipping-taxable","15":"purchasable","16":"product-type-simple"},"_links":{"self":[{"href":"https:\/\/roveyayinevi.com.tr\/index.php\/wp-json\/wp\/v2\/product\/714022","targetHints":{"allow":["GET"]}}],"collection":[{"href":"https:\/\/roveyayinevi.com.tr\/index.php\/wp-json\/wp\/v2\/product"}],"about":[{"href":"https:\/\/roveyayinevi.com.tr\/index.php\/wp-json\/wp\/v2\/types\/product"}],"wp:attachment":[{"href":"https:\/\/roveyayinevi.com.tr\/index.php\/wp-json\/wp\/v2\/media?parent=714022"}],"wp:term":[{"taxonomy":"product_brand","embeddable":true,"href":"https:\/\/roveyayinevi.com.tr\/index.php\/wp-json\/wp\/v2\/product_brand?post=714022"},{"taxonomy":"product_cat","embeddable":true,"href":"https:\/\/roveyayinevi.com.tr\/index.php\/wp-json\/wp\/v2\/product_cat?post=714022"},{"taxonomy":"product_tag","embeddable":true,"href":"https:\/\/roveyayinevi.com.tr\/index.php\/wp-json\/wp\/v2\/product_tag?post=714022"}],"curies":[{"name":"wp","href":"https:\/\/api.w.org\/{rel}","templated":true}]}}