{"id":714014,"date":"2025-08-27T17:14:03","date_gmt":"2025-08-27T14:14:03","guid":{"rendered":"https:\/\/roveyayinevi.com.tr\/index.php\/urun\/yunan-mitolojisinde-ask\/"},"modified":"2026-04-16T02:22:25","modified_gmt":"2026-04-15T23:22:25","slug":"yunan-mitolojisinde-ask","status":"publish","type":"product","link":"https:\/\/roveyayinevi.com.tr\/index.php\/urun\/yunan-mitolojisinde-ask\/","title":{"rendered":"Yunan Mitolojisinde A\u015fk"},"content":{"rendered":"<p>Yunan Mitolojisinde A\u015fk, sevme-sevi\u015fme ve \u00fcreme iste\u011fi denen tanr\u0131la\u015ft\u0131r\u0131lm\u0131\u015f bir s\u00e2iki temsil etmekte olan Aphrodite\u2019nin ve Eros\u2019un (A\u015fk\u2019\u0131n) etkisi ile meydana gelmi\u015f olan olaylar\u0131n \u00fcnl\u00fc mitolojik kahramanlar \u00fczerindeki etkilerini inceleme konusu yapan bir kitapt\u0131r. Kitab\u0131m\u0131z, ulv\u00ee a\u015fk\u0131n tanr\u0131\u00e7as\u0131 AphroditeOurania ile s\u0131radan, d\u00fcnyev\u00ee olan a\u015fk\u0131n tanr\u0131\u00e7as\u0131 AphroditePandemos\u2019un \u00e7e\u015fitli ili\u015fki t\u00fcrleri \u00fczerinde yapt\u0131\u011f\u0131 etkiyi, sosyolojik ve psikolojik yorumlamalar\u0131 ile birlikte vererek, insan\u0131 anlama ve anlatma konusuna \u00f6nemli bir katk\u0131 sa\u011flamaya \u00e7al\u0131\u015fmaktad\u0131r. \u00dcnl\u00fc mitolojik kahramanlar\u0131n eylemlerinin anlat\u0131ld\u0131\u011f\u0131 Yunan Mitolojisinde A\u015fk adl\u0131 kitap ile tanr\u0131sal varl\u0131klar\u0131n eylemlerinin anlat\u0131ld\u0131\u011f\u0131 Yunan Mitolojisinde Do\u011fu-Bat\u0131 B\u00fct\u00fcnle\u015fmesi adl\u0131 kitab\u0131m\u0131z, birbirini tamamlayan; antik d\u00fcnyada meydana gelmi\u015f olan k\u00fclt\u00fcrel al\u0131\u015f veri\u015fin bug\u00fcn\u00fcn Bat\u0131 D\u00fcnyas\u0131\u2019na nas\u0131l aktar\u0131lm\u0131\u015f oldu\u011funun bir sunumunu yapmakta, ele al\u0131nm\u0131\u015f olan mitolojik \u00f6yk\u00fclerin R\u00f6nesans\u2019tan bu yana bug\u00fcn\u00fcn bilimini, felsefesini, edebiyat\u0131n\u0131, m\u00fczi\u011fini, pl\u00e2stik sanatlar\u0131n\u0131, hatt\u00e2 sinema d\u00fcnyas\u0131n\u0131 nas\u0131l etkilemi\u015f oldu\u011funu a\u00e7\u0131k bir \u015fekilde g\u00f6stermeye \u00e7al\u0131\u015fmaktad\u0131r. Elinizdeki kitaplar, size Antik \u00c7a\u011f pl\u00e2stik sanat\u00e7\u0131 ve edebiyat\u00e7\u0131lar\u0131ndan Paul C\u00e9zanne\u2019a ve Salvador Dali\u2019ye; Sophokles, Shakespeare, Goethe ve Jean Cocteau\u2019ya var\u0131ncaya kadar \u00fcnl\u00fc ki\u015filerin mitolojik ki\u015filerden nas\u0131l etkilenmi\u015f olduklar\u0131n\u0131 g\u00f6zler \u00f6n\u00fcne sermekte; ilginizi \u00e7ekebilece\u011fi \u00fcmidi ile size kar\u015f\u0131la\u015ft\u0131rmal\u0131 bir k\u00fclt\u00fcr tarihi verisi sunmaktad\u0131r. <\/p>\n","protected":false},"excerpt":{"rendered":"<p>Yunan Mitolojisinde A\u015fk, sevme-sevi\u015fme ve \u00fcreme iste\u011fi denen tanr\u0131la\u015ft\u0131r\u0131lm\u0131\u015f bir s\u00e2iki temsil etmekte olan Aphrodite\u2019nin ve Eros\u2019un (A\u015fk\u2019\u0131n) etkisi ile meydana gelmi\u015f olan olaylar\u0131n \u00fcnl\u00fc mitolojik<span class=\"excerpt-hellip\"> [\u2026]<\/span><\/p>\n","protected":false},"featured_media":0,"template":"","meta":{"_monsterinsights_skip_tracking":false,"_monsterinsights_sitenote_active":false,"_monsterinsights_sitenote_note":"","_monsterinsights_sitenote_category":0},"product_brand":[],"product_cat":[12718,12858],"product_tag":[],"class_list":{"0":"post-714014","1":"product","2":"type-product","3":"status-publish","5":"product_cat-din","6":"product_cat-mitolojiler","7":"pa_cilt-ciltli","8":"pa_tur-kitap","9":"pa_yayinevi-dogu-bati-yayinlari","10":"pa_yazar-turhan-yorukan","12":"first","13":"instock","14":"sale","15":"shipping-taxable","16":"purchasable","17":"product-type-simple"},"_links":{"self":[{"href":"https:\/\/roveyayinevi.com.tr\/index.php\/wp-json\/wp\/v2\/product\/714014","targetHints":{"allow":["GET"]}}],"collection":[{"href":"https:\/\/roveyayinevi.com.tr\/index.php\/wp-json\/wp\/v2\/product"}],"about":[{"href":"https:\/\/roveyayinevi.com.tr\/index.php\/wp-json\/wp\/v2\/types\/product"}],"wp:attachment":[{"href":"https:\/\/roveyayinevi.com.tr\/index.php\/wp-json\/wp\/v2\/media?parent=714014"}],"wp:term":[{"taxonomy":"product_brand","embeddable":true,"href":"https:\/\/roveyayinevi.com.tr\/index.php\/wp-json\/wp\/v2\/product_brand?post=714014"},{"taxonomy":"product_cat","embeddable":true,"href":"https:\/\/roveyayinevi.com.tr\/index.php\/wp-json\/wp\/v2\/product_cat?post=714014"},{"taxonomy":"product_tag","embeddable":true,"href":"https:\/\/roveyayinevi.com.tr\/index.php\/wp-json\/wp\/v2\/product_tag?post=714014"}],"curies":[{"name":"wp","href":"https:\/\/api.w.org\/{rel}","templated":true}]}}