{"id":714011,"date":"2025-08-27T17:14:01","date_gmt":"2025-08-27T14:14:01","guid":{"rendered":"https:\/\/roveyayinevi.com.tr\/index.php\/urun\/canavar-pesinde-53-su-krali-sivri-yuzgec\/"},"modified":"2026-04-13T02:27:43","modified_gmt":"2026-04-12T23:27:43","slug":"canavar-pesinde-53-su-krali-sivri-yuzgec","status":"publish","type":"product","link":"https:\/\/roveyayinevi.com.tr\/index.php\/urun\/canavar-pesinde-53-su-krali-sivri-yuzgec\/","title":{"rendered":"Canavar Pe\u015finde 53 &#8211; Su Kral\u0131 Sivri Y\u00fczge\u00e7"},"content":{"rendered":"<p>Yepyeni Canavar Pe\u015finde maceras\u0131na ho\u015f geldiniz:B\u00fcy\u00fcc\u00fcn\u00fcn Asas\u0131Kara B\u00fcy\u00fcc\u00fc Malvel, Tom\u2019un Seraf diyar\u0131n\u0131 kurtarmas\u0131n\u0131 \u00f6nlemek i\u00e7in yeni bir canavar yaratt\u0131!Su Kral\u0131 Sivri Y\u00fczge\u00e7, Tom\u2019un \u015fimdiye dek kar\u015f\u0131la\u015ft\u0131\u011f\u0131 en g\u00fc\u00e7l\u00fc canavarlardan biri.Yoksa bu, Tom\u2019un son maceras\u0131 m\u0131 olacak? <\/p>\n","protected":false},"excerpt":{"rendered":"<p>Yepyeni Canavar Pe\u015finde maceras\u0131na ho\u015f geldiniz:B\u00fcy\u00fcc\u00fcn\u00fcn Asas\u0131Kara B\u00fcy\u00fcc\u00fc Malvel, Tom\u2019un Seraf diyar\u0131n\u0131 kurtarmas\u0131n\u0131 \u00f6nlemek i\u00e7in yeni bir canavar yaratt\u0131!Su Kral\u0131 Sivri Y\u00fczge\u00e7, Tom\u2019un \u015fimdiye dek kar\u015f\u0131la\u015ft\u0131\u011f\u0131<span class=\"excerpt-hellip\"> [\u2026]<\/span><\/p>\n","protected":false},"featured_media":0,"template":"","meta":{"_monsterinsights_skip_tracking":false,"_monsterinsights_sitenote_active":false,"_monsterinsights_sitenote_note":"","_monsterinsights_sitenote_category":0},"product_brand":[],"product_cat":[12274,12284],"product_tag":[],"class_list":{"0":"post-714011","1":"product","2":"type-product","3":"status-publish","5":"product_cat-cocuk-ve-genclik-kitaplari","6":"product_cat-hikayeler","7":"pa_cilt-ciltsiz","8":"pa_tur-kitap","9":"pa_yayinevi-beyaz-balina-yayinlari","10":"pa_yazar-adam-blade","12":"first","13":"instock","14":"sale","15":"shipping-taxable","16":"purchasable","17":"product-type-simple"},"_links":{"self":[{"href":"https:\/\/roveyayinevi.com.tr\/index.php\/wp-json\/wp\/v2\/product\/714011","targetHints":{"allow":["GET"]}}],"collection":[{"href":"https:\/\/roveyayinevi.com.tr\/index.php\/wp-json\/wp\/v2\/product"}],"about":[{"href":"https:\/\/roveyayinevi.com.tr\/index.php\/wp-json\/wp\/v2\/types\/product"}],"wp:attachment":[{"href":"https:\/\/roveyayinevi.com.tr\/index.php\/wp-json\/wp\/v2\/media?parent=714011"}],"wp:term":[{"taxonomy":"product_brand","embeddable":true,"href":"https:\/\/roveyayinevi.com.tr\/index.php\/wp-json\/wp\/v2\/product_brand?post=714011"},{"taxonomy":"product_cat","embeddable":true,"href":"https:\/\/roveyayinevi.com.tr\/index.php\/wp-json\/wp\/v2\/product_cat?post=714011"},{"taxonomy":"product_tag","embeddable":true,"href":"https:\/\/roveyayinevi.com.tr\/index.php\/wp-json\/wp\/v2\/product_tag?post=714011"}],"curies":[{"name":"wp","href":"https:\/\/api.w.org\/{rel}","templated":true}]}}