{"id":714010,"date":"2025-08-27T17:14:00","date_gmt":"2025-08-27T14:14:00","guid":{"rendered":"https:\/\/roveyayinevi.com.tr\/index.php\/urun\/corbamda-zurafa-varciltli\/"},"modified":"2026-04-16T02:22:25","modified_gmt":"2026-04-15T23:22:25","slug":"corbamda-zurafa-varciltli","status":"publish","type":"product","link":"https:\/\/roveyayinevi.com.tr\/index.php\/urun\/corbamda-zurafa-varciltli\/","title":{"rendered":"\u00c7orbamda Z\u00fcrafa Var(Ciltli)"},"content":{"rendered":"<p>\u201cGarson, bakar m\u0131s\u0131n\u0131z? \u00c7orbamda z\u00fcrafa var!\u201dSizin \u00e7orban\u0131zdan z\u00fcrafa \u00e7\u0131kt\u0131 m\u0131 hi\u00e7? Peki ya timsah? Ya da bir fil? Birbirinden komik ve e\u011flenceli \u00e7izimlerle dolu bu kitapta kar\u015f\u0131n\u0131za her an sevimli mi sevimli bir hayvan \u00e7\u0131kabilir!<\/p>\n","protected":false},"excerpt":{"rendered":"<p>\u201cGarson, bakar m\u0131s\u0131n\u0131z? \u00c7orbamda z\u00fcrafa var!\u201dSizin \u00e7orban\u0131zdan z\u00fcrafa \u00e7\u0131kt\u0131 m\u0131 hi\u00e7? Peki ya timsah? Ya da bir fil? Birbirinden komik ve e\u011flenceli \u00e7izimlerle dolu bu kitapta<span class=\"excerpt-hellip\"> [\u2026]<\/span><\/p>\n","protected":false},"featured_media":0,"template":"","meta":{"_monsterinsights_skip_tracking":false,"_monsterinsights_sitenote_active":false,"_monsterinsights_sitenote_note":"","_monsterinsights_sitenote_category":0},"product_brand":[],"product_cat":[12913,12274],"product_tag":[],"class_list":{"0":"post-714010","1":"product","2":"type-product","3":"status-publish","5":"product_cat-3-6-yas-kitaplari","6":"product_cat-cocuk-ve-genclik-kitaplari","7":"pa_cilt-ciltli","8":"pa_tur-kitap","9":"pa_yayinevi-beyaz-balina-yayinlari","10":"pa_yazar-ross-burach","12":"first","13":"instock","14":"sale","15":"shipping-taxable","16":"purchasable","17":"product-type-simple"},"_links":{"self":[{"href":"https:\/\/roveyayinevi.com.tr\/index.php\/wp-json\/wp\/v2\/product\/714010","targetHints":{"allow":["GET"]}}],"collection":[{"href":"https:\/\/roveyayinevi.com.tr\/index.php\/wp-json\/wp\/v2\/product"}],"about":[{"href":"https:\/\/roveyayinevi.com.tr\/index.php\/wp-json\/wp\/v2\/types\/product"}],"wp:attachment":[{"href":"https:\/\/roveyayinevi.com.tr\/index.php\/wp-json\/wp\/v2\/media?parent=714010"}],"wp:term":[{"taxonomy":"product_brand","embeddable":true,"href":"https:\/\/roveyayinevi.com.tr\/index.php\/wp-json\/wp\/v2\/product_brand?post=714010"},{"taxonomy":"product_cat","embeddable":true,"href":"https:\/\/roveyayinevi.com.tr\/index.php\/wp-json\/wp\/v2\/product_cat?post=714010"},{"taxonomy":"product_tag","embeddable":true,"href":"https:\/\/roveyayinevi.com.tr\/index.php\/wp-json\/wp\/v2\/product_tag?post=714010"}],"curies":[{"name":"wp","href":"https:\/\/api.w.org\/{rel}","templated":true}]}}