{"id":714000,"date":"2025-08-27T17:13:54","date_gmt":"2025-08-27T14:13:54","guid":{"rendered":"https:\/\/roveyayinevi.com.tr\/index.php\/urun\/kutuphane-tavsani\/"},"modified":"2026-04-16T02:22:25","modified_gmt":"2026-04-15T23:22:25","slug":"kutuphane-tavsani","status":"publish","type":"product","link":"https:\/\/roveyayinevi.com.tr\/index.php\/urun\/kutuphane-tavsani\/","title":{"rendered":"K\u00fct\u00fcphane Tav\u015fan\u0131"},"content":{"rendered":"<p>K\u00fc\u00e7\u00fck Tav\u015fan kitaplar\u0131 \u00e7ok seviyor. Hele s\u0131cak yaz g\u00fcnlerinde \u00e7ocuklarla birlikte d\u0131\u015far\u0131da oturup masal dinlemeye bay\u0131l\u0131yor. Masallar\u0131 dinlerken kendini bir da\u011f\u0131n tepesinde, bir geminin d\u00fcmeninde, bir krall\u0131\u011f\u0131n taht\u0131nda hayal eden K\u00fc\u00e7\u00fck Tav\u015fan havalar so\u011fuyup da kimse d\u0131\u015far\u0131da kitap okumaz olunca \u00fcz\u00fcnt\u00fcden ne yapaca\u011f\u0131n\u0131 bilemiyor. \u00c7ok sevdi\u011fi kitaplara kavu\u015fmak i\u00e7in her yolu denemeye haz\u0131r olan K\u00fc\u00e7\u00fck Tav\u015fan bir gece yata\u011f\u0131ndan f\u0131rlay\u0131p k\u00fct\u00fcphanenin yolunu tutuyor\u2026 <\/p>\n","protected":false},"excerpt":{"rendered":"<p>K\u00fc\u00e7\u00fck Tav\u015fan kitaplar\u0131 \u00e7ok seviyor. Hele s\u0131cak yaz g\u00fcnlerinde \u00e7ocuklarla birlikte d\u0131\u015far\u0131da oturup masal dinlemeye bay\u0131l\u0131yor. Masallar\u0131 dinlerken kendini bir da\u011f\u0131n tepesinde, bir geminin d\u00fcmeninde, bir<span class=\"excerpt-hellip\"> [\u2026]<\/span><\/p>\n","protected":false},"featured_media":0,"template":"","meta":{"_monsterinsights_skip_tracking":false,"_monsterinsights_sitenote_active":false,"_monsterinsights_sitenote_note":"","_monsterinsights_sitenote_category":0},"product_brand":[],"product_cat":[12913,12274],"product_tag":[],"class_list":{"0":"post-714000","1":"product","2":"type-product","3":"status-publish","5":"product_cat-3-6-yas-kitaplari","6":"product_cat-cocuk-ve-genclik-kitaplari","7":"pa_cilt-ciltli","8":"pa_tur-kitap","9":"pa_yayinevi-beyaz-balina-yayinlari","10":"pa_yazar-annie-silvestro","12":"first","13":"instock","14":"sale","15":"shipping-taxable","16":"purchasable","17":"product-type-simple"},"_links":{"self":[{"href":"https:\/\/roveyayinevi.com.tr\/index.php\/wp-json\/wp\/v2\/product\/714000","targetHints":{"allow":["GET"]}}],"collection":[{"href":"https:\/\/roveyayinevi.com.tr\/index.php\/wp-json\/wp\/v2\/product"}],"about":[{"href":"https:\/\/roveyayinevi.com.tr\/index.php\/wp-json\/wp\/v2\/types\/product"}],"wp:attachment":[{"href":"https:\/\/roveyayinevi.com.tr\/index.php\/wp-json\/wp\/v2\/media?parent=714000"}],"wp:term":[{"taxonomy":"product_brand","embeddable":true,"href":"https:\/\/roveyayinevi.com.tr\/index.php\/wp-json\/wp\/v2\/product_brand?post=714000"},{"taxonomy":"product_cat","embeddable":true,"href":"https:\/\/roveyayinevi.com.tr\/index.php\/wp-json\/wp\/v2\/product_cat?post=714000"},{"taxonomy":"product_tag","embeddable":true,"href":"https:\/\/roveyayinevi.com.tr\/index.php\/wp-json\/wp\/v2\/product_tag?post=714000"}],"curies":[{"name":"wp","href":"https:\/\/api.w.org\/{rel}","templated":true}]}}