{"id":713996,"date":"2025-08-27T17:13:52","date_gmt":"2025-08-27T14:13:52","guid":{"rendered":"https:\/\/roveyayinevi.com.tr\/index.php\/urun\/korku-gecesi-zehirli-elma-serisi-2\/"},"modified":"2026-01-30T02:38:50","modified_gmt":"2026-01-29T23:38:50","slug":"korku-gecesi-zehirli-elma-serisi-2","status":"publish","type":"product","link":"https:\/\/roveyayinevi.com.tr\/index.php\/urun\/korku-gecesi-zehirli-elma-serisi-2\/","title":{"rendered":"Korku Gecesi &#8211; Zehirli Elma Serisi 2"},"content":{"rendered":"<p>On iki ya\u015f\u0131ndaki Emma-Rose Paley bembeyaz teni, simsiyah sa\u00e7lar\u0131 ve i\u00e7e kapan\u0131k tabiat\u0131yla anne ve babas\u0131ndan biraz farkl\u0131yd\u0131. G\u00fcne\u015fli havalardan ve sar\u0131msaktan hi\u00e7 ho\u015flanm\u0131yor, eti az pi\u015fmi\u015f seviyordu. \u00dcst\u00fcne \u00fcstl\u00fck iki adet, sipsivri k\u00f6pek di\u015fi vard\u0131. Romanya\u2019dan ziyaretlerine gelen gizemli bir akrabalar\u0131 sayesinde aile ge\u00e7mi\u015flerine dair \u00f6\u011frendi\u011fi \u015feyler de \u015f\u00fcphelerini do\u011frular nitelikteydi. Acaba Emma-Rose ger\u00e7ek bir vampir olabilir miydi? <\/p>\n","protected":false},"excerpt":{"rendered":"<p>On iki ya\u015f\u0131ndaki Emma-Rose Paley bembeyaz teni, simsiyah sa\u00e7lar\u0131 ve i\u00e7e kapan\u0131k tabiat\u0131yla anne ve babas\u0131ndan biraz farkl\u0131yd\u0131. G\u00fcne\u015fli havalardan ve sar\u0131msaktan hi\u00e7 ho\u015flanm\u0131yor, eti az<span class=\"excerpt-hellip\"> [\u2026]<\/span><\/p>\n","protected":false},"featured_media":0,"template":"","meta":{"_monsterinsights_skip_tracking":false,"_monsterinsights_sitenote_active":false,"_monsterinsights_sitenote_note":"","_monsterinsights_sitenote_category":0},"product_brand":[],"product_cat":[12291,17033],"product_tag":[],"class_list":{"0":"post-713996","1":"product","2":"type-product","3":"status-publish","5":"product_cat-edebiyat","6":"product_cat-korku-gerilim","7":"pa_cilt-ciltsiz","8":"pa_tur-kitap","9":"pa_yayinevi-beyaz-balina-yayinlari","10":"pa_yazar-ruth-ames","12":"first","13":"instock","14":"sale","15":"shipping-taxable","16":"purchasable","17":"product-type-simple"},"_links":{"self":[{"href":"https:\/\/roveyayinevi.com.tr\/index.php\/wp-json\/wp\/v2\/product\/713996","targetHints":{"allow":["GET"]}}],"collection":[{"href":"https:\/\/roveyayinevi.com.tr\/index.php\/wp-json\/wp\/v2\/product"}],"about":[{"href":"https:\/\/roveyayinevi.com.tr\/index.php\/wp-json\/wp\/v2\/types\/product"}],"wp:attachment":[{"href":"https:\/\/roveyayinevi.com.tr\/index.php\/wp-json\/wp\/v2\/media?parent=713996"}],"wp:term":[{"taxonomy":"product_brand","embeddable":true,"href":"https:\/\/roveyayinevi.com.tr\/index.php\/wp-json\/wp\/v2\/product_brand?post=713996"},{"taxonomy":"product_cat","embeddable":true,"href":"https:\/\/roveyayinevi.com.tr\/index.php\/wp-json\/wp\/v2\/product_cat?post=713996"},{"taxonomy":"product_tag","embeddable":true,"href":"https:\/\/roveyayinevi.com.tr\/index.php\/wp-json\/wp\/v2\/product_tag?post=713996"}],"curies":[{"name":"wp","href":"https:\/\/api.w.org\/{rel}","templated":true}]}}