{"id":713963,"date":"2025-08-27T17:13:32","date_gmt":"2025-08-27T14:13:32","guid":{"rendered":"https:\/\/roveyayinevi.com.tr\/index.php\/urun\/battal-gazi\/"},"modified":"2026-04-16T02:22:24","modified_gmt":"2026-04-15T23:22:24","slug":"battal-gazi","status":"publish","type":"product","link":"https:\/\/roveyayinevi.com.tr\/index.php\/urun\/battal-gazi\/","title":{"rendered":"Battal Gazi"},"content":{"rendered":"<p>8.y\u00fczy\u0131lda ba\u015flay\u0131p \u0130stanbul\u2019un Sultan Mehmet taraf\u0131ndan fethine kadar be\u015f y\u00fcz y\u0131l devam etmi\u015f \u00f6nce Arap-Bizans sonra T\u00fcrk-Bizans m\u00fccadelesinin atmosferi i\u00e7inde do\u011fmu\u015f bir destand\u0131r.  Destan\u0131n ana kahraman\u0131 Battal Gazi, 8.y\u00fczy\u0131lda Emevilerin Anadolu\u2019da Bizansl\u0131lara kar\u015f\u0131 a\u00e7t\u0131klar\u0131 sava\u015flarda \u201cBattal\u201d lakab\u0131yla \u00fcn kazanm\u0131\u015f M\u00fcsl\u00fcman bir kumandand\u0131r.  Battal Gazi\u2019nin daha 14 ya\u015f\u0131nda iken bile\u011fi b\u00fck\u00fclmez bir yi\u011fit olmas\u0131 cesur ve hi\u00e7bir \u015feyden korkmaz bir kahraman h\u00e2line gelmesine yol a\u00e7m\u0131\u015ft\u0131r. Tek ba\u015f\u0131na bir orduya kar\u015f\u0131 sava\u015f\u0131r. Her daim yeni bir icatla en b\u00fcy\u00fck tehlikelerden kurtulmas\u0131n\u0131 bilir. Kazand\u0131\u011f\u0131 sava\u015flar\u0131n sonunda ganimetten pay almaz, ganimeti din u\u011fruna sava\u015fan askerlere da\u011f\u0131t\u0131r. Kendisi sadece k\u0131l\u0131\u00e7 gibi sembolik bir \u015fey al\u0131r.  Battal Gazi Destan\u0131\u2019nda Battal kadar dikkat \u00e7eken ba\u015fka bir karakter ise Battal Gazi\u2019nin at\u0131 A\u015fkar\u2019d\u0131r. A\u015fkar, g\u00f6kten inmi\u015f hatta K\u00e2be topra\u011f\u0131ndan yarat\u0131lm\u0131\u015ft\u0131r. Battal Gazi\u2019nin yar ve yard\u0131mc\u0131s\u0131d\u0131r. <\/p>\n","protected":false},"excerpt":{"rendered":"<p>8.y\u00fczy\u0131lda ba\u015flay\u0131p \u0130stanbul\u2019un Sultan Mehmet taraf\u0131ndan fethine kadar be\u015f y\u00fcz y\u0131l devam etmi\u015f \u00f6nce Arap-Bizans sonra T\u00fcrk-Bizans m\u00fccadelesinin atmosferi i\u00e7inde do\u011fmu\u015f bir destand\u0131r. Destan\u0131n ana kahraman\u0131<span class=\"excerpt-hellip\"> [\u2026]<\/span><\/p>\n","protected":false},"featured_media":0,"template":"","meta":{"_monsterinsights_skip_tracking":false,"_monsterinsights_sitenote_active":false,"_monsterinsights_sitenote_note":"","_monsterinsights_sitenote_category":0},"product_brand":[],"product_cat":[12291,13706],"product_tag":[],"class_list":{"0":"post-713963","1":"product","2":"type-product","3":"status-publish","5":"product_cat-edebiyat","6":"product_cat-efsane-destan-masal","7":"pa_cilt-ciltsiz","8":"pa_tur-kitap","9":"pa_yayinevi-herdem-kitap","10":"pa_yazar-nuray-ertigrak","12":"first","13":"instock","14":"sale","15":"shipping-taxable","16":"purchasable","17":"product-type-simple"},"_links":{"self":[{"href":"https:\/\/roveyayinevi.com.tr\/index.php\/wp-json\/wp\/v2\/product\/713963","targetHints":{"allow":["GET"]}}],"collection":[{"href":"https:\/\/roveyayinevi.com.tr\/index.php\/wp-json\/wp\/v2\/product"}],"about":[{"href":"https:\/\/roveyayinevi.com.tr\/index.php\/wp-json\/wp\/v2\/types\/product"}],"wp:attachment":[{"href":"https:\/\/roveyayinevi.com.tr\/index.php\/wp-json\/wp\/v2\/media?parent=713963"}],"wp:term":[{"taxonomy":"product_brand","embeddable":true,"href":"https:\/\/roveyayinevi.com.tr\/index.php\/wp-json\/wp\/v2\/product_brand?post=713963"},{"taxonomy":"product_cat","embeddable":true,"href":"https:\/\/roveyayinevi.com.tr\/index.php\/wp-json\/wp\/v2\/product_cat?post=713963"},{"taxonomy":"product_tag","embeddable":true,"href":"https:\/\/roveyayinevi.com.tr\/index.php\/wp-json\/wp\/v2\/product_tag?post=713963"}],"curies":[{"name":"wp","href":"https:\/\/api.w.org\/{rel}","templated":true}]}}