{"id":713958,"date":"2025-08-27T17:13:29","date_gmt":"2025-08-27T14:13:29","guid":{"rendered":"https:\/\/roveyayinevi.com.tr\/index.php\/urun\/sayeste\/"},"modified":"2026-04-16T02:22:24","modified_gmt":"2026-04-15T23:22:24","slug":"sayeste","status":"publish","type":"product","link":"https:\/\/roveyayinevi.com.tr\/index.php\/urun\/sayeste\/","title":{"rendered":"\u015eayeste"},"content":{"rendered":"<p>Denizin \u00fcst\u00fc gemi d\u00fcmeninde dolunay geminin alt\u0131 deniz ambar\u0131 dolu m\u00fclteci Ay \u00e7al\u0131nd\u0131 geceden Denizin \u00fcst\u00fc karanl\u0131k be\u015fi bebek, yetmi\u015f \u00e7ocuk karanl\u0131\u011f\u0131n alt\u0131 dehliz arkada\u015flar\u0131 bir kara bal\u0131k Ay \u00e7al\u0131nd\u0131 gemiden Denizin \u00fcst\u00fc so\u011fuk s\u0131n\u0131r\u0131 dikenli tel denizin alt\u0131 oyuk al\u0131n yaz\u0131lar\u0131 ecel <\/p>\n","protected":false},"excerpt":{"rendered":"<p>Denizin \u00fcst\u00fc gemi d\u00fcmeninde dolunay geminin alt\u0131 deniz ambar\u0131 dolu m\u00fclteci Ay \u00e7al\u0131nd\u0131 geceden Denizin \u00fcst\u00fc karanl\u0131k be\u015fi bebek, yetmi\u015f \u00e7ocuk karanl\u0131\u011f\u0131n alt\u0131 dehliz arkada\u015flar\u0131 bir<span class=\"excerpt-hellip\"> [\u2026]<\/span><\/p>\n","protected":false},"featured_media":0,"template":"","meta":{"_monsterinsights_skip_tracking":false,"_monsterinsights_sitenote_active":false,"_monsterinsights_sitenote_note":"","_monsterinsights_sitenote_category":0},"product_brand":[],"product_cat":[12291,12509],"product_tag":[],"class_list":{"0":"post-713958","1":"product","2":"type-product","3":"status-publish","5":"product_cat-edebiyat","6":"product_cat-siir","7":"pa_cilt-ciltsiz","8":"pa_tur-kitap","9":"pa_yayinevi-islik-yayinlari","10":"pa_yazar-refik-durbas","12":"first","13":"instock","14":"sale","15":"shipping-taxable","16":"purchasable","17":"product-type-simple"},"_links":{"self":[{"href":"https:\/\/roveyayinevi.com.tr\/index.php\/wp-json\/wp\/v2\/product\/713958","targetHints":{"allow":["GET"]}}],"collection":[{"href":"https:\/\/roveyayinevi.com.tr\/index.php\/wp-json\/wp\/v2\/product"}],"about":[{"href":"https:\/\/roveyayinevi.com.tr\/index.php\/wp-json\/wp\/v2\/types\/product"}],"wp:attachment":[{"href":"https:\/\/roveyayinevi.com.tr\/index.php\/wp-json\/wp\/v2\/media?parent=713958"}],"wp:term":[{"taxonomy":"product_brand","embeddable":true,"href":"https:\/\/roveyayinevi.com.tr\/index.php\/wp-json\/wp\/v2\/product_brand?post=713958"},{"taxonomy":"product_cat","embeddable":true,"href":"https:\/\/roveyayinevi.com.tr\/index.php\/wp-json\/wp\/v2\/product_cat?post=713958"},{"taxonomy":"product_tag","embeddable":true,"href":"https:\/\/roveyayinevi.com.tr\/index.php\/wp-json\/wp\/v2\/product_tag?post=713958"}],"curies":[{"name":"wp","href":"https:\/\/api.w.org\/{rel}","templated":true}]}}