{"id":713949,"date":"2025-08-27T17:13:23","date_gmt":"2025-08-27T14:13:23","guid":{"rendered":"https:\/\/roveyayinevi.com.tr\/index.php\/urun\/dogu-seyahatnamesi-bir-dominikan-kesisin-anadolu-ve-ortadogu-yolculugu-1289-1291\/"},"modified":"2026-04-16T02:22:23","modified_gmt":"2026-04-15T23:22:23","slug":"dogu-seyahatnamesi-bir-dominikan-kesisin-anadolu-ve-ortadogu-yolculugu-1289-1291","status":"publish","type":"product","link":"https:\/\/roveyayinevi.com.tr\/index.php\/urun\/dogu-seyahatnamesi-bir-dominikan-kesisin-anadolu-ve-ortadogu-yolculugu-1289-1291\/","title":{"rendered":"Do\u011fu Seyahatnamesi Bir Dominikan Ke\u015fi\u015fin Anadolu ve Ortado\u011fu Yolculu\u011fu, 1289-1291"},"content":{"rendered":"<p>Ricoldus de Monte Crucis&#8217;in d\u00fcr\u00fcst ve nispeten tarafs\u0131z bir dille kaleme ald\u0131\u011f\u0131 seyahatnamesi, Ortado\u011fu&#8217;daki Latin varl\u0131\u011f\u0131n\u0131n sona erdi\u011fi, Mo\u011fol istilas\u0131 sonras\u0131 b\u00f6lgenin istikrara kavu\u015fmaya ba\u015flad\u0131\u011f\u0131 ve o co\u011frafyaya sonraki y\u00fczy\u0131llarda h\u00e2kim olacak akt\u00f6rlerin ortaya \u00e7\u0131kt\u0131\u011f\u0131 bir d\u00f6nemin panoramas\u0131n\u0131 \u00e7izmesi bak\u0131m\u0131ndan olduk\u00e7a de\u011ferli bir eser. Bunun yan\u0131 s\u0131ra, M\u00fcsl\u00fcman d\u00fcnyas\u0131na y\u00f6nelik militarist perspektifin d\u0131\u015f\u0131na \u00e7\u0131karak, sonraki 300 y\u0131l Do\u011fu-Bat\u0131 dikotomisinin y\u00f6n\u00fcn\u00fc belirleyen bir kaynak ve oryantalizmin \u00f6nc\u00fcl\u00fc olmas\u0131yla da Do\u011fu Seyahatnamesi mutlaka okunmay\u0131, anla\u015f\u0131lmay\u0131 bekliyor. M\u00fcsl\u00fcman inanc\u0131na fazla m\u00fcsamahak\u00e2r bakmasa da kendisinden \u00f6nce, \u0130slam&#8217;\u0131n reddiyesi \u00fczerine yazan dinda\u015f\u0131 teologlar\u0131n d\u00fc\u015ft\u00fckleri hataya d\u00fc\u015fmeyerek, \u0130slam&#8217;\u0131n sapk\u0131nl\u0131k de\u011fil apayr\u0131 bir din oldu\u011fu ger\u00e7e\u011fini ortaya \u00e7\u0131kard\u0131\u011f\u0131 d\u00fc\u015f\u00fcn\u00fcl\u00fcnce, Ricoldus\u2019un b\u00f6lgeye ve insan\u0131na bak\u0131\u015f\u0131n\u0131 apayr\u0131 bir yere koymak gerekiyor. 1240\u2019larda Tiflis\u2019te faaliyete ba\u015flay\u0131p Ortado\u011fu\u2019yu kendine faaliyet alan\u0131 olarak belirleyen Dominikan Tarikat\u0131, zamanla g\u00f6rev sahas\u0131n\u0131 Tebriz\u2019e kadar geni\u015fletmi\u015ftir. Tarikat\u0131n Anadolu ve Ortado\u011fu topraklar\u0131 hakk\u0131nda bilgi almak ve misyonerlik faaliyetlerinde bulunmak \u00fczere g\u00f6revlendirdi\u011fi ke\u015fi\u015flerden biri de Ricoldus de Monte Crucis\u2019tir. Kutsal Topraklardan ba\u015flayan yolculu\u011funu Kilikya, Do\u011fu Anadolu, Azerbaycan, \u0130ran ve Irak\u2019ta s\u00fcrd\u00fcr\u00fcp Ba\u011fdat\u2019ta sonland\u0131ran Ricoldus, yazd\u0131\u011f\u0131 eserle Ortado\u011fu halklar\u0131 ve gelenekleri \u00fczerine benzersiz bir kaynak ortaya koymu\u015ftur. 1289-1291 y\u0131llar\u0131nda ke\u015fi\u015fin Ba\u011fdat\u2019ta oldu\u011fu g\u00fcnlerde yazd\u0131\u011f\u0131 ve orijinal ismi LiberPeregrinationis in PartibusOrientis olan Do\u011fu Seyahatnamesi, Ba\u011fdat\u2019\u0131n Mo\u011fol i\u015fgali alt\u0131ndaki d\u00f6nemini anlatan k\u0131s\u0131mlar\u0131yla da modern tarih yaz\u0131m\u0131n\u0131 aratmayan Bat\u0131l\u0131 kaynaklar\u0131n ba\u015f\u0131nda gelmekte. Ahmet Deniz Altunba\u015f\u2019\u0131n Latince asl\u0131ndan \u00e7evirdi\u011fi ve notland\u0131rd\u0131\u011f\u0131Do\u011fu Seyahatnamesi, Suriye, Celile, Tiberya, Yafa, Kud\u00fcs, \u00dcrd\u00fcn, Filistin, Trablus\u015fam, Tartus, Kilikya, Yumurtal\u0131k, Toroslar, Sivas, Erzurum, A\u011fr\u0131, Tebriz, Ba\u011fdat, Musul, Tikrit gibi d\u00fcnyada benzersizli\u011fini h\u00e2l\u00e2 koruyan Ortado\u011fu ve Mezopotamya diyarlar\u0131n\u0131n kendine has \u00e7ok k\u00fclt\u00fcrl\u00fc atmosferini ba\u015far\u0131yla yans\u0131t\u0131yor ve bug\u00fcn de ilgiyle okunmay\u0131 fazlas\u0131yla hak ediyor. <\/p>\n","protected":false},"excerpt":{"rendered":"<p>Ricoldus de Monte Crucis&#8217;in d\u00fcr\u00fcst ve nispeten tarafs\u0131z bir dille kaleme ald\u0131\u011f\u0131 seyahatnamesi, Ortado\u011fu&#8217;daki Latin varl\u0131\u011f\u0131n\u0131n sona erdi\u011fi, Mo\u011fol istilas\u0131 sonras\u0131 b\u00f6lgenin istikrara kavu\u015fmaya ba\u015flad\u0131\u011f\u0131 ve<span class=\"excerpt-hellip\"> [\u2026]<\/span><\/p>\n","protected":false},"featured_media":0,"template":"","meta":{"_monsterinsights_skip_tracking":false,"_monsterinsights_sitenote_active":false,"_monsterinsights_sitenote_note":"","_monsterinsights_sitenote_category":0},"product_brand":[],"product_cat":[13701,12291],"product_tag":[],"class_list":{"0":"post-713949","1":"product","2":"type-product","3":"status-publish","5":"product_cat-ani-mektup-gunluk","6":"product_cat-edebiyat","7":"pa_cilt-ciltsiz","8":"pa_tur-kitap","9":"pa_yayinevi-kronik-kitap","10":"pa_yazar-ricoldus-de-monte-crucis","12":"first","13":"instock","14":"sale","15":"shipping-taxable","16":"purchasable","17":"product-type-simple"},"_links":{"self":[{"href":"https:\/\/roveyayinevi.com.tr\/index.php\/wp-json\/wp\/v2\/product\/713949","targetHints":{"allow":["GET"]}}],"collection":[{"href":"https:\/\/roveyayinevi.com.tr\/index.php\/wp-json\/wp\/v2\/product"}],"about":[{"href":"https:\/\/roveyayinevi.com.tr\/index.php\/wp-json\/wp\/v2\/types\/product"}],"wp:attachment":[{"href":"https:\/\/roveyayinevi.com.tr\/index.php\/wp-json\/wp\/v2\/media?parent=713949"}],"wp:term":[{"taxonomy":"product_brand","embeddable":true,"href":"https:\/\/roveyayinevi.com.tr\/index.php\/wp-json\/wp\/v2\/product_brand?post=713949"},{"taxonomy":"product_cat","embeddable":true,"href":"https:\/\/roveyayinevi.com.tr\/index.php\/wp-json\/wp\/v2\/product_cat?post=713949"},{"taxonomy":"product_tag","embeddable":true,"href":"https:\/\/roveyayinevi.com.tr\/index.php\/wp-json\/wp\/v2\/product_tag?post=713949"}],"curies":[{"name":"wp","href":"https:\/\/api.w.org\/{rel}","templated":true}]}}