{"id":713948,"date":"2025-08-27T17:13:23","date_gmt":"2025-08-27T14:13:23","guid":{"rendered":"https:\/\/roveyayinevi.com.tr\/index.php\/urun\/7den-77ye-piyanoya-ilk-adim\/"},"modified":"2026-04-16T02:22:23","modified_gmt":"2026-04-15T23:22:23","slug":"7den-77ye-piyanoya-ilk-adim","status":"publish","type":"product","link":"https:\/\/roveyayinevi.com.tr\/index.php\/urun\/7den-77ye-piyanoya-ilk-adim\/","title":{"rendered":"7\u2019den 77\u2019ye Piyanoya \u0130lk Ad\u0131m"},"content":{"rendered":"<p>Bu kitap 7\u2019den 77\u2019ye piyano \u00f6\u011frenmek isteyen herkese y\u00f6nelik olarak haz\u0131rlanm\u0131\u015ft\u0131r. K\u00f6kl\u00fc Rus piyano ekol\u00fcnden Nikolayev ile Gnesina\u2019n\u0131n \u00e7al\u0131\u015fmalar\u0131na dayand\u0131r\u0131lan ve ayn\u0131 zamanda T\u00fcrk sanat anlay\u0131\u015f\u0131na da uyarlanan kitapta ba\u015flang\u0131\u00e7 d\u00fczeyinden d\u00f6rt-be\u015f y\u0131ll\u0131k zaman dilimine yay\u0131lan temel piyano \u00e7alma teknikleri kapsanm\u0131\u015ft\u0131r. Se\u00e7ilen melodik eserler yoluyla bir yandan piyano \u00f6\u011fretimi ger\u00e7ekle\u015ftirilirken bir yandan da hem \u00f6\u011fretmenlerin hem de \u00f6\u011frencilerin olabildi\u011fince zevk almas\u0131 hedeflenmi\u015ftir. Piyano \u00e7alman\u0131n bir ya\u015f\u0131 yoktur, her ya\u015fta ve herkes piyano \u00e7alabilir.   Kitap Hakk\u0131nda AmineAygistova\u2019n\u0131n \u201cPiyanoya \u0130lk Ad\u0131m\u201d isimli kitab\u0131n\u0131 ilgiyle okudum. Bu de\u011ferli \u00e7al\u0131\u015fman\u0131n 7\u2019den 77\u2019ye kadar t\u00fcm piyano tutkusu olanlara bir ilham kayna\u011f\u0131 olaca\u011f\u0131na inan\u0131yorum. AmineAygistova\u2019y\u0131 bu anlaml\u0131 eserinden dolay\u0131 i\u00e7ten kutluyorum. \u0130dil Biret, Piyanist \u2013 Devlet Sanat\u00e7\u0131s\u0131   Pedagog-piyanist AmineAygistova\u2018n\u0131n \u201cPiyanoya \u0130lk Ad\u0131m\u201d kitab\u0131n\u0131n yay\u0131nland\u0131\u011f\u0131 \u00f6\u011frenmekten b\u00fcy\u00fck sevin\u00e7 duydum. \u00d6zenle haz\u0131rlanm\u0131\u015f bu kitab\u0131 dikkatle inceledi\u011fimde di\u011fer \u00f6nemli bestecilerin yan\u0131 s\u0131ra, okulumuzun kurucusu Yelena Gnesina\u2019n\u0131n eserlerine de yer verilmi\u015f olmas\u0131 beni ayr\u0131ca mutlu etti. Bu kitap piyano e\u011fitimine yeni ba\u015flayacaklar i\u00e7in profesyonel bir yakla\u015f\u0131mla, t\u00fcm ayr\u0131nt\u0131lar dikkate al\u0131narak haz\u0131rlanm\u0131\u015f \u00f6nemli bir kaynakt\u0131r. Pek \u00e7ok \u00fclkedeki m\u00fczisyenlerin b\u00fcy\u00fck \u00f6nem verdi\u011fi Rus Piyano Ekol\u00fc, bu kitap sayesinde T\u00fcrkiye\u2019deki m\u00fczisyenlere de ula\u015fm\u0131\u015f olacakt\u0131r. M.S. Hohlov, Gnesina Devlet M\u00fczik Okulu M\u00fcd\u00fcr\u00fc, Rusya Devlet Sanat\u00e7\u0131s\u0131 <\/p>\n","protected":false},"excerpt":{"rendered":"<p>Bu kitap 7\u2019den 77\u2019ye piyano \u00f6\u011frenmek isteyen herkese y\u00f6nelik olarak haz\u0131rlanm\u0131\u015ft\u0131r. K\u00f6kl\u00fc Rus piyano ekol\u00fcnden Nikolayev ile Gnesina\u2019n\u0131n \u00e7al\u0131\u015fmalar\u0131na dayand\u0131r\u0131lan ve ayn\u0131 zamanda T\u00fcrk sanat anlay\u0131\u015f\u0131na<span class=\"excerpt-hellip\"> [\u2026]<\/span><\/p>\n","protected":false},"featured_media":0,"template":"","meta":{"_monsterinsights_skip_tracking":false,"_monsterinsights_sitenote_active":false,"_monsterinsights_sitenote_note":"","_monsterinsights_sitenote_category":0},"product_brand":[],"product_cat":[14556,14557],"product_tag":[],"class_list":{"0":"post-713948","1":"product","2":"type-product","3":"status-publish","5":"product_cat-muzik","6":"product_cat-nota-kitaplari","7":"pa_cilt-ciltli","8":"pa_tur-kitap","9":"pa_yayinevi-muzik-egitimi-yayinlari","10":"pa_yazar-amine-aygistova","12":"first","13":"instock","14":"sale","15":"shipping-taxable","16":"purchasable","17":"product-type-simple"},"_links":{"self":[{"href":"https:\/\/roveyayinevi.com.tr\/index.php\/wp-json\/wp\/v2\/product\/713948","targetHints":{"allow":["GET"]}}],"collection":[{"href":"https:\/\/roveyayinevi.com.tr\/index.php\/wp-json\/wp\/v2\/product"}],"about":[{"href":"https:\/\/roveyayinevi.com.tr\/index.php\/wp-json\/wp\/v2\/types\/product"}],"wp:attachment":[{"href":"https:\/\/roveyayinevi.com.tr\/index.php\/wp-json\/wp\/v2\/media?parent=713948"}],"wp:term":[{"taxonomy":"product_brand","embeddable":true,"href":"https:\/\/roveyayinevi.com.tr\/index.php\/wp-json\/wp\/v2\/product_brand?post=713948"},{"taxonomy":"product_cat","embeddable":true,"href":"https:\/\/roveyayinevi.com.tr\/index.php\/wp-json\/wp\/v2\/product_cat?post=713948"},{"taxonomy":"product_tag","embeddable":true,"href":"https:\/\/roveyayinevi.com.tr\/index.php\/wp-json\/wp\/v2\/product_tag?post=713948"}],"curies":[{"name":"wp","href":"https:\/\/api.w.org\/{rel}","templated":true}]}}