{"id":713927,"date":"2025-08-27T17:13:10","date_gmt":"2025-08-27T14:13:10","guid":{"rendered":"https:\/\/roveyayinevi.com.tr\/index.php\/urun\/uyku-vakti-babisko\/"},"modified":"2026-04-16T02:22:23","modified_gmt":"2026-04-15T23:22:23","slug":"uyku-vakti-babisko","status":"publish","type":"product","link":"https:\/\/roveyayinevi.com.tr\/index.php\/urun\/uyku-vakti-babisko\/","title":{"rendered":"Uyku Vakti Babi\u015fko"},"content":{"rendered":"<p>K\u00fc\u00e7\u00fck bir k\u0131z uyumak istemeyen babas\u0131n\u0131 nas\u0131l yat\u0131rabilir ki? Yatma vakti ser\u00fcvenini tersine \u00e7eviren ne\u015feli bir hik\u00e2ye.   Dave Hackett, nam\u0131 di\u011fer Karikat\u00fcr Dave, siz hen\u00fcz d\u00fcnyaya bile gelmemi\u015fken \u00e7ocuk kitaplar\u0131 yaz\u0131p resimliyordu. Otuz y\u0131l\u0131 a\u015fk\u0131n s\u00fcredir Avustralya \u00e7ocuk kanallar\u0131nda d\u00fczenli olarak karikat\u00fcristlik yapmaktad\u0131r. Parmaklar\u0131n\u0131zla sayamayaca\u011f\u0131n\u0131z kadar \u00e7ok okulda ve k\u00fct\u00fcphanede karikat\u00fcr at\u00f6lyeleri d\u00fczenlemi\u015ftir. Lolipop yemeye bay\u0131l\u0131r, hava h\u00e2l\u00e2 karanl\u0131kken uyan\u0131r ve 1980\u2019lerin m\u00fczikleri hakk\u0131nda fazlas\u0131yla \u00e7ok \u015fey bilir. Dave, kar\u0131s\u0131, \u00fc\u00e7 \u00e7ocu\u011fu ve bir dolu yaramaz hayvan\u0131yla Noosa Hinterland\u2019da ya\u015famaktad\u0131r. <\/p>\n","protected":false},"excerpt":{"rendered":"<p>K\u00fc\u00e7\u00fck bir k\u0131z uyumak istemeyen babas\u0131n\u0131 nas\u0131l yat\u0131rabilir ki? Yatma vakti ser\u00fcvenini tersine \u00e7eviren ne\u015feli bir hik\u00e2ye. Dave Hackett, nam\u0131 di\u011fer Karikat\u00fcr Dave, siz hen\u00fcz d\u00fcnyaya<span class=\"excerpt-hellip\"> [\u2026]<\/span><\/p>\n","protected":false},"featured_media":0,"template":"","meta":{"_monsterinsights_skip_tracking":false,"_monsterinsights_sitenote_active":false,"_monsterinsights_sitenote_note":"","_monsterinsights_sitenote_category":0},"product_brand":[],"product_cat":[12913,12274],"product_tag":[],"class_list":{"0":"post-713927","1":"product","2":"type-product","3":"status-publish","5":"product_cat-3-6-yas-kitaplari","6":"product_cat-cocuk-ve-genclik-kitaplari","7":"pa_cilt-ciltsiz","8":"pa_tur-kitap","9":"pa_yayinevi-bilgi-yayinevi-cocuk","10":"pa_yazar-dave-hackett","12":"first","13":"instock","14":"sale","15":"shipping-taxable","16":"purchasable","17":"product-type-simple"},"_links":{"self":[{"href":"https:\/\/roveyayinevi.com.tr\/index.php\/wp-json\/wp\/v2\/product\/713927","targetHints":{"allow":["GET"]}}],"collection":[{"href":"https:\/\/roveyayinevi.com.tr\/index.php\/wp-json\/wp\/v2\/product"}],"about":[{"href":"https:\/\/roveyayinevi.com.tr\/index.php\/wp-json\/wp\/v2\/types\/product"}],"wp:attachment":[{"href":"https:\/\/roveyayinevi.com.tr\/index.php\/wp-json\/wp\/v2\/media?parent=713927"}],"wp:term":[{"taxonomy":"product_brand","embeddable":true,"href":"https:\/\/roveyayinevi.com.tr\/index.php\/wp-json\/wp\/v2\/product_brand?post=713927"},{"taxonomy":"product_cat","embeddable":true,"href":"https:\/\/roveyayinevi.com.tr\/index.php\/wp-json\/wp\/v2\/product_cat?post=713927"},{"taxonomy":"product_tag","embeddable":true,"href":"https:\/\/roveyayinevi.com.tr\/index.php\/wp-json\/wp\/v2\/product_tag?post=713927"}],"curies":[{"name":"wp","href":"https:\/\/api.w.org\/{rel}","templated":true}]}}