{"id":713922,"date":"2025-08-27T17:13:08","date_gmt":"2025-08-27T14:13:08","guid":{"rendered":"https:\/\/roveyayinevi.com.tr\/index.php\/urun\/sihirli-cocuk\/"},"modified":"2026-04-16T02:22:23","modified_gmt":"2026-04-15T23:22:23","slug":"sihirli-cocuk","status":"publish","type":"product","link":"https:\/\/roveyayinevi.com.tr\/index.php\/urun\/sihirli-cocuk\/","title":{"rendered":"Sihirli \u00c7ocuk"},"content":{"rendered":"<p>\u201cElinizdeki kitap, fiziksel geli\u015fime paralel seyreden, ama bedensel b\u00fcy\u00fcmeden daha ziyade zek\u00e2n\u0131n geli\u015fimini hedefleyen, titizlikle koordine edilmi\u015f bir biyolojik plan\u0131 incelemektedir. Zek\u00e2n\u0131n t\u00fcm\u00fcyle geli\u015febilmesi i\u00e7in bizim de bu biyolojik plan\u0131 tan\u0131mam\u0131z ve onunla i\u015fbirli\u011fi yapmam\u0131z gereklidir. Bunu bir kez ba\u015fard\u0131\u011f\u0131m\u0131zda, bebekler ve \u00e7ocuklarla ya\u015fad\u0131\u011f\u0131m\u0131z sorunlar\u0131n b\u00fcy\u00fck b\u00f6l\u00fcm\u00fc asla ortaya \u00e7\u0131kmayacakt\u0131r. \u00c7\u00fcnk\u00fc sorunlar\u0131m\u0131z \u00e7o\u011funlukla insan yap\u0131m\u0131d\u0131r ve nedenleri de do\u011fan\u0131n plan\u0131ndan habersiz olmam\u0131zd\u0131r. Ger\u00e7ek \u015fu ki, do\u011fa, sorunlar\u0131n t\u00fcm\u00fcn\u00fc \u00e7a\u011flar \u00f6ncesinde zaten gidermi\u015ftir.\u201dEbeveynlik ve \u00e7ocuk e\u011fitimi alanlar\u0131nda 1960\u2019larda ba\u015flayan b\u00fcy\u00fck d\u00f6n\u00fc\u015f\u00fcm\u00fcn \u00f6nde gelen isimleri aras\u0131nda yer alan Joseph Chilton Pearce, yazd\u0131\u011f\u0131 on \u00fc\u00e7 kitapta, insan\u0131 hep do\u011fas\u0131 ve d\u00fcnyadaki amac\u0131 a\u00e7\u0131s\u0131ndan incelemi\u015ftir. Dolay\u0131s\u0131yla, Sihirli \u00c7ocuk da al\u0131\u015f\u0131lm\u0131\u015f anlamda bir ebeveyn rehberi de\u011fildir. Pearce, \u00e7ocuk geli\u015fimi ve e\u011fitimi konusunda Piaget\u2019den bu yana elde edilen bilgileri sentezlerken, asl\u0131nda \u00e7ocu\u011fun ya\u015fam\u0131n\u0131 do\u011fum \u00f6ncesinden ba\u015flayarak a\u015fama a\u015fama \u00e7\u00f6z\u00fcmlemekte ve do\u011fa taraf\u0131ndan insano\u011flunun genlerine kodlanan, zihin ve zek\u00e2 geli\u015fimine dair biyolojik plan\u0131n eskizini \u00e7izmektedir. Do\u011fan\u0131n bu plan do\u011frultusunda insana vaat etti\u011fi potansiyeli de irdeleyen Pearce, d\u00fcnyadaki yerimizi, rol\u00fcm\u00fcz\u00fc ve sorumluluklar\u0131m\u0131z\u0131 vurgulamakta, \u00e7ocu\u011fun geli\u015fim a\u015famalar\u0131n\u0131, potansiyelini ger\u00e7ekle\u015ftirmeye y\u00f6nelik bir bak\u0131\u015f a\u00e7\u0131s\u0131yla incelemektedir.Pearce, biyolojik plandan habersiz uygulamalar\u0131m\u0131z\u0131n, zorlamalar\u0131m\u0131z\u0131n ve ge\u00e7erlilik ta\u015f\u0131mayan varsay\u0131mlar\u0131m\u0131z\u0131n yaratt\u0131\u011f\u0131 sorunlar\u0131 da ortaya koyarak, otizm, \u00e7ocuk \u015fizofrenisi, hiperaktivite ve ergen intihar\u0131 vakalar\u0131ndaki h\u0131zl\u0131 art\u0131\u015f\u0131n, su\u00e7 oranlar\u0131ndaki y\u00fckseli\u015fin ve toplum d\u00fczenindeki genel bozulman\u0131n biyolojik plan\u0131n engellenmesiyle ili\u015fkisini a\u00e7\u0131klamaktad\u0131r.Pearce\u2019a g\u00f6re \u00e7ocu\u011fun tek bir amac\u0131 vard\u0131r: \u00d6z\u00fcmseyen zihnini kullanarak d\u00fcnyaya dair ne varsa \u00f6\u011frenmek. Biyolojik plan\u0131n insan\u0131 \u00f6\u011frenmeye y\u00f6nelten bu d\u00fcrt\u00fcs\u00fc engellenmedi\u011finde, sihirli \u00e7ocuk mutlu bir deha olmakta ve hayret verici potansiyelini ger\u00e7e\u011fe d\u00f6n\u00fc\u015ft\u00fcrmek i\u00e7in ihtiya\u00e7 duydu\u011fu t\u00fcm zihinsel donan\u0131m\u0131 in\u015fa etmektedir. Bu gezegen, \u00e7ocuk i\u00e7in koca bir oyun bah\u00e7esidir ve \u00e7ocuk ile d\u00fcnyas\u0131 aras\u0131na girilmemelidir. Pearce asl\u0131nda hepimize seslenmektedir: Oyun oynamak i\u00e7in asla \u00e7ok ge\u00e7 de\u011fildir, \u00e7\u00fcnk\u00fc hepimiz zaten birer sihirli \u00e7ocu\u011fuzdur. <\/p>\n","protected":false},"excerpt":{"rendered":"<p>\u201cElinizdeki kitap, fiziksel geli\u015fime paralel seyreden, ama bedensel b\u00fcy\u00fcmeden daha ziyade zek\u00e2n\u0131n geli\u015fimini hedefleyen, titizlikle koordine edilmi\u015f bir biyolojik plan\u0131 incelemektedir. Zek\u00e2n\u0131n t\u00fcm\u00fcyle geli\u015febilmesi i\u00e7in bizim<span class=\"excerpt-hellip\"> [\u2026]<\/span><\/p>\n","protected":false},"featured_media":0,"template":"","meta":{"_monsterinsights_skip_tracking":false,"_monsterinsights_sitenote_active":false,"_monsterinsights_sitenote_note":"","_monsterinsights_sitenote_category":0},"product_brand":[],"product_cat":[17996,12364],"product_tag":[],"class_list":{"0":"post-713922","1":"product","2":"type-product","3":"status-publish","5":"product_cat-ebeveyn-kitaplari","6":"product_cat-genel-konular","7":"pa_cilt-ciltsiz","8":"pa_tur-kitap","9":"pa_yayinevi-gorunmez-adam-yayincilik","10":"pa_yazar-joseph-chilton-pearce","12":"first","13":"instock","14":"sale","15":"shipping-taxable","16":"purchasable","17":"product-type-simple"},"_links":{"self":[{"href":"https:\/\/roveyayinevi.com.tr\/index.php\/wp-json\/wp\/v2\/product\/713922","targetHints":{"allow":["GET"]}}],"collection":[{"href":"https:\/\/roveyayinevi.com.tr\/index.php\/wp-json\/wp\/v2\/product"}],"about":[{"href":"https:\/\/roveyayinevi.com.tr\/index.php\/wp-json\/wp\/v2\/types\/product"}],"wp:attachment":[{"href":"https:\/\/roveyayinevi.com.tr\/index.php\/wp-json\/wp\/v2\/media?parent=713922"}],"wp:term":[{"taxonomy":"product_brand","embeddable":true,"href":"https:\/\/roveyayinevi.com.tr\/index.php\/wp-json\/wp\/v2\/product_brand?post=713922"},{"taxonomy":"product_cat","embeddable":true,"href":"https:\/\/roveyayinevi.com.tr\/index.php\/wp-json\/wp\/v2\/product_cat?post=713922"},{"taxonomy":"product_tag","embeddable":true,"href":"https:\/\/roveyayinevi.com.tr\/index.php\/wp-json\/wp\/v2\/product_tag?post=713922"}],"curies":[{"name":"wp","href":"https:\/\/api.w.org\/{rel}","templated":true}]}}