{"id":713910,"date":"2025-08-27T17:13:00","date_gmt":"2025-08-27T14:13:00","guid":{"rendered":"https:\/\/roveyayinevi.com.tr\/index.php\/urun\/sunum-sahnenizin-yonetmeni-olmak-ister-misiniz\/"},"modified":"2026-04-16T02:22:23","modified_gmt":"2026-04-15T23:22:23","slug":"sunum-sahnenizin-yonetmeni-olmak-ister-misiniz","status":"publish","type":"product","link":"https:\/\/roveyayinevi.com.tr\/index.php\/urun\/sunum-sahnenizin-yonetmeni-olmak-ister-misiniz\/","title":{"rendered":"Sunum Sahnenizin Y\u00f6netmeni Olmak \u0130ster misiniz?"},"content":{"rendered":"<p>Sunum Sahnenizin Y\u00f6netmeni Olmak \u0130ster misiniz? \u0130\u015fte bu kitapta, profesyonel bir konu\u015fmac\u0131 olarak, nas\u0131l sunum sahnenizin y\u00f6netmeni olaca\u011f\u0131n\u0131z \u00fczerinde duraca\u011f\u0131z. \u00d6nerilen ad\u0131mlar at\u0131ld\u0131k\u00e7a da bir s\u00fcre sonra haz\u0131rl\u0131kl\u0131 veya haz\u0131rl\u0131ks\u0131z t\u00fcm konu\u015fmalar\u0131n\u0131zda y\u00f6netmenlik koltu\u011funu kimselere kapt\u0131rmayaca\u011f\u0131n\u0131z\u0131 g\u00f6receksiniz. Elma Yay\u0131nevinin harika ill\u00fcstrasyonlarla bezenmi\u015f bu yepyeni kitab\u0131, herkesin kolayl\u0131kla uygulayabilece\u011fi sunum tekniklerini kendine has \u00fcslubuyla anlatan Veysel Sami Berikan\u2019\u0131, okuyucusuyla bulu\u015fturuyor. Sizler de yapt\u0131\u011f\u0131n\u0131z t\u00fcm sunumlar\u0131n y\u00f6netmeni olmak ister misiniz? O zaman keyifli okumalar\u2026 <\/p>\n","protected":false},"excerpt":{"rendered":"<p>Sunum Sahnenizin Y\u00f6netmeni Olmak \u0130ster misiniz? \u0130\u015fte bu kitapta, profesyonel bir konu\u015fmac\u0131 olarak, nas\u0131l sunum sahnenizin y\u00f6netmeni olaca\u011f\u0131n\u0131z \u00fczerinde duraca\u011f\u0131z. \u00d6nerilen ad\u0131mlar at\u0131ld\u0131k\u00e7a da bir s\u00fcre<span class=\"excerpt-hellip\"> [\u2026]<\/span><\/p>\n","protected":false},"featured_media":0,"template":"","meta":{"_monsterinsights_skip_tracking":false,"_monsterinsights_sitenote_active":false,"_monsterinsights_sitenote_note":"","_monsterinsights_sitenote_category":0},"product_brand":[],"product_cat":[13043,17647],"product_tag":[],"class_list":{"0":"post-713910","1":"product","2":"type-product","3":"status-publish","5":"product_cat-ekonomi","6":"product_cat-is-dunyasi","7":"pa_cilt-ciltsiz","8":"pa_tur-kitap","9":"pa_yayinevi-elma-yayinevi","10":"pa_yazar-veysel-sami-berikan","12":"first","13":"instock","14":"sale","15":"shipping-taxable","16":"purchasable","17":"product-type-simple"},"_links":{"self":[{"href":"https:\/\/roveyayinevi.com.tr\/index.php\/wp-json\/wp\/v2\/product\/713910","targetHints":{"allow":["GET"]}}],"collection":[{"href":"https:\/\/roveyayinevi.com.tr\/index.php\/wp-json\/wp\/v2\/product"}],"about":[{"href":"https:\/\/roveyayinevi.com.tr\/index.php\/wp-json\/wp\/v2\/types\/product"}],"wp:attachment":[{"href":"https:\/\/roveyayinevi.com.tr\/index.php\/wp-json\/wp\/v2\/media?parent=713910"}],"wp:term":[{"taxonomy":"product_brand","embeddable":true,"href":"https:\/\/roveyayinevi.com.tr\/index.php\/wp-json\/wp\/v2\/product_brand?post=713910"},{"taxonomy":"product_cat","embeddable":true,"href":"https:\/\/roveyayinevi.com.tr\/index.php\/wp-json\/wp\/v2\/product_cat?post=713910"},{"taxonomy":"product_tag","embeddable":true,"href":"https:\/\/roveyayinevi.com.tr\/index.php\/wp-json\/wp\/v2\/product_tag?post=713910"}],"curies":[{"name":"wp","href":"https:\/\/api.w.org\/{rel}","templated":true}]}}