{"id":713888,"date":"2025-08-27T17:12:47","date_gmt":"2025-08-27T14:12:47","guid":{"rendered":"https:\/\/roveyayinevi.com.tr\/index.php\/urun\/ailenin-en-yaramazi\/"},"modified":"2026-04-16T02:22:22","modified_gmt":"2026-04-15T23:22:22","slug":"ailenin-en-yaramazi","status":"publish","type":"product","link":"https:\/\/roveyayinevi.com.tr\/index.php\/urun\/ailenin-en-yaramazi\/","title":{"rendered":"Ailenin En Yaramaz\u0131"},"content":{"rendered":"<p>Arkada\u015fl\u0131\u011f\u0131n mevsimi ne zaman ba\u015flar, ne zaman biter? \u00c7ocuklar, \u201cSen b\u00fcy\u00fcd\u00fcn art\u0131k,\u201d dendi\u011finde mi b\u00fcy\u00fcr? Portakal \u00e7i\u00e7e\u011finin kokusu kimleri kavu\u015fturur? Peki b\u00fcy\u00fckler, \u00e7ocuklar\u0131 ne zaman dinler? S\u00f6\u011f\u00fct a\u011fac\u0131n\u0131n yapraklar\u0131 niye suskunlu\u011fa uzan\u0131r? Unutulman\u0131n tarifsiz kayg\u0131s\u0131, s\u0131radan bir \u00f6z\u00fcrle ge\u00e7er mi?  Bir de\u2026 yaramazl\u0131\u011f\u0131n aynas\u0131 kimi g\u00f6sterir, bilen var m\u0131?.. Do\u011fan G\u00fcnd\u00fcz\u2019\u00fcn kaleminden, okurlar\u0131n y\u00fcre\u011fini s\u0131ms\u0131k\u0131 saracak, yal\u0131n, i\u00e7ten, biraz da muzip yedi \u00f6yk\u00fc. Evden, okuldan, pazardan, sokaktan, senden, benden, k\u0131saca ya\u015famdan s\u00fcz\u00fclen bu \u00f6yk\u00fcler, b\u00fcy\u00fcklerin d\u00fcnyas\u0131nda sesini duyurmak, kendini ifade etmek ve anla\u015f\u0131lmak isteyen \u00e7ocuklar\u0131n elinden tutuyor. <\/p>\n","protected":false},"excerpt":{"rendered":"<p>Arkada\u015fl\u0131\u011f\u0131n mevsimi ne zaman ba\u015flar, ne zaman biter? \u00c7ocuklar, \u201cSen b\u00fcy\u00fcd\u00fcn art\u0131k,\u201d dendi\u011finde mi b\u00fcy\u00fcr? Portakal \u00e7i\u00e7e\u011finin kokusu kimleri kavu\u015fturur? Peki b\u00fcy\u00fckler, \u00e7ocuklar\u0131 ne zaman dinler?<span class=\"excerpt-hellip\"> [\u2026]<\/span><\/p>\n","protected":false},"featured_media":0,"template":"","meta":{"_monsterinsights_skip_tracking":false,"_monsterinsights_sitenote_active":false,"_monsterinsights_sitenote_note":"","_monsterinsights_sitenote_category":0},"product_brand":[],"product_cat":[12275,12274],"product_tag":[],"class_list":{"0":"post-713888","1":"product","2":"type-product","3":"status-publish","5":"product_cat-6-12-yas-kitaplari","6":"product_cat-cocuk-ve-genclik-kitaplari","7":"pa_cilt-ciltsiz","8":"pa_tur-kitap","9":"pa_yayinevi-can-cocuk-yayinlari","10":"pa_yazar-dogan-gunduz","12":"first","13":"instock","14":"sale","15":"shipping-taxable","16":"purchasable","17":"product-type-simple"},"_links":{"self":[{"href":"https:\/\/roveyayinevi.com.tr\/index.php\/wp-json\/wp\/v2\/product\/713888","targetHints":{"allow":["GET"]}}],"collection":[{"href":"https:\/\/roveyayinevi.com.tr\/index.php\/wp-json\/wp\/v2\/product"}],"about":[{"href":"https:\/\/roveyayinevi.com.tr\/index.php\/wp-json\/wp\/v2\/types\/product"}],"wp:attachment":[{"href":"https:\/\/roveyayinevi.com.tr\/index.php\/wp-json\/wp\/v2\/media?parent=713888"}],"wp:term":[{"taxonomy":"product_brand","embeddable":true,"href":"https:\/\/roveyayinevi.com.tr\/index.php\/wp-json\/wp\/v2\/product_brand?post=713888"},{"taxonomy":"product_cat","embeddable":true,"href":"https:\/\/roveyayinevi.com.tr\/index.php\/wp-json\/wp\/v2\/product_cat?post=713888"},{"taxonomy":"product_tag","embeddable":true,"href":"https:\/\/roveyayinevi.com.tr\/index.php\/wp-json\/wp\/v2\/product_tag?post=713888"}],"curies":[{"name":"wp","href":"https:\/\/api.w.org\/{rel}","templated":true}]}}