{"id":713887,"date":"2025-08-27T17:12:46","date_gmt":"2025-08-27T14:12:46","guid":{"rendered":"https:\/\/roveyayinevi.com.tr\/index.php\/urun\/evlilik-meselesi\/"},"modified":"2026-04-16T02:22:22","modified_gmt":"2026-04-15T23:22:22","slug":"evlilik-meselesi","status":"publish","type":"product","link":"https:\/\/roveyayinevi.com.tr\/index.php\/urun\/evlilik-meselesi\/","title":{"rendered":"Evlilik Meselesi"},"content":{"rendered":"<p>On dokuzuncu y\u00fczy\u0131l\u0131n b\u00fcy\u00fck a\u015fk hik\u00e2yeleri art\u0131k yalan m\u0131 oldu? Peki, yeni bir a\u015fk hik\u00e2yesi anlatmak m\u00fcmk\u00fcn m\u00fc, i\u00e7inde modern zaman ger\u00e7ekleri, de\u011fi\u015fen roller, evlilik \u00f6ncesi anla\u015fmalar, bo\u015fanmalar olsun\u2026 1980\u2019lerdeyiz\u2026 \u0130flah olmaz romantik ve edebiyat tutkunu Madeleine Hanna, \u00fcniversite bitirme tezi i\u00e7in JaneAusten ve George Eliot\u2019\u0131n eserleri \u00fcst\u00fcnden Victoria d\u00f6nemindeki evlilik kurgusunu sorgulamakla me\u015fgul. Tez konusu hayat\u0131n\u0131 da ele ge\u00e7irmi\u015f durumda: Madeleine tutkulu, \u015fiddetli ve \u0131st\u0131rap dolu bir a\u015fk \u00f6yk\u00fcs\u00fcn\u00fcn kahraman\u0131. \u00dcstelik a\u015fk\u0131n\u0131n di\u011fer ucunda bir de\u011fil, iki erkek var: zeki, \u00e7ekici biyoloji \u00f6\u011frencisi Leonard ile i\u00e7ine kapan\u0131k, ku\u015fkularla dolu teoloji \u00f6\u011frencisi Mitchell. \u00dcniversite bitse de \u00fc\u00e7gen ayakta kalacak; gen\u00e7li\u011fin biti\u015fiyle birlikte y\u00fczle\u015fecekler, hayat\u0131n anlam\u0131 ve a\u015fk\u0131n ger\u00e7ek do\u011fas\u0131n\u0131 sorgulamaya birlikte s\u00fcr\u00fcklenecekler. Bakir \u0130ntiharlar ve Middlesex\u2019le ad\u0131n\u0131 \u00e7a\u011fda\u015f edebiyat\u0131n b\u00fcy\u00fck ustalar\u0131 aras\u0131na yazd\u0131ran JeffreyEugenides, Evlilik Meselesi\u2019nde bize gen\u00e7 ve idealist olman\u0131n, fikirler ve kitaplarla yan\u0131p tutu\u015fman\u0131n co\u015fkusunu hat\u0131rlat\u0131yor. <\/p>\n","protected":false},"excerpt":{"rendered":"<p>On dokuzuncu y\u00fczy\u0131l\u0131n b\u00fcy\u00fck a\u015fk hik\u00e2yeleri art\u0131k yalan m\u0131 oldu? Peki, yeni bir a\u015fk hik\u00e2yesi anlatmak m\u00fcmk\u00fcn m\u00fc, i\u00e7inde modern zaman ger\u00e7ekleri, de\u011fi\u015fen roller, evlilik \u00f6ncesi<span class=\"excerpt-hellip\"> [\u2026]<\/span><\/p>\n","protected":false},"featured_media":0,"template":"","meta":{"_monsterinsights_skip_tracking":false,"_monsterinsights_sitenote_active":false,"_monsterinsights_sitenote_note":"","_monsterinsights_sitenote_category":0},"product_brand":[],"product_cat":[12291,12711],"product_tag":[],"class_list":{"0":"post-713887","1":"product","2":"type-product","3":"status-publish","5":"product_cat-edebiyat","6":"product_cat-roman-oyku","7":"pa_cilt-ciltsiz","8":"pa_tur-kitap","9":"pa_yayinevi-domingo-yayinevi","10":"pa_yazar-jeffrey-eugenides","12":"first","13":"instock","14":"sale","15":"shipping-taxable","16":"purchasable","17":"product-type-simple"},"_links":{"self":[{"href":"https:\/\/roveyayinevi.com.tr\/index.php\/wp-json\/wp\/v2\/product\/713887","targetHints":{"allow":["GET"]}}],"collection":[{"href":"https:\/\/roveyayinevi.com.tr\/index.php\/wp-json\/wp\/v2\/product"}],"about":[{"href":"https:\/\/roveyayinevi.com.tr\/index.php\/wp-json\/wp\/v2\/types\/product"}],"wp:attachment":[{"href":"https:\/\/roveyayinevi.com.tr\/index.php\/wp-json\/wp\/v2\/media?parent=713887"}],"wp:term":[{"taxonomy":"product_brand","embeddable":true,"href":"https:\/\/roveyayinevi.com.tr\/index.php\/wp-json\/wp\/v2\/product_brand?post=713887"},{"taxonomy":"product_cat","embeddable":true,"href":"https:\/\/roveyayinevi.com.tr\/index.php\/wp-json\/wp\/v2\/product_cat?post=713887"},{"taxonomy":"product_tag","embeddable":true,"href":"https:\/\/roveyayinevi.com.tr\/index.php\/wp-json\/wp\/v2\/product_tag?post=713887"}],"curies":[{"name":"wp","href":"https:\/\/api.w.org\/{rel}","templated":true}]}}