{"id":713870,"date":"2025-08-27T17:12:35","date_gmt":"2025-08-27T14:12:35","guid":{"rendered":"https:\/\/roveyayinevi.com.tr\/index.php\/urun\/kirki-kundakta-cenin\/"},"modified":"2026-04-16T02:22:22","modified_gmt":"2026-04-15T23:22:22","slug":"kirki-kundakta-cenin","status":"publish","type":"product","link":"https:\/\/roveyayinevi.com.tr\/index.php\/urun\/kirki-kundakta-cenin\/","title":{"rendered":"K\u0131rk\u0131 Kundakta Cenin"},"content":{"rendered":"<p>A\u015f\u0131r\u0131ya ka\u00e7\u0131lm\u0131\u015f ne\u015fter kokusu kolumda Ve bir o kadar p\u0131ht\u0131 merak\u0131 avu\u00e7lar\u0131m\u0131n Hangi tavan aras\u0131 hayali beni cezbeden Gorki\u2019nin \u00e7ocuklu\u011funda Duvarlara s\u00fcrterek ba\u011f\u0131\u015f\u0131kl\u0131k oynad\u0131\u011f\u0131m Sonradan kabukkald\u0131ran yaralar\u0131m Saatimi c\u00fczlere b\u00f6len bir tanr\u0131 Tan\u0131sam belki sevebilece\u011fim Kanatl\u0131 k\u00f6lelerinden Dilek\u00e7e alaca\u011f\u0131m var sayfalarca Yast\u0131\u011f\u0131mla arz etti\u011fim Yard\u0131m \u00e7\u0131\u011fl\u0131klar\u0131 <\/p>\n","protected":false},"excerpt":{"rendered":"<p>A\u015f\u0131r\u0131ya ka\u00e7\u0131lm\u0131\u015f ne\u015fter kokusu kolumda Ve bir o kadar p\u0131ht\u0131 merak\u0131 avu\u00e7lar\u0131m\u0131n Hangi tavan aras\u0131 hayali beni cezbeden Gorki\u2019nin \u00e7ocuklu\u011funda Duvarlara s\u00fcrterek ba\u011f\u0131\u015f\u0131kl\u0131k oynad\u0131\u011f\u0131m Sonradan kabukkald\u0131ran<span class=\"excerpt-hellip\"> [\u2026]<\/span><\/p>\n","protected":false},"featured_media":0,"template":"","meta":{"_monsterinsights_skip_tracking":false,"_monsterinsights_sitenote_active":false,"_monsterinsights_sitenote_note":"","_monsterinsights_sitenote_category":0},"product_brand":[],"product_cat":[12291,12509],"product_tag":[],"class_list":{"0":"post-713870","1":"product","2":"type-product","3":"status-publish","5":"product_cat-edebiyat","6":"product_cat-siir","7":"pa_cilt-ciltsiz","8":"pa_tur-kitap","9":"pa_yayinevi-peron-kitap","10":"pa_yazar-hakan-unutmaz","12":"first","13":"instock","14":"sale","15":"shipping-taxable","16":"purchasable","17":"product-type-simple"},"_links":{"self":[{"href":"https:\/\/roveyayinevi.com.tr\/index.php\/wp-json\/wp\/v2\/product\/713870","targetHints":{"allow":["GET"]}}],"collection":[{"href":"https:\/\/roveyayinevi.com.tr\/index.php\/wp-json\/wp\/v2\/product"}],"about":[{"href":"https:\/\/roveyayinevi.com.tr\/index.php\/wp-json\/wp\/v2\/types\/product"}],"wp:attachment":[{"href":"https:\/\/roveyayinevi.com.tr\/index.php\/wp-json\/wp\/v2\/media?parent=713870"}],"wp:term":[{"taxonomy":"product_brand","embeddable":true,"href":"https:\/\/roveyayinevi.com.tr\/index.php\/wp-json\/wp\/v2\/product_brand?post=713870"},{"taxonomy":"product_cat","embeddable":true,"href":"https:\/\/roveyayinevi.com.tr\/index.php\/wp-json\/wp\/v2\/product_cat?post=713870"},{"taxonomy":"product_tag","embeddable":true,"href":"https:\/\/roveyayinevi.com.tr\/index.php\/wp-json\/wp\/v2\/product_tag?post=713870"}],"curies":[{"name":"wp","href":"https:\/\/api.w.org\/{rel}","templated":true}]}}