{"id":713853,"date":"2025-08-27T17:12:26","date_gmt":"2025-08-27T14:12:26","guid":{"rendered":"https:\/\/roveyayinevi.com.tr\/index.php\/urun\/yitik-imparatorlugu-resmetmek-italyan-merceginden-anadoludaki-bizans-sanati-1960-2000\/"},"modified":"2026-02-28T02:31:46","modified_gmt":"2026-02-27T23:31:46","slug":"yitik-imparatorlugu-resmetmek-italyan-merceginden-anadoludaki-bizans-sanati-1960-2000","status":"publish","type":"product","link":"https:\/\/roveyayinevi.com.tr\/index.php\/urun\/yitik-imparatorlugu-resmetmek-italyan-merceginden-anadoludaki-bizans-sanati-1960-2000\/","title":{"rendered":"Yitik \u0130mparatorlu\u011fu Resmetmek: \u0130talyan Merce\u011finden Anadolu\u2019daki Bizans Sanat\u0131,  1960\u20132000"},"content":{"rendered":"<p>Ko\u00e7 \u00dcniversitesi Anadolu Medeniyetleri Ara\u015ft\u0131rma Merkezi\u2019nin (ANAMED) Kemerli Galerisinde ziyaret\u00e7ilerle bulu\u015facak \u201cYitik \u0130mparatorlu\u011fu Resmetmek: \u0130talyan Merce\u011finden Anadolu\u2019daki Bizans Sanat\u0131, 1960\u20132000\u201d sergisinin kitab\u0131 da e\u015f zamanl\u0131 yay\u0131mlan\u0131yor. Serginin k\u00fcrat\u00f6rleri Livia Bevilacqua ve Giovanni Gasbarri\u2019nin yan\u0131 s\u0131ra Bizans \u00e7al\u0131\u015fmalar\u0131n\u0131n sayg\u0131n isimlerinden Engin Aky\u00fcrek, Claudia Barsanti, Alessandra Guiglia, Antonio Iacobini, Andrea Paribeni, Lorenzo Riccardi ve Enrico Zanini\u2019nin makalelerinden olu\u015fan kitap, Yi\u011fit Adam taraf\u0131ndan T\u00fcrk\u00e7eye kazand\u0131r\u0131ld\u0131. Kitap, \u0130talyan Bizans sanat tarih\u00e7ilerinin 1960\u20132000 y\u0131llar\u0131 aras\u0131nda \u0130stanbul ve Anadolu\u2019da yapt\u0131klar\u0131 gezilere odaklan\u0131yor. ANAMED taraf\u0131ndan yay\u0131mlanan kitap, \u0130ngilizce ve T\u00fcrk\u00e7e olarak okurlarla bulu\u015fuyor. Ko\u00e7 \u00dcniversitesi Anadolu Medeniyetleri Ara\u015ft\u0131rma Merkezi\u2019nde (ANAMED) bulunan Kemerli Galeri\u2019de 1 Haziran\u2019da ziyarete a\u00e7\u0131lacak \u201cYitik \u0130mparatorlu\u011fu Resmetmek: \u0130talyan Merce\u011finden Anadolu\u2019daki Bizans Sanat\u0131, 1960\u20132000\u201d sergisinin kitab\u0131 da raflardaki yerini al\u0131yor. Livia Bevilacqua ve Giovanni Gasbarri\u2019nin edit\u00f6rl\u00fc\u011f\u00fcn\u00fc \u00fcstlendi\u011fi kitap, Bevilacqua ve Gasbarri\u2019nin yan\u0131s\u0131ra Engin Aky\u00fcrek, Claudia Barsanti, Alessandra Guiglia, Antonio Iacobini, Andrea Paribeni, Lorenzo Riccardi ve Enrico Zanini taraf\u0131ndan kaleme al\u0131nd\u0131. Kitap, sergide konu edilen \u0130talyan Bizans sanat tarih\u00e7ilerinin 1960\u20132000 y\u0131llar\u0131 aras\u0131nda \u0130stanbul ve Anadolu\u2019da yapt\u0131klar\u0131 gezilere odaklan\u0131yor. Kitap ayr\u0131ca 1930\u2019lardan g\u00fcn\u00fcm\u00fcze kadar \u0130talya ve T\u00fcrkiye\u2019de Bizans sanat tarihi alg\u0131s\u0131 ve Bizans sanat tarihi yaz\u0131m\u0131na ili\u015fkin makalelere de yer veriyor. Sergide yer alan foto\u011fraflar\u0131n b\u00fcy\u00fck k\u0131sm\u0131 y\u00fcksek \u00e7\u00f6z\u00fcn\u00fcrl\u00fckl\u00fc halleriyle kitapta da bulunuyor. <\/p>\n","protected":false},"excerpt":{"rendered":"<p>Ko\u00e7 \u00dcniversitesi Anadolu Medeniyetleri Ara\u015ft\u0131rma Merkezi\u2019nin (ANAMED) Kemerli Galerisinde ziyaret\u00e7ilerle bulu\u015facak \u201cYitik \u0130mparatorlu\u011fu Resmetmek: \u0130talyan Merce\u011finden Anadolu\u2019daki Bizans Sanat\u0131, 1960\u20132000\u201d sergisinin kitab\u0131 da e\u015f zamanl\u0131 yay\u0131mlan\u0131yor.<span class=\"excerpt-hellip\"> [\u2026]<\/span><\/p>\n","protected":false},"featured_media":0,"template":"","meta":{"_monsterinsights_skip_tracking":false,"_monsterinsights_sitenote_active":false,"_monsterinsights_sitenote_note":"","_monsterinsights_sitenote_category":0},"product_brand":[],"product_cat":[12408,14197],"product_tag":[],"class_list":{"0":"post-713853","1":"product","2":"type-product","3":"status-publish","5":"product_cat-sanat","6":"product_cat-sanat-tarihi","7":"pa_cilt-ciltsiz","8":"pa_tur-kitap","9":"pa_yayinevi-vekam-koc-universitesi-vehbi-koc-ankara-arastirmalari-uygulama-ve-arastirma-merkezi","10":"pa_yazar-kollektif","12":"first","13":"instock","14":"sale","15":"shipping-taxable","16":"purchasable","17":"product-type-simple"},"_links":{"self":[{"href":"https:\/\/roveyayinevi.com.tr\/index.php\/wp-json\/wp\/v2\/product\/713853","targetHints":{"allow":["GET"]}}],"collection":[{"href":"https:\/\/roveyayinevi.com.tr\/index.php\/wp-json\/wp\/v2\/product"}],"about":[{"href":"https:\/\/roveyayinevi.com.tr\/index.php\/wp-json\/wp\/v2\/types\/product"}],"wp:attachment":[{"href":"https:\/\/roveyayinevi.com.tr\/index.php\/wp-json\/wp\/v2\/media?parent=713853"}],"wp:term":[{"taxonomy":"product_brand","embeddable":true,"href":"https:\/\/roveyayinevi.com.tr\/index.php\/wp-json\/wp\/v2\/product_brand?post=713853"},{"taxonomy":"product_cat","embeddable":true,"href":"https:\/\/roveyayinevi.com.tr\/index.php\/wp-json\/wp\/v2\/product_cat?post=713853"},{"taxonomy":"product_tag","embeddable":true,"href":"https:\/\/roveyayinevi.com.tr\/index.php\/wp-json\/wp\/v2\/product_tag?post=713853"}],"curies":[{"name":"wp","href":"https:\/\/api.w.org\/{rel}","templated":true}]}}