{"id":713846,"date":"2025-08-27T17:12:22","date_gmt":"2025-08-27T14:12:22","guid":{"rendered":"https:\/\/roveyayinevi.com.tr\/index.php\/urun\/egitimde-yaratici-drama\/"},"modified":"2026-04-16T02:22:21","modified_gmt":"2026-04-15T23:22:21","slug":"egitimde-yaratici-drama","status":"publish","type":"product","link":"https:\/\/roveyayinevi.com.tr\/index.php\/urun\/egitimde-yaratici-drama\/","title":{"rendered":"E\u011fitimde Yarat\u0131c\u0131 Drama"},"content":{"rendered":"<p>\u00d6mer Ad\u0131g\u00fczel, tarihsel s\u00fcre\u00e7 i\u00e7inde yarat\u0131c\u0131 draman\u0131n \u00f6nc\u00fclerinden ilk uygulay\u0131c\u0131lar\u0131na, T\u00fcrkiye&#8217;deki \u00f6nc\u00fclerin deneyimlerinden ve kuramlar\u0131ndan kimi \u00fclkelerde s\u00fcrd\u00fcr\u00fclen uygulamalar\u0131n kar\u015f\u0131la\u015ft\u0131rmal\u0131 \u00f6rneklerine uzan\u0131yor. E\u011fitimde yarat\u0131c\u0131 drama alan\u0131nda, kuram ve uygulamada kar\u015f\u0131la\u015f\u0131lan sorunlar\u0131 gidermeye y\u00f6nelik temel bir kaynak. Yarat\u0131c\u0131 dramayla ilgilenen t\u00fcm ara\u015ft\u0131rmac\u0131lar, akademisyenler ve \u00f6\u011frenciler i\u00e7in&#8230; Meydan okumak korkmad\u0131g\u0306\u0131n\u0131 ve c\u0327ekinmedig\u0306ini ac\u0327\u0131kc\u0327a bildirmek, go\u0308stermek, kars\u0327\u0131 tarafla yar\u0131s\u0327a girmek, bu nedenle yas\u0327am\u0131n tam da kendisi olmak, odag\u0306\u0131nda bulunmak demektir. Yas\u0327amda pek c\u0327ok sec\u0327im yapmak durumunda kal\u0131r\u0131z. Bu sec\u0327imler bir ic\u0327 c\u0327at\u0131s\u0327ma olarak dramatik bir duruma do\u0308nu\u0308s\u0327u\u0308r. Bu yas\u0327amsal durumlar kendilig\u0306inden ve dog\u0306ac\u0327lamaya dayal\u0131 bir canland\u0131rmada yer al\u0131r. Etkiye kars\u0327\u0131, kaynag\u0306\u0131 yas\u0327ant\u0131lardan gelen tepkiler vermeye bas\u0327lar\u0131z. Meydan okumaya en c\u0327ok da bo\u0308yle anlarda ihtiyac\u0327 duymaz m\u0131y\u0131z?<\/p>\n","protected":false},"excerpt":{"rendered":"<p>\u00d6mer Ad\u0131g\u00fczel, tarihsel s\u00fcre\u00e7 i\u00e7inde yarat\u0131c\u0131 draman\u0131n \u00f6nc\u00fclerinden ilk uygulay\u0131c\u0131lar\u0131na, T\u00fcrkiye&#8217;deki \u00f6nc\u00fclerin deneyimlerinden ve kuramlar\u0131ndan kimi \u00fclkelerde s\u00fcrd\u00fcr\u00fclen uygulamalar\u0131n kar\u015f\u0131la\u015ft\u0131rmal\u0131 \u00f6rneklerine uzan\u0131yor. E\u011fitimde yarat\u0131c\u0131 drama alan\u0131nda,<span class=\"excerpt-hellip\"> [\u2026]<\/span><\/p>\n","protected":false},"featured_media":0,"template":"","meta":{"_monsterinsights_skip_tracking":false,"_monsterinsights_sitenote_active":false,"_monsterinsights_sitenote_note":"","_monsterinsights_sitenote_category":0},"product_brand":[],"product_cat":[12573,12566],"product_tag":[],"class_list":{"0":"post-713846","1":"product","2":"type-product","3":"status-publish","5":"product_cat-akademik-kitaplar","6":"product_cat-egitim","7":"pa_cilt-ciltsiz","8":"pa_tur-kitap","9":"pa_yayinevi-yapi-kredi-yayinlari","10":"pa_yazar-omer-adiguzel","12":"first","13":"instock","14":"sale","15":"shipping-taxable","16":"purchasable","17":"product-type-simple"},"_links":{"self":[{"href":"https:\/\/roveyayinevi.com.tr\/index.php\/wp-json\/wp\/v2\/product\/713846","targetHints":{"allow":["GET"]}}],"collection":[{"href":"https:\/\/roveyayinevi.com.tr\/index.php\/wp-json\/wp\/v2\/product"}],"about":[{"href":"https:\/\/roveyayinevi.com.tr\/index.php\/wp-json\/wp\/v2\/types\/product"}],"wp:attachment":[{"href":"https:\/\/roveyayinevi.com.tr\/index.php\/wp-json\/wp\/v2\/media?parent=713846"}],"wp:term":[{"taxonomy":"product_brand","embeddable":true,"href":"https:\/\/roveyayinevi.com.tr\/index.php\/wp-json\/wp\/v2\/product_brand?post=713846"},{"taxonomy":"product_cat","embeddable":true,"href":"https:\/\/roveyayinevi.com.tr\/index.php\/wp-json\/wp\/v2\/product_cat?post=713846"},{"taxonomy":"product_tag","embeddable":true,"href":"https:\/\/roveyayinevi.com.tr\/index.php\/wp-json\/wp\/v2\/product_tag?post=713846"}],"curies":[{"name":"wp","href":"https:\/\/api.w.org\/{rel}","templated":true}]}}