{"id":713840,"date":"2025-08-27T17:12:18","date_gmt":"2025-08-27T14:12:18","guid":{"rendered":"https:\/\/roveyayinevi.com.tr\/index.php\/urun\/gelecegin-ulkesi-zweigin-brezilya-izlenimleri\/"},"modified":"2026-04-16T02:22:21","modified_gmt":"2026-04-15T23:22:21","slug":"gelecegin-ulkesi-zweigin-brezilya-izlenimleri","status":"publish","type":"product","link":"https:\/\/roveyayinevi.com.tr\/index.php\/urun\/gelecegin-ulkesi-zweigin-brezilya-izlenimleri\/","title":{"rendered":"Gelece\u011fin \u00dclkesi Zweig\u2019\u0131n Brezilya \u0130zlenimleri"},"content":{"rendered":"<p>Rio\u2019ya aya\u011f\u0131m\u0131 basar basmaz g\u00f6rd\u00fcklerimle, ya\u015fam\u0131mda o ana kadar hi\u00e7bir \u015feyin beni b\u00f6ylesine g\u00fc\u00e7l\u00fc etkilemedi\u011fini kavram\u0131\u015ft\u0131m. Ayn\u0131 zamanda hayran kal\u0131p sars\u0131lm\u0131\u015ft\u0131m. \u00c7\u00fcnk\u00fc beni burada bekleyen sadece, deniz, da\u011flar, kent ve tropikal bir do\u011fadan olu\u015fan e\u015fsiz bir manzara de\u011fildi, o g\u00fcne kadar bilmedi\u011fim \u00e7ok de\u011fi\u015fik bir t\u00fcr medeniyet de dikkat \u00e7ekiyordu. S. Zweig Stefan Zweig 1936 y\u0131l\u0131nda konferanslar vermek i\u00e7in geldi\u011fi ve haftalarca kald\u0131\u011f\u0131 Brezilya\u2019da yapt\u0131\u011f\u0131 uzun yolculuklarda d\u00fcnyan\u0131n bu be\u015finci b\u00fcy\u00fck \u00fclkesinin balta girmemi\u015f ormanlar\u0131n\u0131, insan aya\u011f\u0131 basmam\u0131\u015f y\u00f6relerini, Amazon b\u00f6lgesini, e\u015fsiz do\u011fas\u0131n\u0131, b\u00fcy\u00fck kentlerini, her gitti\u011fi yerde kar\u015f\u0131la\u015ft\u0131\u011f\u0131 ho\u015fg\u00f6r\u00fcl\u00fc, s\u0131cak insanlar\u0131n\u0131 tan\u0131m\u0131\u015f ve t\u00fcm izlenimlerini son kitaplar\u0131ndan biri kabul edilen Brezilya\u2013 Gelece\u011fin \u00dclkesi\u2019nde toplam\u0131\u015ft\u0131r. Zweig\u2019\u0131n bu G\u00fcney Amerika \u00fclkesine, do\u011fas\u0131na ve insanlar\u0131na \u00e2\u015f\u0131k oldu\u011funu anlat\u0131m\u0131ndaki i\u00e7tenlikte g\u00f6r\u00fcyoruz. Sonsuz topraklarda \u00e7ok de\u011fi\u015fik k\u00f6kenli milyonlar ya\u015fasa da Brezilyal\u0131\u2019n\u0131n ya\u015fam sevinci, i\u00e7 huzuru ve her yabanc\u0131yla \u00e7abucak ve sorunsuz anla\u015fmas\u0131 Zweig\u2019\u0131 hemen b\u00fcy\u00fcle\u015fmi\u015fti. H\u00fcmanist g\u00f6r\u00fc\u015fl\u00fc, kozmopolit yazar\u0131 gitti\u011fi say\u0131s\u0131z \u00fclke aras\u0131nda en \u00e7ok heyecanland\u0131ran \u00fclke Brezilya olmu\u015ftu. Onun co\u015fkusunu bu yap\u0131t\u0131nda g\u00f6rmemek m\u00fcmk\u00fcn de\u011fil. \u0130kinci D\u00fcnya Sava\u015f\u0131\u2019n\u0131n e\u015fi\u011finde, Nazilerin g\u00fc\u00e7lendi\u011fi, Avrupa\u2019n\u0131n kendi kendini \u00e7\u00f6kertmeye ba\u015flad\u0131\u011f\u0131 y\u0131llarda her \u015feyiyle ola\u011fan\u00fcst\u00fc \u00fclke Brezilya ona bir cennet gibi gelmi\u015fti. <\/p>\n","protected":false},"excerpt":{"rendered":"<p>Rio\u2019ya aya\u011f\u0131m\u0131 basar basmaz g\u00f6rd\u00fcklerimle, ya\u015fam\u0131mda o ana kadar hi\u00e7bir \u015feyin beni b\u00f6ylesine g\u00fc\u00e7l\u00fc etkilemedi\u011fini kavram\u0131\u015ft\u0131m. Ayn\u0131 zamanda hayran kal\u0131p sars\u0131lm\u0131\u015ft\u0131m. \u00c7\u00fcnk\u00fc beni burada bekleyen sadece,<span class=\"excerpt-hellip\"> [\u2026]<\/span><\/p>\n","protected":false},"featured_media":0,"template":"","meta":{"_monsterinsights_skip_tracking":false,"_monsterinsights_sitenote_active":false,"_monsterinsights_sitenote_note":"","_monsterinsights_sitenote_category":0},"product_brand":[],"product_cat":[18545,12291],"product_tag":[],"class_list":{"0":"post-713840","1":"product","2":"type-product","3":"status-publish","5":"product_cat-anlati","6":"product_cat-edebiyat","7":"pa_cilt-ciltsiz","8":"pa_tur-kitap","9":"pa_yayinevi-ayrinti-yayinlari","10":"pa_yazar-stefan-zweig","12":"first","13":"instock","14":"sale","15":"shipping-taxable","16":"purchasable","17":"product-type-simple"},"_links":{"self":[{"href":"https:\/\/roveyayinevi.com.tr\/index.php\/wp-json\/wp\/v2\/product\/713840","targetHints":{"allow":["GET"]}}],"collection":[{"href":"https:\/\/roveyayinevi.com.tr\/index.php\/wp-json\/wp\/v2\/product"}],"about":[{"href":"https:\/\/roveyayinevi.com.tr\/index.php\/wp-json\/wp\/v2\/types\/product"}],"wp:attachment":[{"href":"https:\/\/roveyayinevi.com.tr\/index.php\/wp-json\/wp\/v2\/media?parent=713840"}],"wp:term":[{"taxonomy":"product_brand","embeddable":true,"href":"https:\/\/roveyayinevi.com.tr\/index.php\/wp-json\/wp\/v2\/product_brand?post=713840"},{"taxonomy":"product_cat","embeddable":true,"href":"https:\/\/roveyayinevi.com.tr\/index.php\/wp-json\/wp\/v2\/product_cat?post=713840"},{"taxonomy":"product_tag","embeddable":true,"href":"https:\/\/roveyayinevi.com.tr\/index.php\/wp-json\/wp\/v2\/product_tag?post=713840"}],"curies":[{"name":"wp","href":"https:\/\/api.w.org\/{rel}","templated":true}]}}