{"id":713814,"date":"2025-08-27T17:11:29","date_gmt":"2025-08-27T14:11:29","guid":{"rendered":"https:\/\/roveyayinevi.com.tr\/index.php\/urun\/melezler\/"},"modified":"2026-04-16T02:22:20","modified_gmt":"2026-04-15T23:22:20","slug":"melezler","status":"publish","type":"product","link":"https:\/\/roveyayinevi.com.tr\/index.php\/urun\/melezler\/","title":{"rendered":"Melezler"},"content":{"rendered":"<p>Bram Stoker En \u0130yi Korku Roman\u0131 \u00d6d\u00fcl\u00fc Aday\u0131 Shirley Jackson En \u0130yi Korku Roman\u0131 \u00d6d\u00fcl\u00fc Aday\u0131 \u201cStephen Graham Jones\u2019un edebiyat\u00e7\u0131l\u0131\u011f\u0131 en az bu kitap i\u00e7erisindeki canavarlar kadar g\u00fc\u00e7l\u00fc.\u201d \u2013Josh Malerman \u201cMelezler a\u011fz\u0131m\u0131 a\u00e7\u0131k b\u0131rakt\u0131. Hatta nefesimi kesti. Son derece zeki, \u00f6zg\u00fcn, heyecan verici, korkutucu ve bir o kadar da insani.\u201d \u2013Paul Tremblay \u201c\u00c7avdar Tarlas\u0131nda \u00c7ocuklar\u2019\u0131n, m\u00fcziklerini Warren Zevon\u2019un yapt\u0131\u011f\u0131 eski bir korku filmiyle birle\u015fimi gibi.\u201d \u2013Kirkus Korku edebiyat\u0131n\u0131n postmodern yazar\u0131 Stephen Graham Jones\u2019tan hayatta kalmak, ait olmak, kimli\u011fini bulmak \u00fczerine yaz\u0131lm\u0131\u015f ve kurtadam literat\u00fcr\u00fcne derin bir \u00e7entik atan e\u015fsiz bir b\u00fcy\u00fcme \u00f6yk\u00fcs\u00fc. T\u0131pk\u0131 ailesi gibi o da bir d\u0131\u015farl\u0131kl\u0131yd\u0131. Zorluklara ra\u011fmen katlan\u0131labilir hayat\u0131n\u0131 teyzesi Libby ve day\u0131s\u0131 Darren\u2019la birlikte onlar\u0131 anlamayan ve istemeyen bir toplumdan uzakta ge\u00e7irmek zorundayd\u0131. Melezlerdi onlar, bulan\u0131k kanl\u0131lar, hi\u00e7bir yere ait olamayanlar. Vakti geldi\u011finde teyzesi ve day\u0131s\u0131yla yollarda ge\u00e7en bir ya\u015fam\u0131 m\u0131 yoksa onlardan uzakta, yolun kenar\u0131nda kalan di\u011fer insanlarla ge\u00e7en bir ya\u015fam\u0131 m\u0131 tercih edece\u011fine kendi karar verecekti. Zira onun da bir kurtadam olup olmad\u0131\u011f\u0131 yak\u0131n zamanda belli olacakt\u0131. Melezler \u015fimdiki zamanla ge\u00e7mi\u015f aras\u0131nda mekik dokuyan ve bu sayede kendini ve d\u00fcnyadaki yerini anlamaya \u00e7al\u0131\u015fan bir \u00e7ocu\u011fun unutulmaz panoramas\u0131n\u0131 g\u00f6zler \u00f6n\u00fcne seriyor. D\u00f6n\u00fc\u015f\u00fcm yakla\u015ft\u0131\u2026 Ama korkma, i\u00e7indeki canavar d\u0131\u015far\u0131dan daha \u00fcrk\u00fct\u00fcc\u00fc de\u011fil. <\/p>\n","protected":false},"excerpt":{"rendered":"<p>Bram Stoker En \u0130yi Korku Roman\u0131 \u00d6d\u00fcl\u00fc Aday\u0131 Shirley Jackson En \u0130yi Korku Roman\u0131 \u00d6d\u00fcl\u00fc Aday\u0131 \u201cStephen Graham Jones\u2019un edebiyat\u00e7\u0131l\u0131\u011f\u0131 en az bu kitap i\u00e7erisindeki canavarlar<span class=\"excerpt-hellip\"> [\u2026]<\/span><\/p>\n","protected":false},"featured_media":0,"template":"","meta":{"_monsterinsights_skip_tracking":false,"_monsterinsights_sitenote_active":false,"_monsterinsights_sitenote_note":"","_monsterinsights_sitenote_category":0},"product_brand":[],"product_cat":[12291,17033],"product_tag":[],"class_list":{"0":"post-713814","1":"product","2":"type-product","3":"status-publish","5":"product_cat-edebiyat","6":"product_cat-korku-gerilim","7":"pa_cilt-ciltsiz","8":"pa_tur-kitap","9":"pa_yayinevi-ithaki-yayinlari","10":"pa_yazar-stephen-graham-jones","12":"first","13":"instock","14":"sale","15":"shipping-taxable","16":"purchasable","17":"product-type-simple"},"_links":{"self":[{"href":"https:\/\/roveyayinevi.com.tr\/index.php\/wp-json\/wp\/v2\/product\/713814","targetHints":{"allow":["GET"]}}],"collection":[{"href":"https:\/\/roveyayinevi.com.tr\/index.php\/wp-json\/wp\/v2\/product"}],"about":[{"href":"https:\/\/roveyayinevi.com.tr\/index.php\/wp-json\/wp\/v2\/types\/product"}],"wp:attachment":[{"href":"https:\/\/roveyayinevi.com.tr\/index.php\/wp-json\/wp\/v2\/media?parent=713814"}],"wp:term":[{"taxonomy":"product_brand","embeddable":true,"href":"https:\/\/roveyayinevi.com.tr\/index.php\/wp-json\/wp\/v2\/product_brand?post=713814"},{"taxonomy":"product_cat","embeddable":true,"href":"https:\/\/roveyayinevi.com.tr\/index.php\/wp-json\/wp\/v2\/product_cat?post=713814"},{"taxonomy":"product_tag","embeddable":true,"href":"https:\/\/roveyayinevi.com.tr\/index.php\/wp-json\/wp\/v2\/product_tag?post=713814"}],"curies":[{"name":"wp","href":"https:\/\/api.w.org\/{rel}","templated":true}]}}