{"id":713812,"date":"2025-08-27T17:11:27","date_gmt":"2025-08-27T14:11:27","guid":{"rendered":"https:\/\/roveyayinevi.com.tr\/index.php\/urun\/orhan-bey-ve-kitaplari-bir-orhan-pamuk-okurunun-notlari\/"},"modified":"2026-04-16T02:22:20","modified_gmt":"2026-04-15T23:22:20","slug":"orhan-bey-ve-kitaplari-bir-orhan-pamuk-okurunun-notlari","status":"publish","type":"product","link":"https:\/\/roveyayinevi.com.tr\/index.php\/urun\/orhan-bey-ve-kitaplari-bir-orhan-pamuk-okurunun-notlari\/","title":{"rendered":"Orhan Bey ve Kitaplar\u0131 &#8211; Bir Orhan Pamuk Okurunun Notlar\u0131"},"content":{"rendered":"<p>Edebiyat\u0131m\u0131z\u0131n T\u00fcrkiye&#8217;de en \u00e7ok tart\u0131\u015f\u0131lan, d\u00fcnyada en \u00e7ok okunan ismi, Orhan Pamuk. Walter Benjamin, S\u00e2d\u0131k Hid\u00e2yet ve Ahmet Hamdi Tanp\u0131nar&#8217;a dair kaleme ald\u0131\u011f\u0131 kitaplar\u0131yla okurlar\u0131na yeni ufuklar a\u00e7an bir &#8220;etkin okur&#8221;, O\u011fuz Demiralp. Orhan Bey ve Kitaplar\u0131&#8217;nda O\u011fuz Demiralp bu kez, ilk roman\u0131 Cevdet Bey ve O\u011fullar\u0131&#8217;ndan Nobel Edebiyat \u00d6d\u00fcl\u00fc&#8217;ne, Nobel\u2019den (\u015fu ana kadar) son roman\u0131 K\u0131rm\u0131z\u0131 Sa\u00e7l\u0131 Kad\u0131n&#8217;a, att\u0131\u011f\u0131 her ad\u0131m\u0131 \u00f6nceden &#8220;kuran&#8221; Orhan Pamuk ve kitaplar\u0131n\u0131 oda\u011fa al\u0131yor. Pamuk&#8217;un Tanp\u0131nar Merkezi&#8217;nin a\u00e7\u0131\u015f konu\u015fmas\u0131ndan hareket ederek, \u201cPamukistan\u201d ad\u0131n\u0131 verdi\u011fi kozmosun nas\u0131l i\u015fledi\u011fini, Nobelli yazar\u0131n s\u00f6yle\u015filerde okuru nas\u0131l y\u00f6nlendirdi\u011fini, ucu bamba\u015fka yerlere \u00e7\u0131kan siyasi \u00e7eli\u015fkilerini if\u015fa ederken, postmodern ve oryantalist oyunlar aras\u0131nda kaybolmu\u015f bir Orhan Pamuk okurunun \u201cma\u011fduriyet m\u00fczesi\u201dni in\u015fa ediyor Demiralp. Mustafa Kesret&#8217;in yolda\u015fl\u0131\u011f\u0131nda okur olarak Habil\u2019in yerine ge\u00e7iyor ve Kabil&#8217;in g\u00fcnahlar\u0131n\u0131 s\u0131ral\u0131yor&#8230; <\/p>\n","protected":false},"excerpt":{"rendered":"<p>Edebiyat\u0131m\u0131z\u0131n T\u00fcrkiye&#8217;de en \u00e7ok tart\u0131\u015f\u0131lan, d\u00fcnyada en \u00e7ok okunan ismi, Orhan Pamuk. Walter Benjamin, S\u00e2d\u0131k Hid\u00e2yet ve Ahmet Hamdi Tanp\u0131nar&#8217;a dair kaleme ald\u0131\u011f\u0131 kitaplar\u0131yla okurlar\u0131na yeni<span class=\"excerpt-hellip\"> [\u2026]<\/span><\/p>\n","protected":false},"featured_media":0,"template":"","meta":{"_monsterinsights_skip_tracking":false,"_monsterinsights_sitenote_active":false,"_monsterinsights_sitenote_note":"","_monsterinsights_sitenote_category":0},"product_brand":[],"product_cat":[13072,12291],"product_tag":[],"class_list":{"0":"post-713812","1":"product","2":"type-product","3":"status-publish","5":"product_cat-arastirma-inceleme-referans","6":"product_cat-edebiyat","7":"pa_cilt-ciltsiz","8":"pa_tur-kitap","9":"pa_yayinevi-kirmizi-kedi-yayinevi","10":"pa_yazar-oguz-demiralp","12":"first","13":"instock","14":"sale","15":"shipping-taxable","16":"purchasable","17":"product-type-simple"},"_links":{"self":[{"href":"https:\/\/roveyayinevi.com.tr\/index.php\/wp-json\/wp\/v2\/product\/713812","targetHints":{"allow":["GET"]}}],"collection":[{"href":"https:\/\/roveyayinevi.com.tr\/index.php\/wp-json\/wp\/v2\/product"}],"about":[{"href":"https:\/\/roveyayinevi.com.tr\/index.php\/wp-json\/wp\/v2\/types\/product"}],"wp:attachment":[{"href":"https:\/\/roveyayinevi.com.tr\/index.php\/wp-json\/wp\/v2\/media?parent=713812"}],"wp:term":[{"taxonomy":"product_brand","embeddable":true,"href":"https:\/\/roveyayinevi.com.tr\/index.php\/wp-json\/wp\/v2\/product_brand?post=713812"},{"taxonomy":"product_cat","embeddable":true,"href":"https:\/\/roveyayinevi.com.tr\/index.php\/wp-json\/wp\/v2\/product_cat?post=713812"},{"taxonomy":"product_tag","embeddable":true,"href":"https:\/\/roveyayinevi.com.tr\/index.php\/wp-json\/wp\/v2\/product_tag?post=713812"}],"curies":[{"name":"wp","href":"https:\/\/api.w.org\/{rel}","templated":true}]}}