{"id":713788,"date":"2025-08-27T17:11:11","date_gmt":"2025-08-27T14:11:11","guid":{"rendered":"https:\/\/roveyayinevi.com.tr\/index.php\/urun\/sihirli-agac-evi-7-kurtar-bizi-mamut\/"},"modified":"2026-04-16T02:22:20","modified_gmt":"2026-04-15T23:22:20","slug":"sihirli-agac-evi-7-kurtar-bizi-mamut","status":"publish","type":"product","link":"https:\/\/roveyayinevi.com.tr\/index.php\/urun\/sihirli-agac-evi-7-kurtar-bizi-mamut\/","title":{"rendered":"Sihirli A\u011fa\u00e7 Evi 7 Kurtar Bizi Mamut"},"content":{"rendered":"<p>Sihirli A\u011fa\u00e7 Evi ile sen de macera dolu bir d\u00fcnyaya dal! T\u0131pk\u0131 d\u00fcnyan\u0131n d\u00f6rt bir yan\u0131ndaki milyonlarca \u00e7ocuk gibi. Tim ve Lea kendilerini Buz Devri\u2019nde buldular. Ke\u015fke daha kal\u0131n giyinselerdi\u2026 Kabul edelim, avc\u0131 Cro-Magnonlardan gizlenmeye \u00e7al\u0131\u015f\u0131rken, dev bir ma\u011fara ay\u0131s\u0131n\u0131n inine girmeleri pek de iyi bir ba\u015flang\u0131\u00e7 olmad\u0131. Tam kurtulduk dediklerinde pe\u015flerine k\u0131l\u0131\u00e7 di\u015fli kaplan tak\u0131ld\u0131. Tim ve Lea d\u00fc\u015ft\u00fckleri tuzaktan kurtulup sihirli a\u011fa\u00e7 evine ula\u015fabilecekler mi? Onlara bu sefer kim yard\u0131m edecek? K\u00fc\u00e7\u00fck okurlar\u0131 hem okuman\u0131n keyfiyle hem de tarihteki farkl\u0131 k\u00fclt\u00fcrlerle tan\u0131\u015ft\u0131ran Sihirli A\u011fa\u00e7 Evi serisi bu y\u00f6n\u00fcyle sadece d\u00fcnyan\u0131n d\u00f6rt bir yan\u0131ndaki \u00e7ocuklar\u0131n de\u011fil, anne babalar ve e\u011fitimcilerin de g\u00f6zdesi oldu.  New York Times \u00e7oksatanlar listesinde bir numaraya kadar \u00e7\u0131kan ve be\u015f y\u0131ldan uzun bir s\u00fcre bu listede kalmay\u0131 ba\u015faran bu \u00f6d\u00fcll\u00fc seri 33 dilde 130 milyondan fazla satt\u0131. <\/p>\n","protected":false},"excerpt":{"rendered":"<p>Sihirli A\u011fa\u00e7 Evi ile sen de macera dolu bir d\u00fcnyaya dal! T\u0131pk\u0131 d\u00fcnyan\u0131n d\u00f6rt bir yan\u0131ndaki milyonlarca \u00e7ocuk gibi. Tim ve Lea kendilerini Buz Devri\u2019nde buldular.<span class=\"excerpt-hellip\"> [\u2026]<\/span><\/p>\n","protected":false},"featured_media":0,"template":"","meta":{"_monsterinsights_skip_tracking":false,"_monsterinsights_sitenote_active":false,"_monsterinsights_sitenote_note":"","_monsterinsights_sitenote_category":0},"product_brand":[],"product_cat":[12275,12274],"product_tag":[],"class_list":{"0":"post-713788","1":"product","2":"type-product","3":"status-publish","5":"product_cat-6-12-yas-kitaplari","6":"product_cat-cocuk-ve-genclik-kitaplari","7":"pa_cilt-ciltsiz","8":"pa_tur-kitap","9":"pa_yayinevi-domingo-yayinevi","10":"pa_yazar-mary-pope-osborne","12":"first","13":"instock","14":"sale","15":"shipping-taxable","16":"purchasable","17":"product-type-simple"},"_links":{"self":[{"href":"https:\/\/roveyayinevi.com.tr\/index.php\/wp-json\/wp\/v2\/product\/713788","targetHints":{"allow":["GET"]}}],"collection":[{"href":"https:\/\/roveyayinevi.com.tr\/index.php\/wp-json\/wp\/v2\/product"}],"about":[{"href":"https:\/\/roveyayinevi.com.tr\/index.php\/wp-json\/wp\/v2\/types\/product"}],"wp:attachment":[{"href":"https:\/\/roveyayinevi.com.tr\/index.php\/wp-json\/wp\/v2\/media?parent=713788"}],"wp:term":[{"taxonomy":"product_brand","embeddable":true,"href":"https:\/\/roveyayinevi.com.tr\/index.php\/wp-json\/wp\/v2\/product_brand?post=713788"},{"taxonomy":"product_cat","embeddable":true,"href":"https:\/\/roveyayinevi.com.tr\/index.php\/wp-json\/wp\/v2\/product_cat?post=713788"},{"taxonomy":"product_tag","embeddable":true,"href":"https:\/\/roveyayinevi.com.tr\/index.php\/wp-json\/wp\/v2\/product_tag?post=713788"}],"curies":[{"name":"wp","href":"https:\/\/api.w.org\/{rel}","templated":true}]}}