{"id":713777,"date":"2025-08-27T17:11:05","date_gmt":"2025-08-27T14:11:05","guid":{"rendered":"https:\/\/roveyayinevi.com.tr\/index.php\/urun\/tuna-kilavuzu\/"},"modified":"2026-04-16T02:22:20","modified_gmt":"2026-04-15T23:22:20","slug":"tuna-kilavuzu","status":"publish","type":"product","link":"https:\/\/roveyayinevi.com.tr\/index.php\/urun\/tuna-kilavuzu\/","title":{"rendered":"Tuna K\u0131lavuzu"},"content":{"rendered":"<p>Avrupa\u2019n\u0131n en b\u00fcy\u00fck ve en muhte\u015fem nehri, Tuna. G\u00fc\u00e7l\u00fc ve i\u015finin ehli bir bal\u0131k\u00e7\u0131, \u0130lia Brusch. Zeki ve tuttu\u011funu koparan bir polis \u015fefi, Karl Dragoch. Tuna Nehri k\u0131y\u0131s\u0131ndaki \u015fehirlere korku salan tehlikeli bir \u00e7ete. Ve hepsini bir araya getiren s\u00fcrprizlerle dolu bir yolculuk. Tuna Nehri\u2019ne k\u0131y\u0131s\u0131 bulunan \u00fclkelerdeki bal\u0131k\u00e7\u0131lar\u0131n kurdu\u011fu Tuna Derne\u011fi\u2019nin d\u00fczenledi\u011fi en iyi bal\u0131k tutma yar\u0131\u015fmas\u0131n\u0131n galibi s\u00fcrpriz bir isim olur. Bu bal\u0131k\u00e7\u0131 \u00f6d\u00fcl t\u00f6reninde bir rekora imza atmak istedi\u011fini duyurur; bal\u0131k\u00e7\u0131 teknesiyle Tuna Nehri\u2019ni boydan boya ge\u00e7erek Karadeniz\u2019e ula\u015facakt\u0131r. Bu yolculuk heyecan dolu bir maceran\u0131n fitilini ate\u015fler. Acaba bal\u0131k\u00e7\u0131n\u0131n amac\u0131 ger\u00e7ekten de yaln\u0131zca bir rekor k\u0131rmak m\u0131d\u0131r? <\/p>\n","protected":false},"excerpt":{"rendered":"<p>Avrupa\u2019n\u0131n en b\u00fcy\u00fck ve en muhte\u015fem nehri, Tuna. G\u00fc\u00e7l\u00fc ve i\u015finin ehli bir bal\u0131k\u00e7\u0131, \u0130lia Brusch. Zeki ve tuttu\u011funu koparan bir polis \u015fefi, Karl Dragoch. Tuna<span class=\"excerpt-hellip\"> [\u2026]<\/span><\/p>\n","protected":false},"featured_media":0,"template":"","meta":{"_monsterinsights_skip_tracking":false,"_monsterinsights_sitenote_active":false,"_monsterinsights_sitenote_note":"","_monsterinsights_sitenote_category":0},"product_brand":[],"product_cat":[12275,12274],"product_tag":[],"class_list":{"0":"post-713777","1":"product","2":"type-product","3":"status-publish","5":"product_cat-6-12-yas-kitaplari","6":"product_cat-cocuk-ve-genclik-kitaplari","7":"pa_cilt-ciltsiz","8":"pa_tur-kitap","9":"pa_yayinevi-arkadas-yayinlari","10":"pa_yazar-jules-verne","12":"first","13":"instock","14":"sale","15":"shipping-taxable","16":"purchasable","17":"product-type-simple"},"_links":{"self":[{"href":"https:\/\/roveyayinevi.com.tr\/index.php\/wp-json\/wp\/v2\/product\/713777","targetHints":{"allow":["GET"]}}],"collection":[{"href":"https:\/\/roveyayinevi.com.tr\/index.php\/wp-json\/wp\/v2\/product"}],"about":[{"href":"https:\/\/roveyayinevi.com.tr\/index.php\/wp-json\/wp\/v2\/types\/product"}],"wp:attachment":[{"href":"https:\/\/roveyayinevi.com.tr\/index.php\/wp-json\/wp\/v2\/media?parent=713777"}],"wp:term":[{"taxonomy":"product_brand","embeddable":true,"href":"https:\/\/roveyayinevi.com.tr\/index.php\/wp-json\/wp\/v2\/product_brand?post=713777"},{"taxonomy":"product_cat","embeddable":true,"href":"https:\/\/roveyayinevi.com.tr\/index.php\/wp-json\/wp\/v2\/product_cat?post=713777"},{"taxonomy":"product_tag","embeddable":true,"href":"https:\/\/roveyayinevi.com.tr\/index.php\/wp-json\/wp\/v2\/product_tag?post=713777"}],"curies":[{"name":"wp","href":"https:\/\/api.w.org\/{rel}","templated":true}]}}