{"id":713774,"date":"2025-08-27T17:11:03","date_gmt":"2025-08-27T14:11:03","guid":{"rendered":"https:\/\/roveyayinevi.com.tr\/index.php\/urun\/uzaktan-kumandali-kiz\/"},"modified":"2026-04-16T02:22:20","modified_gmt":"2026-04-15T23:22:20","slug":"uzaktan-kumandali-kiz","status":"publish","type":"product","link":"https:\/\/roveyayinevi.com.tr\/index.php\/urun\/uzaktan-kumandali-kiz\/","title":{"rendered":"Uzaktan Kumandal\u0131 K\u0131z"},"content":{"rendered":"<p>\u201cTiptree, yaz\u0131da ve \u00fcslupta \u2018erkek\u2019 ile \u2018kad\u0131n\u2019\u0131n ne oldu\u011funu belirleyen s\u0131n\u0131rlar\u0131 yerle bir etti.\u201d-Ursula K. Le GuinHugo En \u0130yi K\u0131sa Roman \u00d6d\u00fcl\u00fcAlice B. Sheldon 1967 y\u0131l\u0131nda James Tiptree Jr. ad\u0131yla bilimkurgu yazmaya ba\u015flad\u0131\u011f\u0131nda kimse onun asl\u0131nda bir kad\u0131n oldu\u011funu bilmiyordu. Bu durum ortaya \u00e7\u0131kt\u0131\u011f\u0131nda ise insanlar ne \u015fa\u015fk\u0131nl\u0131klar\u0131n\u0131 gizleyebilmi\u015f ne de yazar\u0131 takdir etmekten kendilerini alabilmi\u015fti. \u00d6tekilikten cinsiyete, ger\u00e7e\u011fin yan\u0131lt\u0131c\u0131l\u0131\u011f\u0131ndan insan\u0131n evrendeki yerine kadar pek \u00e7ok konuyu e\u015fsiz \u00fcslubuyla anlatt\u0131\u011f\u0131 onlarca eserinin en \u00f6nemlilerinden biri olan Uzaktan Kumandal\u0131 K\u0131z&#8217;da ise Tiptree yaln\u0131zca kendisinin yazabilece\u011fi, feminist, antikapitalist bir siberpunk hik\u00e2ye ortaya koyuyor.Kurumlarca y\u00f6netilen bir yak\u0131n gelecek. Reklamlar\u0131n yasakland\u0131\u011f\u0131 bir distopya. Bu durumla ba\u015f etmek i\u00e7in farkl\u0131 y\u00f6ntemler deneyen \u015firketler. Bu m\u00fccadele sonucunda ortaya \u00e7\u0131kan ve tek g\u00f6revleri al\u0131\u015fveri\u015f yaparken g\u00f6r\u00fcnt\u00fclenip subliminal reklamlar\u0131n bir par\u00e7as\u0131 olmak olan pop\u00fcler k\u00fclt\u00fcr ikonlar\u0131 \u2013 yani gelece\u011fin tanr\u0131lar\u0131.Kendi halinde bir k\u0131z olan ve hastal\u0131\u011f\u0131ndan dolay\u0131 fiziksel olarak fazlas\u0131yla deforme hatta \u00e7irkin P. Burke hi\u00e7 beklemedi\u011fi bir anda hayat\u0131n\u0131n f\u0131rsat\u0131yla kar\u015f\u0131la\u015f\u0131r. Elinde art\u0131k bir tanr\u0131 olma f\u0131rsat\u0131 vard\u0131r, hem de insan elinin \u00fcretti\u011fi en g\u00fczel canl\u0131lardan biri olarak, Delphi olarak.Kilometrelerce \u00f6teden P. Burke\u2019\u00fcn kumanda etmesiyle d\u00fcnyay\u0131 sarsmaya ba\u015flayan Delphi \u015f\u00f6hret basamaklar\u0131n\u0131 h\u0131zla t\u0131rman\u0131rken bu ak\u0131ldan yoksun Kumandal\u0131\u2019n\u0131n arkas\u0131ndaki Burke de ya\u015fam amac\u0131n\u0131 bulmu\u015f gibidir. Ta ki bu sahte bedenini fazla benimseyip \u00e2\u015f\u0131k olana dek.\u0130nsan\u0131 insan yapan bilinci midir? Ruh mu bedene hapistir yoksa beden mi ruha?Uzaktan Kumandal\u0131 K\u0131z, hayallerin yeniden bedenlenme s\u00fcreci.Ursula K. Le Guin\u2019in \u00f6ns\u00f6z\u00fcyle <\/p>\n","protected":false},"excerpt":{"rendered":"<p>\u201cTiptree, yaz\u0131da ve \u00fcslupta \u2018erkek\u2019 ile \u2018kad\u0131n\u2019\u0131n ne oldu\u011funu belirleyen s\u0131n\u0131rlar\u0131 yerle bir etti.\u201d-Ursula K. Le GuinHugo En \u0130yi K\u0131sa Roman \u00d6d\u00fcl\u00fcAlice B. Sheldon 1967 y\u0131l\u0131nda<span class=\"excerpt-hellip\"> [\u2026]<\/span><\/p>\n","protected":false},"featured_media":0,"template":"","meta":{"_monsterinsights_skip_tracking":false,"_monsterinsights_sitenote_active":false,"_monsterinsights_sitenote_note":"","_monsterinsights_sitenote_category":0},"product_brand":[],"product_cat":[12540,12291],"product_tag":[],"class_list":{"0":"post-713774","1":"product","2":"type-product","3":"status-publish","5":"product_cat-bilim-kurgu","6":"product_cat-edebiyat","7":"pa_cilt-ciltsiz","8":"pa_tur-kitap","9":"pa_yayinevi-ithaki-yayinlari","10":"pa_yazar-james-tiptree-jr","12":"first","13":"instock","14":"sale","15":"shipping-taxable","16":"purchasable","17":"product-type-simple"},"_links":{"self":[{"href":"https:\/\/roveyayinevi.com.tr\/index.php\/wp-json\/wp\/v2\/product\/713774","targetHints":{"allow":["GET"]}}],"collection":[{"href":"https:\/\/roveyayinevi.com.tr\/index.php\/wp-json\/wp\/v2\/product"}],"about":[{"href":"https:\/\/roveyayinevi.com.tr\/index.php\/wp-json\/wp\/v2\/types\/product"}],"wp:attachment":[{"href":"https:\/\/roveyayinevi.com.tr\/index.php\/wp-json\/wp\/v2\/media?parent=713774"}],"wp:term":[{"taxonomy":"product_brand","embeddable":true,"href":"https:\/\/roveyayinevi.com.tr\/index.php\/wp-json\/wp\/v2\/product_brand?post=713774"},{"taxonomy":"product_cat","embeddable":true,"href":"https:\/\/roveyayinevi.com.tr\/index.php\/wp-json\/wp\/v2\/product_cat?post=713774"},{"taxonomy":"product_tag","embeddable":true,"href":"https:\/\/roveyayinevi.com.tr\/index.php\/wp-json\/wp\/v2\/product_tag?post=713774"}],"curies":[{"name":"wp","href":"https:\/\/api.w.org\/{rel}","templated":true}]}}