{"id":713769,"date":"2025-08-27T17:11:00","date_gmt":"2025-08-27T14:11:00","guid":{"rendered":"https:\/\/roveyayinevi.com.tr\/index.php\/urun\/antropolog-marx\/"},"modified":"2026-01-27T02:38:48","modified_gmt":"2026-01-26T23:38:48","slug":"antropolog-marx","status":"publish","type":"product","link":"https:\/\/roveyayinevi.com.tr\/index.php\/urun\/antropolog-marx\/","title":{"rendered":"Antropolog Marx"},"content":{"rendered":"<p>20. y\u00fczy\u0131l\u0131n sonlar\u0131ndan yayg\u0131n bir \u015fekilde reddedildikten sonra Karl Marx&#8217;\u0131n \u00e7al\u0131\u015fmalar\u0131 \u015fimdi bir\u00e7ok teorisyen ve aktivist taraf\u0131ndan yeniden de\u011ferlendiriliyor. Antropoloji i\u00e7in nas\u0131l hala \u00e7ok \u00f6nemli oldu\u011funu ara\u015ft\u0131r\u0131yor.Marx, ele\u015ftirel Ayd\u0131nlanma d\u00fc\u015f\u00fcncesinden derinden etkilendi. \u0130nsanlar\u0131n, tarihsel olarak belirli toplumsal ili\u015fkiler ve k\u00fclt\u00fcrler ba\u011flam\u0131nda ihtiya\u00e7lar\u0131n\u0131 e\u015f zamanl\u0131 olarak tatmin eden ve \u015fekillendiren sosyal bireyler oldu\u011funa inan\u0131yordu. Ya\u015fam\u0131 boyunca antropolojisinin ampirik, felsefi ve pratik boyutlar\u0131n\u0131 s\u00fcrekli olarak geli\u015ftirdi.S\u0131n\u0131fl\u0131 ve s\u0131n\u0131fs\u0131z toplumlar aras\u0131ndaki farkl\u0131l\u0131klardan, sosyal bireylerin olu\u015fumunda s\u00f6m\u00fcr\u00fc, yabanc\u0131la\u015fma ve tahakk\u00fcm\u00fcn rol\u00fcne de\u011fin temel kavramlar\u0131 ele alan Antropolog Karl Marx, Marx&#8217;\u0131n antropolojik d\u00fc\u015f\u00fcncesinin vazge\u00e7ilmez bir k\u0131lavuzudur. <\/p>\n","protected":false},"excerpt":{"rendered":"<p>20. y\u00fczy\u0131l\u0131n sonlar\u0131ndan yayg\u0131n bir \u015fekilde reddedildikten sonra Karl Marx&#8217;\u0131n \u00e7al\u0131\u015fmalar\u0131 \u015fimdi bir\u00e7ok teorisyen ve aktivist taraf\u0131ndan yeniden de\u011ferlendiriliyor. Antropoloji i\u00e7in nas\u0131l hala \u00e7ok \u00f6nemli oldu\u011funu<span class=\"excerpt-hellip\"> [\u2026]<\/span><\/p>\n","protected":false},"featured_media":0,"template":"","meta":{"_monsterinsights_skip_tracking":false,"_monsterinsights_sitenote_active":false,"_monsterinsights_sitenote_note":"","_monsterinsights_sitenote_category":0},"product_brand":[],"product_cat":[15499,13488],"product_tag":[],"class_list":{"0":"post-713769","1":"product","2":"type-product","3":"status-publish","5":"product_cat-antropoloji","6":"product_cat-toplum-ve-insan","7":"pa_cilt-ciltsiz","8":"pa_tur-kitap","9":"pa_yayinevi-utopya-yayinevi","10":"pa_yazar-thomas-c-patterson","12":"first","13":"instock","14":"sale","15":"shipping-taxable","16":"purchasable","17":"product-type-simple"},"_links":{"self":[{"href":"https:\/\/roveyayinevi.com.tr\/index.php\/wp-json\/wp\/v2\/product\/713769","targetHints":{"allow":["GET"]}}],"collection":[{"href":"https:\/\/roveyayinevi.com.tr\/index.php\/wp-json\/wp\/v2\/product"}],"about":[{"href":"https:\/\/roveyayinevi.com.tr\/index.php\/wp-json\/wp\/v2\/types\/product"}],"wp:attachment":[{"href":"https:\/\/roveyayinevi.com.tr\/index.php\/wp-json\/wp\/v2\/media?parent=713769"}],"wp:term":[{"taxonomy":"product_brand","embeddable":true,"href":"https:\/\/roveyayinevi.com.tr\/index.php\/wp-json\/wp\/v2\/product_brand?post=713769"},{"taxonomy":"product_cat","embeddable":true,"href":"https:\/\/roveyayinevi.com.tr\/index.php\/wp-json\/wp\/v2\/product_cat?post=713769"},{"taxonomy":"product_tag","embeddable":true,"href":"https:\/\/roveyayinevi.com.tr\/index.php\/wp-json\/wp\/v2\/product_tag?post=713769"}],"curies":[{"name":"wp","href":"https:\/\/api.w.org\/{rel}","templated":true}]}}