{"id":713766,"date":"2025-08-27T17:10:58","date_gmt":"2025-08-27T14:10:58","guid":{"rendered":"https:\/\/roveyayinevi.com.tr\/index.php\/urun\/siyaset-bilimi-3\/"},"modified":"2026-04-16T02:22:19","modified_gmt":"2026-04-15T23:22:19","slug":"siyaset-bilimi-3","status":"publish","type":"product","link":"https:\/\/roveyayinevi.com.tr\/index.php\/urun\/siyaset-bilimi-3\/","title":{"rendered":"Siyaset Bilimi"},"content":{"rendered":"<p>Sana uzanan eller k\u0131r\u0131ls\u0131n. Sen bu canilerin hedefi oldun. Esas hedef T\u00fcrkiye Cumhuriyeti, T\u00fcrk milleti ve onun huzurudur. S\u00fcleyman Demirel (Cumhurba\u015fkan\u0131) Ulusumuz, yeri kolayca doldurulamayacak bir bilim adam\u0131n\u0131 kaybetti. Cumhuriyetin ba\u015f\u0131 sa\u011f olsun. Hikmet \u00c7etin (D\u0131\u015fi\u015fleri Bakan\u0131) Sevgili K\u0131\u015flal\u0131, biz devam ediyoruz. Hasan Fehmi G\u00fcne\u015f (\u0130\u00e7i\u015fleri Bakan\u0131) Laik, \u00e7a\u011fda\u015f, demokratik T\u00fcrkiye\u2019ye eklemlenen her ayd\u0131nl\u0131k y\u00fcrek gibi \u00e7o\u011fald\u0131n\u2026 Prof. Dr. T\u00fcrkel Miniba\u015f (Ekonomist, yazar) Bilimin yol g\u00f6stericili\u011fini t\u00fcm ya\u015fam\u0131 boyunca temel ilke edinmi\u015f \u00e7ok de\u011ferli bir ayd\u0131n\u0131m\u0131z\u0131n yok edilmesi, bu ilkenin T\u00fcrk toplumunun temel \u0131\u015f\u0131\u011f\u0131 olmas\u0131n\u0131 engellemeyecektir. Prof. Dr. Nam\u0131k Kemal Pak (T\u00dcB\u0130TAK Ba\u015fkan\u0131) Komutan K\u0131\u015flal\u0131. 1974\u2019te komutan bendim. 25 y\u0131l sonra Atat\u00fcrk\u00e7\u00fc d\u00fc\u015f\u00fcnenleri, laikleri, Kuvay\u0131 Milliyecileri yeniden derin uykudan uyand\u0131ran komutan sen oldun. Mustafa Erkal (E. Albay) Atat\u00fcrk\u2019\u00fcn Cumhuriyeti\u2019nde namuslular namussuzlar kadar etkili olamazlarsa, K\u0131\u015flal\u0131\u2019y\u0131 ba\u015fka yurtsever ayd\u0131nlar izleyecektir.Prof. Dr. Yaman \u00d6rs Sevgili K\u0131\u015flal\u0131 laikli\u011fin ve demokrasinin y\u0131lmaz savunucusuydu. Mustafa Gazalc\u0131 (E\u011fitimci, milletvekili) Biz Kemalistler sizden ald\u0131\u011f\u0131m\u0131z \u0131\u015f\u0131\u011f\u0131 daha da ileriye g\u00f6t\u00fcrece\u011fiz.Suay Karaman (ADD Genel Sekreteri) <\/p>\n","protected":false},"excerpt":{"rendered":"<p>Sana uzanan eller k\u0131r\u0131ls\u0131n. Sen bu canilerin hedefi oldun. Esas hedef T\u00fcrkiye Cumhuriyeti, T\u00fcrk milleti ve onun huzurudur. S\u00fcleyman Demirel (Cumhurba\u015fkan\u0131) Ulusumuz, yeri kolayca doldurulamayacak bir<span class=\"excerpt-hellip\"> [\u2026]<\/span><\/p>\n","protected":false},"featured_media":0,"template":"","meta":{"_monsterinsights_skip_tracking":false,"_monsterinsights_sitenote_active":false,"_monsterinsights_sitenote_note":"","_monsterinsights_sitenote_category":0},"product_brand":[],"product_cat":[13590,12337],"product_tag":[],"class_list":{"0":"post-713766","1":"product","2":"type-product","3":"status-publish","5":"product_cat-arastirma-inceleme-politika-siyaset","6":"product_cat-politika-siyaset","7":"pa_cilt-ciltsiz","8":"pa_tur-kitap","9":"pa_yayinevi-kirmizi-kedi-yayinevi","10":"pa_yazar-ahmet-taner-kislali","12":"first","13":"instock","14":"sale","15":"shipping-taxable","16":"purchasable","17":"product-type-simple"},"_links":{"self":[{"href":"https:\/\/roveyayinevi.com.tr\/index.php\/wp-json\/wp\/v2\/product\/713766","targetHints":{"allow":["GET"]}}],"collection":[{"href":"https:\/\/roveyayinevi.com.tr\/index.php\/wp-json\/wp\/v2\/product"}],"about":[{"href":"https:\/\/roveyayinevi.com.tr\/index.php\/wp-json\/wp\/v2\/types\/product"}],"wp:attachment":[{"href":"https:\/\/roveyayinevi.com.tr\/index.php\/wp-json\/wp\/v2\/media?parent=713766"}],"wp:term":[{"taxonomy":"product_brand","embeddable":true,"href":"https:\/\/roveyayinevi.com.tr\/index.php\/wp-json\/wp\/v2\/product_brand?post=713766"},{"taxonomy":"product_cat","embeddable":true,"href":"https:\/\/roveyayinevi.com.tr\/index.php\/wp-json\/wp\/v2\/product_cat?post=713766"},{"taxonomy":"product_tag","embeddable":true,"href":"https:\/\/roveyayinevi.com.tr\/index.php\/wp-json\/wp\/v2\/product_tag?post=713766"}],"curies":[{"name":"wp","href":"https:\/\/api.w.org\/{rel}","templated":true}]}}