{"id":713754,"date":"2025-08-27T17:10:50","date_gmt":"2025-08-27T14:10:50","guid":{"rendered":"https:\/\/roveyayinevi.com.tr\/index.php\/urun\/genislemis-fenotip-gen-bencildirin-devami\/"},"modified":"2026-04-16T02:22:19","modified_gmt":"2026-04-15T23:22:19","slug":"genislemis-fenotip-gen-bencildirin-devami","status":"publish","type":"product","link":"https:\/\/roveyayinevi.com.tr\/index.php\/urun\/genislemis-fenotip-gen-bencildirin-devami\/","title":{"rendered":"Geni\u015flemi\u015f Fenotip (Gen Bencildir&#8217;in Devam\u0131)"},"content":{"rendered":"<p>Dawkins, \u00e7ok satan kitab\u0131 Gen Bencildir\u2019in devam\u0131 olarak alt\u0131 y\u0131l sonra yazd\u0131\u011f\u0131 bu kitab\u0131nda, evrim konusundaki g\u00f6r\u00fc\u015flerini netle\u015ftirmekte ve \u201cSe\u00e7ilim Birimi Olarak Gen\u201d kavram\u0131n\u0131 bilimsel arg\u00fcmanlarla desteklemekte. Kendi s\u00f6zleriyle \u201cBu, ne bir ders kitab\u0131d\u0131r ne de \u00f6zel bir alana y\u00f6nelik giri\u015f mahiyetindeki bir kitapt\u0131r. Bu kitap, ya\u015fam\u0131n evrimine, \u00f6zellikle do\u011fal se\u00e7ilimin mant\u0131\u011f\u0131na ve do\u011fal se\u00e7ilimin etkide bulundu\u011fu ya\u015fam\u0131n hiyerar\u015fik d\u00fczenine ili\u015fkin ki\u015fisel bir bak\u0131\u015f\u0131 i\u00e7ermektedir.\u201d Dawkins kitab\u0131n hedef kitlesini, t\u00fcm bran\u015flardaki lisans ve y\u00fcksek lisans \u00f6\u011frencileri dahil olmak \u00fczere, uzman zoologlar, evrimsel biyologlar, hayvan davran\u0131\u015f\u00e7\u0131lar\u0131, sosyobiyologlar \u00e7evrebilimciler, felsefeciler ve evrenbilimiyle ilgilenen h\u00fcmanistler olarak tan\u0131ml\u0131yor. Geni\u015flemi\u015f Fenotip d\u00fcnyadaki canl\u0131 ya\u015fam\u0131n kapsaml\u0131 bir materyalist tarihini sunuyor. \u201cGeni\u015flemi\u015f Fenotip o kadar a\u00e7\u0131k\u00e7a yaz\u0131lm\u0131\u015f ki \u00e7aba g\u00f6sterebilen herkes taraf\u0131ndan anla\u015f\u0131labilir.\u201d  John Maynard Smith, London Review of Books \u201cSon on ila yirmi y\u0131ld\u0131r evrimsel biyoloji konusunda yaz\u0131lm\u0131\u015f en \u00f6nemli kitap olabilir.\u201d  Profes\u00f6r Antoni Hoffman \u201cBu keyifli ve d\u00fc\u015f\u00fcnmeyi k\u0131\u015fk\u0131rtan kitap, evrim konusunda \u00e7al\u0131\u015fman\u0131n g\u00fcn\u00fcm\u00fczde neden bu kadar  heyecan verici oldu\u011funu m\u00fckemmel bir \u015fekilde ortaya koyuyor.\u201d  Science   \u201cDawkins\u2019in yazar olarak a\u00e7\u0131kl\u0131\u011f\u0131 ve canl\u0131l\u0131\u011f\u0131 k\u0131skan\u0131lacak d\u00fczeyde. Ba\u015ftan sona orijinal, k\u0131\u015fk\u0131rt\u0131c\u0131 ve son derece keyifli.\u201d      G.A. Parker, Heredity <\/p>\n","protected":false},"excerpt":{"rendered":"<p>Dawkins, \u00e7ok satan kitab\u0131 Gen Bencildir\u2019in devam\u0131 olarak alt\u0131 y\u0131l sonra yazd\u0131\u011f\u0131 bu kitab\u0131nda, evrim konusundaki g\u00f6r\u00fc\u015flerini netle\u015ftirmekte ve \u201cSe\u00e7ilim Birimi Olarak Gen\u201d kavram\u0131n\u0131 bilimsel arg\u00fcmanlarla<span class=\"excerpt-hellip\"> [\u2026]<\/span><\/p>\n","protected":false},"featured_media":0,"template":"","meta":{"_monsterinsights_skip_tracking":false,"_monsterinsights_sitenote_active":false,"_monsterinsights_sitenote_note":"","_monsterinsights_sitenote_category":0},"product_brand":[],"product_cat":[13005,13006],"product_tag":[],"class_list":{"0":"post-713754","1":"product","2":"type-product","3":"status-publish","5":"product_cat-bilim-muhendislik","6":"product_cat-populer-bilim","7":"pa_cilt-ciltsiz","8":"pa_tur-kitap","9":"pa_yayinevi-alfa-yayinlari","10":"pa_yazar-richard-dawkins","12":"first","13":"instock","14":"sale","15":"shipping-taxable","16":"purchasable","17":"product-type-simple"},"_links":{"self":[{"href":"https:\/\/roveyayinevi.com.tr\/index.php\/wp-json\/wp\/v2\/product\/713754","targetHints":{"allow":["GET"]}}],"collection":[{"href":"https:\/\/roveyayinevi.com.tr\/index.php\/wp-json\/wp\/v2\/product"}],"about":[{"href":"https:\/\/roveyayinevi.com.tr\/index.php\/wp-json\/wp\/v2\/types\/product"}],"wp:attachment":[{"href":"https:\/\/roveyayinevi.com.tr\/index.php\/wp-json\/wp\/v2\/media?parent=713754"}],"wp:term":[{"taxonomy":"product_brand","embeddable":true,"href":"https:\/\/roveyayinevi.com.tr\/index.php\/wp-json\/wp\/v2\/product_brand?post=713754"},{"taxonomy":"product_cat","embeddable":true,"href":"https:\/\/roveyayinevi.com.tr\/index.php\/wp-json\/wp\/v2\/product_cat?post=713754"},{"taxonomy":"product_tag","embeddable":true,"href":"https:\/\/roveyayinevi.com.tr\/index.php\/wp-json\/wp\/v2\/product_tag?post=713754"}],"curies":[{"name":"wp","href":"https:\/\/api.w.org\/{rel}","templated":true}]}}