{"id":713751,"date":"2025-08-27T17:10:48","date_gmt":"2025-08-27T14:10:48","guid":{"rendered":"https:\/\/roveyayinevi.com.tr\/index.php\/urun\/ella-rock-yildizi-pate\/"},"modified":"2026-04-16T02:22:19","modified_gmt":"2026-04-15T23:22:19","slug":"ella-rock-yildizi-pate","status":"publish","type":"product","link":"https:\/\/roveyayinevi.com.tr\/index.php\/urun\/ella-rock-yildizi-pate\/","title":{"rendered":"Ella &#8211; Rock Y\u0131ld\u0131z\u0131 Pate"},"content":{"rendered":"<p>Bug\u00fcne dek 20&#8217;den fazla dile \u00e7evrilen ve 1 milyondan fazla satan efsane dizi &#8220;Ella ve Arkada\u015flar\u0131&#8221;n\u0131n yeni maceras\u0131 &#8220;Rock Y\u0131ld\u0131z\u0131 Pate&#8221; yine okurlar\u0131n\u0131 g\u00fclmekten k\u0131r\u0131p ge\u00e7irecek&#8230; Ella ve arkada\u015flar\u0131n\u0131n ba\u015f\u0131 dertte; \u00e7\u00fcnk\u00fc \u00e7arp\u0131m tablosunu ezberlemek zorundalar. Ama Pate hi\u00e7 oral\u0131 de\u011fil! Onun tek iste\u011fi bir rock y\u0131ld\u0131z\u0131 olmak. \u00d6te yandan \u00f6\u011fretmenlerinin de i\u015fi zor; hem bu \u00e7\u0131lg\u0131nlar s\u0131n\u0131f\u0131yla ba\u015f etmek hem de onu evden atmak isteyen huysuz apartman y\u00f6neticisiyle u\u011fra\u015fmak zorunda! \ufffcTan\u0131t\u0131m Metni<\/p>\n","protected":false},"excerpt":{"rendered":"<p>Bug\u00fcne dek 20&#8217;den fazla dile \u00e7evrilen ve 1 milyondan fazla satan efsane dizi &#8220;Ella ve Arkada\u015flar\u0131&#8221;n\u0131n yeni maceras\u0131 &#8220;Rock Y\u0131ld\u0131z\u0131 Pate&#8221; yine okurlar\u0131n\u0131 g\u00fclmekten k\u0131r\u0131p ge\u00e7irecek&#8230;<span class=\"excerpt-hellip\"> [\u2026]<\/span><\/p>\n","protected":false},"featured_media":0,"template":"","meta":{"_monsterinsights_skip_tracking":false,"_monsterinsights_sitenote_active":false,"_monsterinsights_sitenote_note":"","_monsterinsights_sitenote_category":0},"product_brand":[],"product_cat":[12275,12274],"product_tag":[],"class_list":{"0":"post-713751","1":"product","2":"type-product","3":"status-publish","5":"product_cat-6-12-yas-kitaplari","6":"product_cat-cocuk-ve-genclik-kitaplari","7":"pa_cilt-ciltsiz","8":"pa_tur-kitap","9":"pa_yayinevi-mavi-bulut-yayinlari","10":"pa_yazar-timo-parvela","12":"first","13":"instock","14":"sale","15":"shipping-taxable","16":"purchasable","17":"product-type-simple"},"_links":{"self":[{"href":"https:\/\/roveyayinevi.com.tr\/index.php\/wp-json\/wp\/v2\/product\/713751","targetHints":{"allow":["GET"]}}],"collection":[{"href":"https:\/\/roveyayinevi.com.tr\/index.php\/wp-json\/wp\/v2\/product"}],"about":[{"href":"https:\/\/roveyayinevi.com.tr\/index.php\/wp-json\/wp\/v2\/types\/product"}],"wp:attachment":[{"href":"https:\/\/roveyayinevi.com.tr\/index.php\/wp-json\/wp\/v2\/media?parent=713751"}],"wp:term":[{"taxonomy":"product_brand","embeddable":true,"href":"https:\/\/roveyayinevi.com.tr\/index.php\/wp-json\/wp\/v2\/product_brand?post=713751"},{"taxonomy":"product_cat","embeddable":true,"href":"https:\/\/roveyayinevi.com.tr\/index.php\/wp-json\/wp\/v2\/product_cat?post=713751"},{"taxonomy":"product_tag","embeddable":true,"href":"https:\/\/roveyayinevi.com.tr\/index.php\/wp-json\/wp\/v2\/product_tag?post=713751"}],"curies":[{"name":"wp","href":"https:\/\/api.w.org\/{rel}","templated":true}]}}