{"id":713747,"date":"2025-08-27T17:10:46","date_gmt":"2025-08-27T14:10:46","guid":{"rendered":"https:\/\/roveyayinevi.com.tr\/index.php\/urun\/buyuk-sir-2\/"},"modified":"2026-04-16T02:22:19","modified_gmt":"2026-04-15T23:22:19","slug":"buyuk-sir-2","status":"publish","type":"product","link":"https:\/\/roveyayinevi.com.tr\/index.php\/urun\/buyuk-sir-2\/","title":{"rendered":"B\u00fcy\u00fck S\u0131r"},"content":{"rendered":"<p>Yaman 6 ya\u015f\u0131nda bir erkek \u00e7ocu\u011fu ve b\u00fcy\u00fck bir s\u0131rr\u0131 var. Bu s\u0131rr\u0131n\u0131 payla\u015fmak istiyor. Yaman\u2019\u0131n s\u0131rr\u0131n\u0131 \u00f6\u011frenmek i\u00e7in bu kitab\u0131n sayfalar\u0131n\u0131 \u00e7evirmek yeterli. Acaba nas\u0131l bir s\u00fcrpriz okurlar\u0131 bekliyor? Yazar\u0131 Banu \u00c7ankaya\u2019n\u0131nilk kitab\u0131 olan B\u00fcy\u00fck S\u0131r, Serap \u00c7imenser\u2019in harika resimleriyle renklendi. \u015eimdi, okurlarla bulu\u015fmaya haz\u0131r. <\/p>\n","protected":false},"excerpt":{"rendered":"<p>Yaman 6 ya\u015f\u0131nda bir erkek \u00e7ocu\u011fu ve b\u00fcy\u00fck bir s\u0131rr\u0131 var. Bu s\u0131rr\u0131n\u0131 payla\u015fmak istiyor. Yaman\u2019\u0131n s\u0131rr\u0131n\u0131 \u00f6\u011frenmek i\u00e7in bu kitab\u0131n sayfalar\u0131n\u0131 \u00e7evirmek yeterli. Acaba nas\u0131l<span class=\"excerpt-hellip\"> [\u2026]<\/span><\/p>\n","protected":false},"featured_media":0,"template":"","meta":{"_monsterinsights_skip_tracking":false,"_monsterinsights_sitenote_active":false,"_monsterinsights_sitenote_note":"","_monsterinsights_sitenote_category":0},"product_brand":[],"product_cat":[12913,12274],"product_tag":[],"class_list":{"0":"post-713747","1":"product","2":"type-product","3":"status-publish","5":"product_cat-3-6-yas-kitaplari","6":"product_cat-cocuk-ve-genclik-kitaplari","7":"pa_cilt-ciltsiz","8":"pa_tur-kitap","9":"pa_yayinevi-potikare-yayincilik","10":"pa_yazar-banu-cankaya","12":"first","13":"instock","14":"sale","15":"shipping-taxable","16":"purchasable","17":"product-type-simple"},"_links":{"self":[{"href":"https:\/\/roveyayinevi.com.tr\/index.php\/wp-json\/wp\/v2\/product\/713747","targetHints":{"allow":["GET"]}}],"collection":[{"href":"https:\/\/roveyayinevi.com.tr\/index.php\/wp-json\/wp\/v2\/product"}],"about":[{"href":"https:\/\/roveyayinevi.com.tr\/index.php\/wp-json\/wp\/v2\/types\/product"}],"wp:attachment":[{"href":"https:\/\/roveyayinevi.com.tr\/index.php\/wp-json\/wp\/v2\/media?parent=713747"}],"wp:term":[{"taxonomy":"product_brand","embeddable":true,"href":"https:\/\/roveyayinevi.com.tr\/index.php\/wp-json\/wp\/v2\/product_brand?post=713747"},{"taxonomy":"product_cat","embeddable":true,"href":"https:\/\/roveyayinevi.com.tr\/index.php\/wp-json\/wp\/v2\/product_cat?post=713747"},{"taxonomy":"product_tag","embeddable":true,"href":"https:\/\/roveyayinevi.com.tr\/index.php\/wp-json\/wp\/v2\/product_tag?post=713747"}],"curies":[{"name":"wp","href":"https:\/\/api.w.org\/{rel}","templated":true}]}}