{"id":713742,"date":"2025-08-27T17:10:42","date_gmt":"2025-08-27T14:10:42","guid":{"rendered":"https:\/\/roveyayinevi.com.tr\/index.php\/urun\/mevsimler-kis-battaniye-puf-puf\/"},"modified":"2026-04-16T02:22:19","modified_gmt":"2026-04-15T23:22:19","slug":"mevsimler-kis-battaniye-puf-puf","status":"publish","type":"product","link":"https:\/\/roveyayinevi.com.tr\/index.php\/urun\/mevsimler-kis-battaniye-puf-puf\/","title":{"rendered":"Mevsimler K\u0131\u015f: Battaniye Puf Puf"},"content":{"rendered":"<p>Battaniye Puf Puf sonunda s\u0131k\u0131\u015f\u0131p kald\u0131\u011f\u0131 yerden \u00e7\u0131kacakt\u0131r. Ne de olsa art\u0131k hava so\u011fumu\u015f, insanlar ona gereksinim duymaya ba\u015flam\u0131\u015ft\u0131r. K\u0131\u015f\u0131, Battaniye Puf Puf ile kar\u015f\u0131lamaya haz\u0131r m\u0131s\u0131n\u0131z? <\/p>\n","protected":false},"excerpt":{"rendered":"<p>Battaniye Puf Puf sonunda s\u0131k\u0131\u015f\u0131p kald\u0131\u011f\u0131 yerden \u00e7\u0131kacakt\u0131r. Ne de olsa art\u0131k hava so\u011fumu\u015f, insanlar ona gereksinim duymaya ba\u015flam\u0131\u015ft\u0131r. K\u0131\u015f\u0131, Battaniye Puf Puf ile kar\u015f\u0131lamaya haz\u0131r<span class=\"excerpt-hellip\"> [\u2026]<\/span><\/p>\n","protected":false},"featured_media":0,"template":"","meta":{"_monsterinsights_skip_tracking":false,"_monsterinsights_sitenote_active":false,"_monsterinsights_sitenote_note":"","_monsterinsights_sitenote_category":0},"product_brand":[],"product_cat":[12913,12274],"product_tag":[],"class_list":{"0":"post-713742","1":"product","2":"type-product","3":"status-publish","5":"product_cat-3-6-yas-kitaplari","6":"product_cat-cocuk-ve-genclik-kitaplari","7":"pa_cilt-ciltsiz","8":"pa_tur-kitap","9":"pa_yayinevi-kok-yayinevi","10":"pa_yazar-gulac-zulfikar","12":"first","13":"instock","14":"sale","15":"shipping-taxable","16":"purchasable","17":"product-type-simple"},"_links":{"self":[{"href":"https:\/\/roveyayinevi.com.tr\/index.php\/wp-json\/wp\/v2\/product\/713742","targetHints":{"allow":["GET"]}}],"collection":[{"href":"https:\/\/roveyayinevi.com.tr\/index.php\/wp-json\/wp\/v2\/product"}],"about":[{"href":"https:\/\/roveyayinevi.com.tr\/index.php\/wp-json\/wp\/v2\/types\/product"}],"wp:attachment":[{"href":"https:\/\/roveyayinevi.com.tr\/index.php\/wp-json\/wp\/v2\/media?parent=713742"}],"wp:term":[{"taxonomy":"product_brand","embeddable":true,"href":"https:\/\/roveyayinevi.com.tr\/index.php\/wp-json\/wp\/v2\/product_brand?post=713742"},{"taxonomy":"product_cat","embeddable":true,"href":"https:\/\/roveyayinevi.com.tr\/index.php\/wp-json\/wp\/v2\/product_cat?post=713742"},{"taxonomy":"product_tag","embeddable":true,"href":"https:\/\/roveyayinevi.com.tr\/index.php\/wp-json\/wp\/v2\/product_tag?post=713742"}],"curies":[{"name":"wp","href":"https:\/\/api.w.org\/{rel}","templated":true}]}}