{"id":713730,"date":"2025-08-27T17:10:35","date_gmt":"2025-08-27T14:10:35","guid":{"rendered":"https:\/\/roveyayinevi.com.tr\/index.php\/urun\/bu-su-hic-durmaz-bulent-ortacgil\/"},"modified":"2026-04-16T02:22:19","modified_gmt":"2026-04-15T23:22:19","slug":"bu-su-hic-durmaz-bulent-ortacgil","status":"publish","type":"product","link":"https:\/\/roveyayinevi.com.tr\/index.php\/urun\/bu-su-hic-durmaz-bulent-ortacgil\/","title":{"rendered":"Bu Su Hi\u00e7 Durmaz B\u00fclent Orta\u00e7gil"},"content":{"rendered":"<p>\u201cBu Su Hi\u00e7 Durmaz\u2019da ben bir h\u00fcz\u00fcn al\u0131r\u0131m. Her \u015fey devam eder, su yine akar, yine gider ve hayat s\u00fcrer. Sen de istediklerini yapamayabilirsin ama hayat akt\u0131\u011f\u0131 i\u00e7in onunla beraber akars\u0131n. Su zaten benim i\u00e7in bir hareket sembol\u00fc, o hareketin i\u00e7inde sen de y\u00fcr\u00fcr gidersin. Bazen bir \u015fey yapamazs\u0131n, bazen yapars\u0131n. Bazen ya\u015far, bazen kaybolursun. Bazen ba\u015far\u0131rs\u0131n, bazen ba\u015faramazs\u0131n&#8230; \u201d Benim o st\u00fcdyoya giri\u015fimle \u00e7\u0131k\u0131\u015f\u0131m farkl\u0131yd\u0131. \u015eark\u0131 bitti\u011finde , \u201cBiri beni anlad\u0131\u201d dedim. Sanki Bana yaz\u0131lm\u0131\u015f gibi&#8230; O \u015fark\u0131yla, bu \u00e7ocuksu vehme kap\u0131lmayacak yoktur san\u0131r\u0131m. B\u00fct\u00fcn h\u00fccrelerimle B\u00fclent\u2019in ne kadar derin ve hakiki bir kaynaktan d\u00f6k\u00fcld\u00fc\u011f\u00fcn\u00fc idrak ettim. Bu y\u00fczden, istedi\u011fi kadar g\u00f6r\u00fcnmez olmaya \u00e7al\u0131\u015f\u0131n, imk\u00e2ns\u0131z. \u00d6z\u2019den s\u00f6z ediyorum ezc\u00fcmle&#8230; Sezen Aksu Bir de Ya\u011fmur var&#8230; A\u015fk\u0131 tane tane anlatan Ya\u011fmur. H\u00fczn\u00fc damla damla ak\u0131tan. Dertlenmeyi \u00f6\u011freten, diklenmeyi belleten. \u201cHer \u015fey olur, her \u015fey b\u00fcy\u00fcr, her \u015fey ge\u00e7er, hayat kal\u0131r \u201d yaz\u0131l\u0131 bir muskay\u0131, \u00f6m\u00fcr boyu g\u00f6\u011fs\u00fcm\u00fczde ta\u015f\u0131mam\u0131z\u0131 sa\u011flayan Ya\u011fmur. Orta\u00e7gil, denizden esen bir r\u00fczgard\u0131r. Yekta Kopan Dinlediklerim hayat\u0131 anlat\u0131yordu, bazen \u015e\u0131k Latife\u2019deki gibi, do\u011frudan, bazen de \u015fiir gibi. O zaman hayalimde s\u00fcrrealizme \u00e7alan resimler canlan\u0131rd\u0131. En \u00e7ok, Eski Defterler\u2019de dinleyece\u011fimizDe\u011firmenler\u2019de bu hisse kap\u0131ld\u0131m herhalde. Banu G\u00fcven \u0130nsan olman\u0131n \u00e7eli\u015fkisi duydum Orta\u00e7gil\u2019den ve ufak ufak \u00e7\u00f6zmeye ba\u015flad\u0131m d\u00fc\u011f\u00fcmlerimi. Her \u015fark\u0131s\u0131n\u0131 ba\u015fka vurguyla, bir daha ve bir kez daha dinledim, izledim, okudum. Jehan Barbur Orta\u00e7gil dinlendi\u011finde, \u015fark\u0131lar\u0131n derin bir lirizmi yani \u00f6zel bir heyecan ve co\u015fkuyu imledi\u011fi s\u00f6ylenebilir. Dinleyicilerini belki de en \u00e7ok etkileyen \u00f6zelliklerden biridir bu. Bu lirikler yoluyla hep kendi a\u00e7\u0131klar\u0131n\u0131, \u00e7\u0131kmazlar\u0131n\u0131, ikilemlerini yakalar dinleyici. Tabii ki bu sorunlar, kentli bireye ve \u201cili\u015fkisizliklerine\u201d dairdir. A\u015fk, bu \u015fark\u0131larda ancak b\u00f6yle nefes al\u0131p verebilir. Orhan Kahyao\u011flu <\/p>\n","protected":false},"excerpt":{"rendered":"<p>\u201cBu Su Hi\u00e7 Durmaz\u2019da ben bir h\u00fcz\u00fcn al\u0131r\u0131m. Her \u015fey devam eder, su yine akar, yine gider ve hayat s\u00fcrer. Sen de istediklerini yapamayabilirsin ama hayat<span class=\"excerpt-hellip\"> [\u2026]<\/span><\/p>\n","protected":false},"featured_media":0,"template":"","meta":{"_monsterinsights_skip_tracking":false,"_monsterinsights_sitenote_active":false,"_monsterinsights_sitenote_note":"","_monsterinsights_sitenote_category":0},"product_brand":[],"product_cat":[14009,12291],"product_tag":[],"class_list":{"0":"post-713730","1":"product","2":"type-product","3":"status-publish","5":"product_cat-biyografi-otobiyografi-edebiyat","6":"product_cat-edebiyat","7":"pa_cilt-ciltsiz","8":"pa_tur-kitap","9":"pa_yayinevi-inkilap-kitabevi","10":"pa_yazar-mahmut-cinar","12":"first","13":"instock","14":"sale","15":"shipping-taxable","16":"purchasable","17":"product-type-simple"},"_links":{"self":[{"href":"https:\/\/roveyayinevi.com.tr\/index.php\/wp-json\/wp\/v2\/product\/713730","targetHints":{"allow":["GET"]}}],"collection":[{"href":"https:\/\/roveyayinevi.com.tr\/index.php\/wp-json\/wp\/v2\/product"}],"about":[{"href":"https:\/\/roveyayinevi.com.tr\/index.php\/wp-json\/wp\/v2\/types\/product"}],"wp:attachment":[{"href":"https:\/\/roveyayinevi.com.tr\/index.php\/wp-json\/wp\/v2\/media?parent=713730"}],"wp:term":[{"taxonomy":"product_brand","embeddable":true,"href":"https:\/\/roveyayinevi.com.tr\/index.php\/wp-json\/wp\/v2\/product_brand?post=713730"},{"taxonomy":"product_cat","embeddable":true,"href":"https:\/\/roveyayinevi.com.tr\/index.php\/wp-json\/wp\/v2\/product_cat?post=713730"},{"taxonomy":"product_tag","embeddable":true,"href":"https:\/\/roveyayinevi.com.tr\/index.php\/wp-json\/wp\/v2\/product_tag?post=713730"}],"curies":[{"name":"wp","href":"https:\/\/api.w.org\/{rel}","templated":true}]}}