{"id":713701,"date":"2025-08-27T17:10:16","date_gmt":"2025-08-27T14:10:16","guid":{"rendered":"https:\/\/roveyayinevi.com.tr\/index.php\/urun\/thresholds-esikler\/"},"modified":"2026-04-03T02:28:06","modified_gmt":"2026-04-02T23:28:06","slug":"thresholds-esikler","status":"publish","type":"product","link":"https:\/\/roveyayinevi.com.tr\/index.php\/urun\/thresholds-esikler\/","title":{"rendered":"Thresholds &#8211; E\u015fikler"},"content":{"rendered":"<p>Zamanda Yolculu\u011fa \u00c7\u0131kmaya Haz\u0131r m\u0131s\u0131n\u0131z? Mat Collishaw\u2019dan Bir Sanal Ger\u00e7eklik Sergisi Yap\u0131 Kredi K\u00fclt\u00fcr Sanat, 16 May\u0131s &#8211;  29 Temmuz 2018 tarihleri aras\u0131nda d\u00fcnyaca \u00fcnl\u00fc sanat\u00e7\u0131 Mat Collishaw\u2019un \u201cE\u015fikler\u201d (Thresholds) adl\u0131 sergisine ev sahipli\u011fi yap\u0131yor.  \u0130lk g\u00f6sterimi 2017\u2019de Londra\u2019da Somerset  House\u2019da ger\u00e7ekle\u015fen sergi, d\u00fcnya turnesi kapsam\u0131nda \u0130stanbul\u2019a geliyor. Serginin kitab\u0131 T\u00fcrk\u00e7e-\u0130ngilizce olarak YKY taraf\u0131ndan haz\u0131rland\u0131. Thresholds\/ E\u015fikler serginin haz\u0131rl\u0131k a\u015famas\u0131, ar\u015fiv malzemesi, kaynaklar dahil, kurulumu ve i\u00e7eri\u011fine dair \u00e7arp\u0131c\u0131 g\u00f6rsellerle dolu olan bir sergi kitab\u0131. Kitapta YKY\u2019den yak\u0131n zamanda T\u00fcrk\u00e7e \u00e7evirisi de yay\u0131mlanan Resmin Tarihi kitab\u0131n\u0131n yazarlar\u0131ndan Martin Gayford\u2019un s\u0131rf bu yay\u0131n i\u00e7in kaleme ald\u0131\u011f\u0131 yeni yaz\u0131s\u0131, Pete James\u2019in \u00f6ns\u00f6z\u00fc ve serginin \u00e7e\u015fitli a\u015famalar\u0131na dair notlar\u0131, Mine Haydaro\u011flu\u2019nun Mat Collishaw ile yapt\u0131\u011f\u0131 bir s\u00f6yle\u015fi yer al\u0131yor.  \u201cE\u015fikler\u201d, izleyiciyi  zamanda yolculu\u011fa \u00e7\u0131kararak d\u00fcnyan\u0131n ilk foto\u011fraf sergisine g\u00f6t\u00fcr\u00fcyor. \u0130ngiliz bilim adam\u0131 William Henry Fox Talbot\u2019\u0131n 1839 y\u0131l\u0131nda Birmingham\u2019daki King Edward\u2019s School\u2019da a\u00e7t\u0131\u011f\u0131 d\u00fcnyan\u0131n ilk foto\u011fraf bask\u0131 sergisinin kap\u0131lar\u0131n\u0131 aral\u0131yor. Ziyaret\u00e7iler bu kap\u0131dan dijital ve \u00fc\u00e7 boyutlu olarak in\u015fa edilmi\u015f bir mek\u00e2na ad\u0131m at\u0131yorlar. Mek\u00e2nda serbest\u00e7e geziniyorlar; dijital ortamda in\u015fa edilmi\u015f vitrinlere, e\u015fyalara, y\u00fczeylere dokunuyorlar. Hatta yanmakta olan \u015f\u00f6minenin yayd\u0131\u011f\u0131 kokuyu ve \u0131s\u0131y\u0131 hissediyorlar. Collishaw, 1839\u2019daki serginin a\u00e7\u0131ld\u0131\u011f\u0131 s\u0131rada ayaklanan i\u015f\u00e7i \u00f6rg\u00fct\u00fc \u00c7artistler\u2019in seslerini ve g\u00f6r\u00fcnt\u00fclerini de sergiye ta\u015f\u0131yor. Serginin en ho\u015f s\u00fcrprizlerinden biri ise k\u0131z\u0131l\u00f6tesi sens\u00f6rlerin ziyaret\u00e7ilerin g\u00f6r\u00fcnt\u00fcleri \u00fczerinde oynad\u0131\u011f\u0131 oyunlar. 1980\u2019lerin sonlar\u0131nda birlikte a\u00e7t\u0131klar\u0131 sergilerle d\u00fcnyay\u0131 sarsan ve kendilerinden sonra gelen ku\u015faklar\u0131 derinden etkileyen Young British Artists (Gen\u00e7 Britanyal\u0131 Sanat\u00e7\u0131lar) toplulu\u011funun \u00f6nemli bir \u00fcyesi olan Collishaw, 1988\u2019de kat\u0131ld\u0131\u011f\u0131 \u201cFreeze\u201d sergisi ve 1990\u2019da a\u00e7t\u0131\u011f\u0131 ilk ki\u015fisel sergisinden beri \u00e7a\u011fda\u015f  sanat sahnesinin en etkileyici fig\u00fcrlerinden biri olarak an\u0131l\u0131yor. <\/p>\n","protected":false},"excerpt":{"rendered":"<p>Zamanda Yolculu\u011fa \u00c7\u0131kmaya Haz\u0131r m\u0131s\u0131n\u0131z? Mat Collishaw\u2019dan Bir Sanal Ger\u00e7eklik Sergisi Yap\u0131 Kredi K\u00fclt\u00fcr Sanat, 16 May\u0131s &#8211; 29 Temmuz 2018 tarihleri aras\u0131nda d\u00fcnyaca \u00fcnl\u00fc sanat\u00e7\u0131<span class=\"excerpt-hellip\"> [\u2026]<\/span><\/p>\n","protected":false},"featured_media":0,"template":"","meta":{"_monsterinsights_skip_tracking":false,"_monsterinsights_sitenote_active":false,"_monsterinsights_sitenote_note":"","_monsterinsights_sitenote_category":0},"product_brand":[],"product_cat":[12567,12566],"product_tag":[],"class_list":{"0":"post-713701","1":"product","2":"type-product","3":"status-publish","5":"product_cat-diger-egitim","6":"product_cat-egitim","7":"pa_cilt-ciltsiz","8":"pa_tur-kitap","9":"pa_yayinevi-yapi-kredi-yayinlari-sanat","10":"pa_yazar-mat-collishaw","12":"first","13":"instock","14":"sale","15":"shipping-taxable","16":"purchasable","17":"product-type-simple"},"_links":{"self":[{"href":"https:\/\/roveyayinevi.com.tr\/index.php\/wp-json\/wp\/v2\/product\/713701","targetHints":{"allow":["GET"]}}],"collection":[{"href":"https:\/\/roveyayinevi.com.tr\/index.php\/wp-json\/wp\/v2\/product"}],"about":[{"href":"https:\/\/roveyayinevi.com.tr\/index.php\/wp-json\/wp\/v2\/types\/product"}],"wp:attachment":[{"href":"https:\/\/roveyayinevi.com.tr\/index.php\/wp-json\/wp\/v2\/media?parent=713701"}],"wp:term":[{"taxonomy":"product_brand","embeddable":true,"href":"https:\/\/roveyayinevi.com.tr\/index.php\/wp-json\/wp\/v2\/product_brand?post=713701"},{"taxonomy":"product_cat","embeddable":true,"href":"https:\/\/roveyayinevi.com.tr\/index.php\/wp-json\/wp\/v2\/product_cat?post=713701"},{"taxonomy":"product_tag","embeddable":true,"href":"https:\/\/roveyayinevi.com.tr\/index.php\/wp-json\/wp\/v2\/product_tag?post=713701"}],"curies":[{"name":"wp","href":"https:\/\/api.w.org\/{rel}","templated":true}]}}