{"id":713696,"date":"2025-08-27T17:10:13","date_gmt":"2025-08-27T14:10:13","guid":{"rendered":"https:\/\/roveyayinevi.com.tr\/index.php\/urun\/shirley-verrete-agit\/"},"modified":"2026-04-16T02:22:18","modified_gmt":"2026-04-15T23:22:18","slug":"shirley-verrete-agit","status":"publish","type":"product","link":"https:\/\/roveyayinevi.com.tr\/index.php\/urun\/shirley-verrete-agit\/","title":{"rendered":"Shirley Verret\u2019e A\u011f\u0131t"},"content":{"rendered":"<p>\u201d Hi\u00e7 yaln\u0131z y\u00fcr\u00fcmedim\u201d Okunmam\u0131\u015ft\u0131r T\u00fcrk\u00e7e \u00c7ok\u00e7a \u00e7apk\u0131nl\u0131\u011f\u0131 \u00e7a\u011fr\u0131\u015ft\u0131rsa da O kad\u0131n bana sad\u0131k kalm\u0131\u015ft\u0131r Kesin olan; Shirley siyah ve gizemli bir sesin sahibidir K\u00fcrt\u00e7eye \u00e7evrilmemi\u015ftir ya\u015fam\u0131 Bir dil daha ya\u015fayamadan Yetmi\u015f dokuz ya\u015f\u0131nda \u00f6lm\u00fc\u015ft\u00fcr Life is beautiful Ceyhan g\u00fczeldir Seyhan g\u00fczel Madam, madem terk edecektiniz d\u00fcnyay\u0131 Neden \u00f6pt\u00fcn\u00fcz sesinizle? Beni de \u00f6p\u00fcn, terk edin sonra Teninizin rengi bula\u015fs\u0131n kaderime Esmerli\u011fimin bir manas\u0131 olmal\u0131 Bu sebepten terk etmeyelim \u015fehirleri Bug\u00fcn Adana\u2019dayd\u0131m Belki yar\u0131n Konya ya da \u0130yonya <\/p>\n","protected":false},"excerpt":{"rendered":"<p>\u201d Hi\u00e7 yaln\u0131z y\u00fcr\u00fcmedim\u201d Okunmam\u0131\u015ft\u0131r T\u00fcrk\u00e7e \u00c7ok\u00e7a \u00e7apk\u0131nl\u0131\u011f\u0131 \u00e7a\u011fr\u0131\u015ft\u0131rsa da O kad\u0131n bana sad\u0131k kalm\u0131\u015ft\u0131r Kesin olan; Shirley siyah ve gizemli bir sesin sahibidir K\u00fcrt\u00e7eye \u00e7evrilmemi\u015ftir<span class=\"excerpt-hellip\"> [\u2026]<\/span><\/p>\n","protected":false},"featured_media":0,"template":"","meta":{"_monsterinsights_skip_tracking":false,"_monsterinsights_sitenote_active":false,"_monsterinsights_sitenote_note":"","_monsterinsights_sitenote_category":0},"product_brand":[],"product_cat":[12291,12509],"product_tag":[],"class_list":{"0":"post-713696","1":"product","2":"type-product","3":"status-publish","5":"product_cat-edebiyat","6":"product_cat-siir","7":"pa_cilt-ciltsiz","8":"pa_tur-kitap","9":"pa_yayinevi-peron-kitap","10":"pa_yazar-huseyin-emre","12":"first","13":"instock","14":"sale","15":"shipping-taxable","16":"purchasable","17":"product-type-simple"},"_links":{"self":[{"href":"https:\/\/roveyayinevi.com.tr\/index.php\/wp-json\/wp\/v2\/product\/713696","targetHints":{"allow":["GET"]}}],"collection":[{"href":"https:\/\/roveyayinevi.com.tr\/index.php\/wp-json\/wp\/v2\/product"}],"about":[{"href":"https:\/\/roveyayinevi.com.tr\/index.php\/wp-json\/wp\/v2\/types\/product"}],"wp:attachment":[{"href":"https:\/\/roveyayinevi.com.tr\/index.php\/wp-json\/wp\/v2\/media?parent=713696"}],"wp:term":[{"taxonomy":"product_brand","embeddable":true,"href":"https:\/\/roveyayinevi.com.tr\/index.php\/wp-json\/wp\/v2\/product_brand?post=713696"},{"taxonomy":"product_cat","embeddable":true,"href":"https:\/\/roveyayinevi.com.tr\/index.php\/wp-json\/wp\/v2\/product_cat?post=713696"},{"taxonomy":"product_tag","embeddable":true,"href":"https:\/\/roveyayinevi.com.tr\/index.php\/wp-json\/wp\/v2\/product_tag?post=713696"}],"curies":[{"name":"wp","href":"https:\/\/api.w.org\/{rel}","templated":true}]}}