{"id":713693,"date":"2025-08-27T17:10:11","date_gmt":"2025-08-27T14:10:11","guid":{"rendered":"https:\/\/roveyayinevi.com.tr\/index.php\/urun\/bana-benzer-bir-baska-aylaklik-secilmis-siirler\/"},"modified":"2026-04-08T02:29:06","modified_gmt":"2026-04-07T23:29:06","slug":"bana-benzer-bir-baska-aylaklik-secilmis-siirler","status":"publish","type":"product","link":"https:\/\/roveyayinevi.com.tr\/index.php\/urun\/bana-benzer-bir-baska-aylaklik-secilmis-siirler\/","title":{"rendered":"Bana Benzer Bir Ba\u015fka Aylakl\u0131k Se\u00e7ilmi\u015f \u015eiirler"},"content":{"rendered":"<p>Samuel Beckett (1906-1989) Ge\u00e7ti\u011fimiz y\u00fczy\u0131l\u0131n b\u00fcy\u00fck edebiyat belle\u011fi en parlak, en karma\u015f\u0131k, en verimli sayfalar\u0131ndan baz\u0131lar\u0131n\u0131 Beckett\u2019e ay\u0131rd\u0131. \u00d6nemli b\u00f6l\u00fcm\u00fc T\u00fcrk\u00e7eye aktar\u0131lm\u0131\u015f olan Beckett k\u00fct\u00fcphanesinin g\u00f6r\u00fcnmeyen raf\u0131n\u0131, onun bir \u201ckaz\u0131 alan\u0131\u201dna benzeyen \u015fiir d\u00fcnyas\u0131 olu\u015fturur. \u015eairBeckett, yery\u00fcz\u00fc tabakalar\u0131n\u0131n aras\u0131nda kendi \u00f6znel \u015fiirinin \u201ckaz\u0131\u201ds\u0131n\u0131 yapm\u0131\u015f, buldu\u011fu \u201ceksik\u201d malzemeyi \u2013kemikleri, \u00e7\u00f6keltileri, m\u0131r\u0131lt\u0131lar\u0131, \u0131sl\u0131klar\u0131\u2013 daha da eksilterek de\u011ferlendirmi\u015f, yorumlam\u0131\u015f ve okura sunmu\u015ftur. Bulunup var edilmesi kadar titizlik ve sab\u0131r gerektiren bu raf\u0131n g\u00f6r\u00fcn\u00fcr k\u0131l\u0131nmas\u0131 \u00f6nemlidir. Zira Beckett okuru bu kitapta, yazar\u0131n \u201cs\u00fcrekli fakirle\u015fmek, bilgisizle\u015fmek, bir \u015feyler eklemek yerine, s\u00fcrekli azaltmak\u201d olan yaz\u0131nsal tutumunun nedenini somut olarak g\u00f6rebilecektir: \u015eiir: Sessizli\u011fe ve kaybetmeye i\u00e7kin bu tutum daima \u015fiirin tutumu olmu\u015ftur. <\/p>\n","protected":false},"excerpt":{"rendered":"<p>Samuel Beckett (1906-1989) Ge\u00e7ti\u011fimiz y\u00fczy\u0131l\u0131n b\u00fcy\u00fck edebiyat belle\u011fi en parlak, en karma\u015f\u0131k, en verimli sayfalar\u0131ndan baz\u0131lar\u0131n\u0131 Beckett\u2019e ay\u0131rd\u0131. \u00d6nemli b\u00f6l\u00fcm\u00fc T\u00fcrk\u00e7eye aktar\u0131lm\u0131\u015f olan Beckett k\u00fct\u00fcphanesinin g\u00f6r\u00fcnmeyen<span class=\"excerpt-hellip\"> [\u2026]<\/span><\/p>\n","protected":false},"featured_media":0,"template":"","meta":{"_monsterinsights_skip_tracking":false,"_monsterinsights_sitenote_active":false,"_monsterinsights_sitenote_note":"","_monsterinsights_sitenote_category":0},"product_brand":[],"product_cat":[12291,12509],"product_tag":[],"class_list":{"0":"post-713693","1":"product","2":"type-product","3":"status-publish","5":"product_cat-edebiyat","6":"product_cat-siir","7":"pa_cilt-ciltsiz","8":"pa_tur-kitap","9":"pa_yayinevi-ayrinti-yayinlari","10":"pa_yazar-samuel-beckett","12":"first","13":"instock","14":"sale","15":"shipping-taxable","16":"purchasable","17":"product-type-simple"},"_links":{"self":[{"href":"https:\/\/roveyayinevi.com.tr\/index.php\/wp-json\/wp\/v2\/product\/713693","targetHints":{"allow":["GET"]}}],"collection":[{"href":"https:\/\/roveyayinevi.com.tr\/index.php\/wp-json\/wp\/v2\/product"}],"about":[{"href":"https:\/\/roveyayinevi.com.tr\/index.php\/wp-json\/wp\/v2\/types\/product"}],"wp:attachment":[{"href":"https:\/\/roveyayinevi.com.tr\/index.php\/wp-json\/wp\/v2\/media?parent=713693"}],"wp:term":[{"taxonomy":"product_brand","embeddable":true,"href":"https:\/\/roveyayinevi.com.tr\/index.php\/wp-json\/wp\/v2\/product_brand?post=713693"},{"taxonomy":"product_cat","embeddable":true,"href":"https:\/\/roveyayinevi.com.tr\/index.php\/wp-json\/wp\/v2\/product_cat?post=713693"},{"taxonomy":"product_tag","embeddable":true,"href":"https:\/\/roveyayinevi.com.tr\/index.php\/wp-json\/wp\/v2\/product_tag?post=713693"}],"curies":[{"name":"wp","href":"https:\/\/api.w.org\/{rel}","templated":true}]}}