{"id":713692,"date":"2025-08-27T17:10:10","date_gmt":"2025-08-27T14:10:10","guid":{"rendered":"https:\/\/roveyayinevi.com.tr\/index.php\/urun\/sarayin-bozkurtlari\/"},"modified":"2026-04-16T02:22:18","modified_gmt":"2026-04-15T23:22:18","slug":"sarayin-bozkurtlari","status":"publish","type":"product","link":"https:\/\/roveyayinevi.com.tr\/index.php\/urun\/sarayin-bozkurtlari\/","title":{"rendered":"Saray\u0131n Bozkurtlar\u0131"},"content":{"rendered":"<p>Gazeteci-yazar Sabahattin \u00d6nkibar son \u00e7al\u0131\u015fmas\u0131 \u201cSaray\u0131n Bozkurtlar\u0131\u201dnda, se\u00e7im s\u00fcrecine giren T\u00fcrkiye\u2019de \u00fclk\u00fcc\u00fc harekete ve MHP Genel Ba\u015fkan\u0131 Devlet Bah\u00e7eli\u2019ye dair an\u0131, izlenim ve g\u00f6zlemlerini aktar\u0131yor.  \u00d6nceki kitab\u0131 \u201cDevlet Bah\u00e7eli ve \u00dclk\u00fcc\u00fcler Hakk\u0131nda Her \u015eey\u201din toplat\u0131lma ser\u00fcvenine de de\u011finen \u00d6nkibar, kitab\u0131nda \u00fclk\u00fcc\u00fc camian\u0131n \u00f6nde gelen isimlerinin tan\u0131kl\u0131klar\u0131na da geni\u015f yer veriyor, \u00fclk\u00fcc\u00fc harekete i\u00e7eriden ve objektif bir bak\u0131\u015f ger\u00e7ekle\u015ftiriyor. 12 Eyl\u00fcl \u00f6ncesi ve sonras\u0131 \u00fclk\u00fcc\u00fcleri ile \u0130stanbul ve Anadolu \u00fclk\u00fcc\u00fcleri aras\u0131ndaki k\u0131yaslamalar, kitab\u0131n en ilgin\u00e7 b\u00f6l\u00fcmleri aras\u0131nda.  Devlet Bah\u00e7eli\u2019nin ba\u015fbakanl\u0131k ve cumhurba\u015fkanl\u0131\u011f\u0131 tekliflerini neden geri \u00e7evirdi\u011fini, g\u00fcven eksikli\u011fi olup olmad\u0131\u011f\u0131n\u0131, ele\u015ftiriler kar\u015f\u0131s\u0131ndaki tepkilerini ve nas\u0131l milletvekili se\u00e7ildi\u011fini de anlatan \u00d6nkibar, Bah\u00e7eli\u2019nin bir zamanlar sert ele\u015ftiriler y\u00f6neltti\u011fi AKP ve Recep Tayyip Erdo\u011fan\u2019la i\u015fbirli\u011fi d\u00f6nemini de sorguluyor.  \u0130Y\u0130 Parti ve Meral Ak\u015fener\u2019in siyaset sahnesine \u00e7\u0131k\u0131\u015f\u0131yla birlikte \u00fclk\u00fcc\u00fclerin tam ortadan ikiye b\u00f6l\u00fcn\u00fc\u015f\u00fcn\u00fc de birinci a\u011f\u0131zdan aktar\u0131mlarla sergileyen \u201cSaray\u0131n Bozkurtlar\u0131\u201d, g\u00fcncel siyasi geli\u015fmelere \u0131\u015f\u0131k tutan, siyasi tarihimizde derin izler b\u0131rakacak, \u00e7ok tart\u0131\u015f\u0131lacak ve kendinden \u00e7ok s\u00f6z ettirecek bir kitap. <\/p>\n","protected":false},"excerpt":{"rendered":"<p>Gazeteci-yazar Sabahattin \u00d6nkibar son \u00e7al\u0131\u015fmas\u0131 \u201cSaray\u0131n Bozkurtlar\u0131\u201dnda, se\u00e7im s\u00fcrecine giren T\u00fcrkiye\u2019de \u00fclk\u00fcc\u00fc harekete ve MHP Genel Ba\u015fkan\u0131 Devlet Bah\u00e7eli\u2019ye dair an\u0131, izlenim ve g\u00f6zlemlerini aktar\u0131yor. \u00d6nceki<span class=\"excerpt-hellip\"> [\u2026]<\/span><\/p>\n","protected":false},"featured_media":0,"template":"","meta":{"_monsterinsights_skip_tracking":false,"_monsterinsights_sitenote_active":false,"_monsterinsights_sitenote_note":"","_monsterinsights_sitenote_category":0},"product_brand":[],"product_cat":[13590,12337],"product_tag":[],"class_list":{"0":"post-713692","1":"product","2":"type-product","3":"status-publish","5":"product_cat-arastirma-inceleme-politika-siyaset","6":"product_cat-politika-siyaset","7":"pa_cilt-ciltsiz","8":"pa_tur-kitap","9":"pa_yayinevi-kaynak-yayinlari","10":"pa_yazar-sabahattin-onkibar","12":"first","13":"instock","14":"sale","15":"shipping-taxable","16":"purchasable","17":"product-type-simple"},"_links":{"self":[{"href":"https:\/\/roveyayinevi.com.tr\/index.php\/wp-json\/wp\/v2\/product\/713692","targetHints":{"allow":["GET"]}}],"collection":[{"href":"https:\/\/roveyayinevi.com.tr\/index.php\/wp-json\/wp\/v2\/product"}],"about":[{"href":"https:\/\/roveyayinevi.com.tr\/index.php\/wp-json\/wp\/v2\/types\/product"}],"wp:attachment":[{"href":"https:\/\/roveyayinevi.com.tr\/index.php\/wp-json\/wp\/v2\/media?parent=713692"}],"wp:term":[{"taxonomy":"product_brand","embeddable":true,"href":"https:\/\/roveyayinevi.com.tr\/index.php\/wp-json\/wp\/v2\/product_brand?post=713692"},{"taxonomy":"product_cat","embeddable":true,"href":"https:\/\/roveyayinevi.com.tr\/index.php\/wp-json\/wp\/v2\/product_cat?post=713692"},{"taxonomy":"product_tag","embeddable":true,"href":"https:\/\/roveyayinevi.com.tr\/index.php\/wp-json\/wp\/v2\/product_tag?post=713692"}],"curies":[{"name":"wp","href":"https:\/\/api.w.org\/{rel}","templated":true}]}}